CRAN Package Check Results for Package varEst

Last updated on 2022-12-03 23:01:43 CET.

Flavor Version Tinstall Tcheck Ttotal Status Flags
r-devel-linux-x86_64-debian-clang 0.1.0 17.68 144.22 161.90 NOTE
r-devel-linux-x86_64-debian-gcc 0.1.0 13.54 107.83 121.37 NOTE
r-devel-linux-x86_64-fedora-clang 0.1.0 211.02 NOTE
r-devel-linux-x86_64-fedora-gcc 0.1.0 202.29 NOTE
r-devel-windows-x86_64 0.1.0 20.00 161.00 181.00 NOTE
r-patched-linux-x86_64 0.1.0 14.43 132.94 147.37 NOTE
r-release-linux-x86_64 0.1.0 13.00 138.25 151.25 NOTE
r-release-macos-arm64 0.1.0 53.00 NOTE
r-release-macos-x86_64 0.1.0 101.00 NOTE
r-release-windows-x86_64 0.1.0 21.00 165.00 186.00 NOTE
r-oldrel-macos-arm64 0.1.0 49.00 NOTE
r-oldrel-macos-x86_64 0.1.0 100.00 NOTE
r-oldrel-windows-ix86+x86_64 0.1.0 37.00 153.00 190.00 NOTE

Check Details

Version: 0.1.0
Check: LazyData
Result: NOTE
     'LazyData' is specified without a 'data' directory
Flavors: r-devel-linux-x86_64-debian-clang, r-devel-linux-x86_64-debian-gcc, r-devel-linux-x86_64-fedora-clang, r-devel-linux-x86_64-fedora-gcc, r-devel-windows-x86_64, r-patched-linux-x86_64, r-release-linux-x86_64, r-release-macos-arm64, r-release-macos-x86_64, r-release-windows-x86_64, r-oldrel-macos-arm64, r-oldrel-macos-x86_64, r-oldrel-windows-ix86+x86_64