Last updated on 2025-11-03 21:50:40 CET.
| Flavor | Version | Tinstall | Tcheck | Ttotal | Status | Flags |
|---|---|---|---|---|---|---|
| r-devel-linux-x86_64-debian-clang | 1.2.1 | 4.16 | 36.53 | 40.69 | NOTE | |
| r-devel-linux-x86_64-debian-gcc | 1.2.1 | 2.96 | 27.96 | 30.92 | NOTE | |
| r-devel-linux-x86_64-fedora-clang | 1.2.1 | 60.84 | NOTE | |||
| r-devel-linux-x86_64-fedora-gcc | 1.2.1 | 57.44 | NOTE | |||
| r-devel-windows-x86_64 | 1.2.1 | 6.00 | 54.00 | 60.00 | NOTE | |
| r-patched-linux-x86_64 | 1.2.1 | 4.13 | 34.33 | 38.46 | NOTE | |
| r-release-linux-x86_64 | 1.2.1 | 3.24 | 34.35 | 37.59 | NOTE | |
| r-release-macos-arm64 | 1.2.1 | 2.00 | 22.00 | 24.00 | NOTE | |
| r-release-macos-x86_64 | 1.2.1 | 3.00 | 34.00 | 37.00 | NOTE | |
| r-release-windows-x86_64 | 1.2.1 | 6.00 | 54.00 | 60.00 | NOTE | |
| r-oldrel-macos-arm64 | 1.2.1 | 2.00 | 19.00 | 21.00 | NOTE | |
| r-oldrel-macos-x86_64 | 1.2.1 | 3.00 | 29.00 | 32.00 | NOTE | |
| r-oldrel-windows-x86_64 | 1.2.1 | 8.00 | 65.00 | 73.00 | NOTE |
Version: 1.2.1
Check: Rd files
Result: NOTE
checkRd: (-1) sendTasks.Rd:41: Lost braces in \itemize; \value handles \item{}{} directly
checkRd: (-1) sendTasks.Rd:43: Lost braces in \itemize; \value handles \item{}{} directly
Flavors: r-devel-linux-x86_64-debian-clang, r-devel-linux-x86_64-debian-gcc, r-devel-linux-x86_64-fedora-clang, r-devel-linux-x86_64-fedora-gcc, r-devel-windows-x86_64, r-patched-linux-x86_64, r-release-linux-x86_64, r-release-macos-arm64, r-release-macos-x86_64, r-release-windows-x86_64, r-oldrel-macos-arm64, r-oldrel-macos-x86_64, r-oldrel-windows-x86_64