Last updated on 2025-02-06 19:49:38 CET.
Flavor | Version | Tinstall | Tcheck | Ttotal | Status | Flags |
---|---|---|---|---|---|---|
r-devel-linux-x86_64-debian-clang | 1.0.4 | 2.04 | 18.29 | 20.33 | OK | |
r-devel-linux-x86_64-debian-gcc | 1.0.4 | 1.84 | 14.70 | 16.54 | OK | |
r-devel-linux-x86_64-fedora-clang | 1.0.4 | 34.67 | OK | |||
r-devel-linux-x86_64-fedora-gcc | 1.0.4 | 34.92 | OK | |||
r-devel-windows-x86_64 | 1.0.4 | 4.00 | 48.00 | 52.00 | OK | |
r-patched-linux-x86_64 | 1.0.4 | 2.26 | 17.59 | 19.85 | NOTE | |
r-release-linux-x86_64 | 1.0.4 | 2.31 | 17.69 | 20.00 | NOTE | |
r-release-macos-arm64 | 1.0.4 | 15.00 | NOTE | |||
r-release-macos-x86_64 | 1.0.4 | 21.00 | NOTE | |||
r-release-windows-x86_64 | 1.0.4 | 3.00 | 44.00 | 47.00 | NOTE | |
r-oldrel-macos-arm64 | 1.0.4 | 20.00 | NOTE | |||
r-oldrel-macos-x86_64 | 1.0.4 | 23.00 | NOTE | |||
r-oldrel-windows-x86_64 | 1.0.4 | 3.00 | 46.00 | 49.00 | NOTE |
Version: 1.0.4
Check: package dependencies
Result: NOTE
Packages suggested but not available for checking: 'vaers', 'vaersND'
Flavors: r-patched-linux-x86_64, r-release-linux-x86_64, r-release-macos-arm64, r-release-macos-x86_64, r-release-windows-x86_64, r-oldrel-macos-arm64, r-oldrel-macos-x86_64, r-oldrel-windows-x86_64