Last updated on 2024-03-28 19:48:49 CET.
Flavor | Version | Tinstall | Tcheck | Ttotal | Status | Flags |
---|---|---|---|---|---|---|
r-devel-linux-x86_64-debian-clang | 1.2.1 | 7.82 | 94.30 | 102.12 | OK | |
r-devel-linux-x86_64-debian-gcc | 1.2.1 | 8.45 | 69.62 | 78.07 | OK | |
r-devel-linux-x86_64-fedora-clang | 1.2.1 | 127.70 | NOTE | |||
r-devel-linux-x86_64-fedora-gcc | 1.2.1 | 121.72 | NOTE | |||
r-devel-windows-x86_64 | 1.2.1 | 10.00 | 91.00 | 101.00 | OK | |
r-patched-linux-x86_64 | 1.2.1 | 9.56 | 89.03 | 98.59 | OK | |
r-release-linux-x86_64 | 1.2.1 | 8.48 | 88.99 | 97.47 | OK | |
r-release-macos-arm64 | 1.2.1 | 45.00 | OK | |||
r-release-macos-x86_64 | 1.2.1 | 70.00 | OK | |||
r-release-windows-x86_64 | 1.2.1 | 13.00 | 109.00 | 122.00 | OK | |
r-oldrel-macos-arm64 | 1.2.1 | 44.00 | OK | |||
r-oldrel-windows-x86_64 | 1.2.1 | 14.00 | 109.00 | 123.00 | OK |
Version: 1.2.1
Check: dependencies in R code
Result: NOTE
Namespaces in Imports field not imported from:
‘DT’ ‘maps’ ‘readr’
All declared Imports should be used.
Flavors: r-devel-linux-x86_64-fedora-clang, r-devel-linux-x86_64-fedora-gcc