Last updated on 2025-02-06 19:49:39 CET.
Flavor | Version | Tinstall | Tcheck | Ttotal | Status | Flags |
---|---|---|---|---|---|---|
r-devel-linux-x86_64-debian-clang | 2.0.1 | 7.52 | 79.51 | 87.03 | OK | |
r-devel-linux-x86_64-debian-gcc | 2.0.1 | 5.58 | 55.86 | 61.44 | OK | |
r-devel-linux-x86_64-fedora-clang | 2.0.1 | 137.36 | NOTE | |||
r-devel-linux-x86_64-fedora-gcc | 2.0.1 | 138.08 | NOTE | |||
r-devel-windows-x86_64 | 2.0.1 | 12.00 | 91.00 | 103.00 | OK | |
r-patched-linux-x86_64 | 2.0.1 | 7.93 | 73.53 | 81.46 | OK | |
r-release-linux-x86_64 | 2.0.1 | 6.83 | 70.29 | 77.12 | OK | |
r-release-macos-arm64 | 2.0.1 | 40.00 | OK | |||
r-release-macos-x86_64 | 2.0.1 | 54.00 | OK | |||
r-release-windows-x86_64 | 2.0.1 | 10.00 | 91.00 | 101.00 | OK | |
r-oldrel-macos-arm64 | 2.0.1 | 46.00 | OK | |||
r-oldrel-macos-x86_64 | 2.0.1 | 59.00 | OK | |||
r-oldrel-windows-x86_64 | 2.0.1 | 13.00 | 110.00 | 123.00 | OK |
Version: 2.0.1
Check: dependencies in R code
Result: NOTE
Namespace in Imports field not imported from: ‘maps’
All declared Imports should be used.
Flavors: r-devel-linux-x86_64-fedora-clang, r-devel-linux-x86_64-fedora-gcc