Last updated on 2023-06-08 21:52:22 CEST.
Flavor | Version | Tinstall | Tcheck | Ttotal | Status | Flags |
---|---|---|---|---|---|---|
r-devel-linux-x86_64-debian-clang | 0.3.0 | 13.32 | 118.00 | 131.32 | OK | |
r-devel-linux-x86_64-debian-gcc | 0.3.0 | 11.45 | 88.49 | 99.94 | OK | |
r-devel-linux-x86_64-fedora-clang | 0.3.0 | 161.05 | NOTE | |||
r-devel-linux-x86_64-fedora-gcc | 0.3.0 | 153.46 | NOTE | |||
r-devel-windows-x86_64 | 0.3.0 | 12.00 | 102.00 | 114.00 | OK | |
r-patched-linux-x86_64 | 0.3.0 | 11.51 | 109.66 | 121.17 | OK | |
r-release-linux-x86_64 | 0.3.0 | 8.89 | 111.10 | 119.99 | OK | |
r-release-macos-arm64 | 0.3.0 | 50.00 | OK | |||
r-release-macos-x86_64 | 0.3.0 | 77.00 | OK | |||
r-release-windows-x86_64 | 0.3.0 | 16.00 | 123.00 | 139.00 | OK | |
r-oldrel-macos-arm64 | 0.3.0 | 44.00 | NOTE | |||
r-oldrel-macos-x86_64 | 0.3.0 | 75.00 | NOTE | |||
r-oldrel-windows-x86_64 | 0.3.0 | 17.00 | 129.00 | 146.00 | OK |
Version: 0.3.0
Check: dependencies in R code
Result: NOTE
Namespace in Imports field not imported from: ‘rio’
All declared Imports should be used.
Flavors: r-devel-linux-x86_64-fedora-clang, r-devel-linux-x86_64-fedora-gcc, r-oldrel-macos-arm64, r-oldrel-macos-x86_64