Last updated on 2025-11-23 20:49:06 CET.
| Flavor | Version | Tinstall | Tcheck | Ttotal | Status | Flags |
|---|---|---|---|---|---|---|
| r-devel-linux-x86_64-debian-clang | 1.4.6 | 6.93 | 77.35 | 84.28 | NOTE | |
| r-devel-linux-x86_64-debian-gcc | 1.4.7 | 4.88 | 52.53 | 57.41 | OK | |
| r-devel-linux-x86_64-fedora-clang | 1.4.7 | 49.00 | 89.32 | 138.32 | OK | |
| r-devel-linux-x86_64-fedora-gcc | 1.4.7 | 22.00 | 101.25 | 123.25 | OK | |
| r-devel-windows-x86_64 | 1.4.6 | 9.00 | 101.00 | 110.00 | NOTE | |
| r-patched-linux-x86_64 | 1.4.6 | 9.32 | 69.40 | 78.72 | OK | |
| r-release-linux-x86_64 | 1.4.7 | 7.04 | 68.23 | 75.27 | OK | |
| r-release-macos-arm64 | 1.4.7 | 2.00 | 17.00 | 19.00 | OK | |
| r-release-macos-x86_64 | 1.4.7 | 6.00 | 81.00 | 87.00 | OK | |
| r-release-windows-x86_64 | 1.4.6 | 9.00 | 101.00 | 110.00 | OK | |
| r-oldrel-macos-arm64 | 1.4.7 | 2.00 | 22.00 | 24.00 | OK | |
| r-oldrel-macos-x86_64 | 1.4.7 | 9.00 | 86.00 | 95.00 | OK | |
| r-oldrel-windows-x86_64 | 1.4.6 | 9.00 | 99.00 | 108.00 | OK |
Version: 1.4.6
Check: CRAN incoming feasibility
Result: NOTE
Maintainer: ‘Peter Reichert <peter.reichert@emeriti.eawag.ch>’
No Authors@R field in DESCRIPTION.
Please add one, modifying
Authors@R: c(person(given = c("Peter", "Reichert", "with", "contributions", "by", "Nele", "Schuwirth"),
family = "<nele.schuwirth@eawag.ch>",
role = "aut",
email = "nele.schuwirth@eawag.ch"),
person(given = "Peter",
family = "Reichert",
role = "cre",
email = "peter.reichert@emeriti.eawag.ch"))
as necessary.
Found the following \keyword or \concept entries
which likely give several index terms:
File ‘utility-package.Rd’:
\keyword{decision analysis; objectives hierarchy; [TRUNCATED]
Flavor: r-devel-linux-x86_64-debian-clang
Version: 1.4.6
Check: Rd files
Result: NOTE
checkRd: (-1) utility.aggregate.add.Rd:38: height/width attributes should be in pixels
checkRd: (-1) utility.aggregate.addmin.Rd:47: height/width attributes should be in pixels
checkRd: (-1) utility.aggregate.addpower.Rd:36: height/width attributes should be in pixels
checkRd: (-1) utility.aggregate.addsplitpower.Rd:39: height/width attributes should be in pixels
checkRd: (-1) utility.aggregate.bonusmalus.Rd:53: height/width attributes should be in pixels
checkRd: (-1) utility.aggregate.cobbdouglas.Rd:37: height/width attributes should be in pixels
checkRd: (-1) utility.aggregate.geo.Rd:37: height/width attributes should be in pixels
checkRd: (-1) utility.aggregate.geooff.Rd:41: height/width attributes should be in pixels
checkRd: (-1) utility.aggregate.harmo.Rd:37: height/width attributes should be in pixels
checkRd: (-1) utility.aggregate.harmooff.Rd:41: height/width attributes should be in pixels
checkRd: (-1) utility.aggregate.max.Rd:31: height/width attributes should be in pixels
checkRd: (-1) utility.aggregate.min.Rd:31: height/width attributes should be in pixels
checkRd: (-1) utility.aggregate.mix.Rd:42: height/width attributes should be in pixels
checkRd: (-1) utility.aggregate.mult.Rd:36: height/width attributes should be in pixels
checkRd: (-1) utility.aggregate.revaddpower.Rd:36: height/width attributes should be in pixels
checkRd: (-1) utility.aggregate.revaddsplitpower.Rd:39: height/width attributes should be in pixels
checkRd: (-1) utility.aggregate.revgeo.Rd:38: height/width attributes should be in pixels
checkRd: (-1) utility.aggregate.revgeooff.Rd:39: height/width attributes should be in pixels
checkRd: (-1) utility.aggregate.revharmo.Rd:38: height/width attributes should be in pixels
checkRd: (-1) utility.aggregate.revharmooff.Rd:39: height/width attributes should be in pixels
Flavors: r-devel-linux-x86_64-debian-clang, r-devel-windows-x86_64