Last updated on 2025-10-30 19:53:41 CET.
| Flavor | Version | Tinstall | Tcheck | Ttotal | Status | Flags | 
|---|---|---|---|---|---|---|
| r-devel-linux-x86_64-debian-clang | 0.3.0 | 2.19 | 29.19 | 31.38 | NOTE | |
| r-devel-linux-x86_64-debian-gcc | 0.3.0 | 1.69 | 22.77 | 24.46 | NOTE | |
| r-devel-linux-x86_64-fedora-clang | 0.3.0 | 46.54 | NOTE | |||
| r-devel-linux-x86_64-fedora-gcc | 0.3.0 | 42.88 | NOTE | |||
| r-devel-windows-x86_64 | 0.3.0 | 3.00 | 49.00 | 52.00 | NOTE | |
| r-patched-linux-x86_64 | 0.3.0 | 2.42 | 26.54 | 28.96 | NOTE | |
| r-release-linux-x86_64 | 0.3.0 | 2.04 | 26.95 | 28.99 | NOTE | |
| r-release-macos-arm64 | 0.3.0 | 1.00 | 22.00 | 23.00 | NOTE | |
| r-release-macos-x86_64 | 0.3.0 | 2.00 | 27.00 | 29.00 | NOTE | |
| r-release-windows-x86_64 | 0.3.0 | 4.00 | 51.00 | 55.00 | NOTE | |
| r-oldrel-macos-arm64 | 0.3.0 | 1.00 | 17.00 | 18.00 | OK | |
| r-oldrel-macos-x86_64 | 0.3.0 | 2.00 | 23.00 | 25.00 | OK | |
| r-oldrel-windows-x86_64 | 0.3.0 | 4.00 | 57.00 | 61.00 | OK | 
Version: 0.3.0
Check: DESCRIPTION meta-information
Result: NOTE
    Missing dependency on R >= 4.1.0 because package code uses the pipe
    |> or function shorthand \(...) syntax added in R 4.1.0.
    File(s) using such syntax:
      ‘cusum_failure.Rd’ ‘cusum_loglike.Rd’ ‘cusum_ome.Rd’ ‘cusum_sprt.Rd’
      ‘paste.R’
Flavors: r-devel-linux-x86_64-debian-clang, r-devel-linux-x86_64-debian-gcc, r-devel-linux-x86_64-fedora-clang, r-devel-linux-x86_64-fedora-gcc, r-devel-windows-x86_64, r-patched-linux-x86_64, r-release-linux-x86_64, r-release-macos-arm64, r-release-macos-x86_64, r-release-windows-x86_64