Last updated on 2025-11-23 20:49:06 CET.
| Flavor | Version | Tinstall | Tcheck | Ttotal | Status | Flags |
|---|---|---|---|---|---|---|
| r-devel-linux-x86_64-debian-clang | 2.0 | 8.13 | 71.75 | 79.88 | NOTE | |
| r-devel-linux-x86_64-debian-gcc | 2.0 | 5.99 | 54.28 | 60.27 | NOTE | |
| r-devel-linux-x86_64-fedora-clang | 2.0 | 17.00 | 108.92 | 125.92 | OK | |
| r-devel-linux-x86_64-fedora-gcc | 2.0 | 16.00 | 101.70 | 117.70 | OK | |
| r-devel-windows-x86_64 | 2.0 | 10.00 | 83.00 | 93.00 | OK | |
| r-patched-linux-x86_64 | 2.0 | 7.39 | 69.77 | 77.16 | OK | |
| r-release-linux-x86_64 | 2.0 | 8.32 | 70.37 | 78.69 | OK | |
| r-release-macos-arm64 | 2.0 | OK | ||||
| r-release-macos-x86_64 | 2.0 | 8.00 | 66.00 | 74.00 | OK | |
| r-release-windows-x86_64 | 2.0 | 10.00 | 89.00 | 99.00 | OK | |
| r-oldrel-macos-arm64 | 2.0 | OK | ||||
| r-oldrel-macos-x86_64 | 2.0 | 6.00 | 48.00 | 54.00 | OK | |
| r-oldrel-windows-x86_64 | 2.0 | 13.00 | 99.00 | 112.00 | OK |
Version: 2.0
Check: CRAN incoming feasibility
Result: NOTE
Maintainer: ‘Paula M. Murray <paula.murray@math.mcmaster.ca>’
No Authors@R field in DESCRIPTION.
Please add one, modifying
Authors@R: c(person(given = c("Paula", "M."),
family = "Murray",
role = c("aut", "cre"),
email = "paula.murray@math.mcmaster.ca"),
person(given = c("Ryan", "P."),
family = "Browne",
role = "aut"),
person(given = c("Paul", "D."),
family = "McNicholas",
role = "aut"))
as necessary.
Flavors: r-devel-linux-x86_64-debian-clang, r-devel-linux-x86_64-debian-gcc