Last updated on 2024-03-28 19:48:49 CET.
Flavor | Version | Tinstall | Tcheck | Ttotal | Status | Flags |
---|---|---|---|---|---|---|
r-devel-linux-x86_64-debian-clang | 2.2.3 | 11.43 | 181.96 | 193.39 | OK | |
r-devel-linux-x86_64-debian-gcc | 2.2.3 | 10.04 | 137.73 | 147.77 | OK | |
r-devel-linux-x86_64-fedora-clang | 2.2.3 | 218.76 | NOTE | |||
r-devel-linux-x86_64-fedora-gcc | 2.2.3 | 217.07 | OK | |||
r-devel-windows-x86_64 | 2.2.3 | 12.00 | 166.00 | 178.00 | OK | |
r-patched-linux-x86_64 | 2.2.3 | 15.30 | 178.35 | 193.65 | OK | |
r-release-linux-x86_64 | 2.2.3 | 12.40 | 177.70 | 190.10 | OK | |
r-release-macos-arm64 | 2.2.3 | 61.00 | OK | |||
r-release-macos-x86_64 | 2.2.3 | 115.00 | OK | |||
r-release-windows-x86_64 | 2.2.3 | 16.00 | 169.00 | 185.00 | OK | |
r-oldrel-macos-arm64 | 2.2.3 | 61.00 | OK | |||
r-oldrel-windows-x86_64 | 2.2.3 | 16.00 | 273.00 | 289.00 | OK |
Version: 2.2.3
Check: Rd cross-references
Result: NOTE
Undeclared package ‘devtools’ in Rd xrefs
Flavor: r-devel-linux-x86_64-fedora-clang