CRAN Package Check Results for Package urltools

Last updated on 2022-12-03 23:01:43 CET.

Flavor Version Tinstall Tcheck Ttotal Status Flags
r-devel-linux-x86_64-debian-clang 1.7.3 75.18 37.48 112.66 OK
r-devel-linux-x86_64-debian-gcc 1.7.3 58.72 30.21 88.93 OK
r-devel-linux-x86_64-fedora-clang 1.7.3 176.41 NOTE
r-devel-linux-x86_64-fedora-gcc 1.7.3 165.15 NOTE
r-devel-windows-x86_64 1.7.3 74.00 96.00 170.00 OK
r-patched-linux-x86_64 1.7.3 70.39 36.16 106.55 OK
r-release-linux-x86_64 1.7.3 55.24 36.67 91.91 OK
r-release-macos-arm64 1.7.3 44.00 NOTE
r-release-macos-x86_64 1.7.3 62.00 NOTE
r-release-windows-x86_64 1.7.3 80.00 107.00 187.00 OK
r-oldrel-macos-arm64 1.7.3 51.00 NOTE
r-oldrel-macos-x86_64 1.7.3 80.00 NOTE
r-oldrel-windows-ix86+x86_64 1.7.3 181.00 102.00 283.00 OK

Check Details

Version: 1.7.3
Check: Rd cross-references
Result: NOTE
    Undeclared package ‘httr’ in Rd xrefs
Flavor: r-devel-linux-x86_64-fedora-clang

Version: 1.7.3
Check: data for non-ASCII characters
Result: NOTE
     Note: found 488 marked UTF-8 strings
Flavors: r-devel-linux-x86_64-fedora-clang, r-devel-linux-x86_64-fedora-gcc, r-release-macos-arm64, r-release-macos-x86_64, r-oldrel-macos-arm64, r-oldrel-macos-x86_64