Last updated on 2023-11-27 19:52:58 CET.
Flavor | Version | Tinstall | Tcheck | Ttotal | Status | Flags |
---|---|---|---|---|---|---|
r-devel-linux-x86_64-debian-clang | 1.7.3 | 90.03 | 38.19 | 128.22 | NOTE | |
r-devel-linux-x86_64-debian-gcc | 1.7.3 | 57.01 | 29.44 | 86.45 | NOTE | |
r-devel-linux-x86_64-fedora-clang | 1.7.3 | 177.64 | NOTE | |||
r-devel-linux-x86_64-fedora-gcc | 1.7.3 | 183.90 | NOTE | |||
r-devel-windows-x86_64 | 1.7.3 | 61.00 | 72.00 | 133.00 | OK | |
r-patched-linux-x86_64 | 1.7.3 | 68.69 | 37.07 | 105.76 | OK | |
r-release-linux-x86_64 | 1.7.3 | 69.06 | 37.43 | 106.49 | OK | |
r-release-macos-arm64 | 1.7.3 | 50.00 | OK | |||
r-release-macos-x86_64 | 1.7.3 | 83.00 | OK | |||
r-release-windows-x86_64 | 1.7.3 | 81.00 | 86.00 | 167.00 | OK | |
r-oldrel-macos-arm64 | 1.7.3 | 44.00 | OK | |||
r-oldrel-macos-x86_64 | 1.7.3 | 62.00 | NOTE | |||
r-oldrel-windows-x86_64 | 1.7.3 | 72.00 | 79.00 | 151.00 | OK |
Version: 1.7.3
Check: Rd files
Result: NOTE
checkRd: (-1) encoder.Rd:32-37: Lost braces in \itemize; meant \describe ?
checkRd: (-1) encoder.Rd:38-44: Lost braces in \itemize; meant \describe ?
checkRd: (-1) encoder.Rd:45-48: Lost braces in \itemize; meant \describe ?
Flavors: r-devel-linux-x86_64-debian-clang, r-devel-linux-x86_64-debian-gcc
Version: 1.7.3
Check: Rd cross-references
Result: NOTE
Undeclared package ‘httr’ in Rd xrefs
Flavor: r-devel-linux-x86_64-fedora-clang
Version: 1.7.3
Check: data for non-ASCII characters
Result: NOTE
Note: found 488 marked UTF-8 strings
Flavors: r-devel-linux-x86_64-fedora-clang, r-devel-linux-x86_64-fedora-gcc, r-oldrel-macos-x86_64