CRAN Package Check Results for Package uptasticsearch

Last updated on 2023-11-30 20:48:54 CET.

Flavor Version Tinstall Tcheck Ttotal Status Flags
r-devel-linux-x86_64-debian-clang 0.4.0 5.26 50.01 55.27 NOTE
r-devel-linux-x86_64-debian-gcc 0.4.0 3.98 36.61 40.59 NOTE
r-devel-linux-x86_64-fedora-clang 0.4.0 69.12 NOTE
r-devel-linux-x86_64-fedora-gcc 0.4.0 88.69 NOTE
r-devel-windows-x86_64 0.4.0 5.00 66.00 71.00 NOTE
r-patched-linux-x86_64 0.4.0 4.66 46.88 51.54 NOTE
r-release-linux-x86_64 0.4.0 3.91 46.58 50.49 NOTE
r-release-macos-arm64 0.4.0 36.00 NOTE
r-release-macos-x86_64 0.4.0 73.00 NOTE
r-release-windows-x86_64 0.4.0 9.00 62.00 71.00 NOTE
r-oldrel-macos-arm64 0.4.0 23.00 NOTE
r-oldrel-macos-x86_64 0.4.0 38.00 NOTE
r-oldrel-windows-x86_64 0.4.0 8.00 67.00 75.00 NOTE

Check Details

Version: 0.4.0
Check: LazyData
Result: NOTE 'LazyData' is specified without a 'data' directory Flavors: r-devel-linux-x86_64-debian-clang, r-devel-linux-x86_64-debian-gcc, r-devel-linux-x86_64-fedora-clang, r-devel-linux-x86_64-fedora-gcc, r-devel-windows-x86_64, r-patched-linux-x86_64, r-release-linux-x86_64, r-release-macos-arm64, r-release-macos-x86_64, r-release-windows-x86_64, r-oldrel-macos-arm64, r-oldrel-macos-x86_64, r-oldrel-windows-x86_64