Last updated on 2025-02-06 19:49:38 CET.
Flavor | Version | Tinstall | Tcheck | Ttotal | Status | Flags |
---|---|---|---|---|---|---|
r-devel-linux-x86_64-debian-clang | 0.2.0 | 21.46 | 22.45 | 43.91 | NOTE | |
r-devel-linux-x86_64-debian-gcc | 0.2.0 | 15.37 | 17.76 | 33.13 | NOTE | |
r-devel-linux-x86_64-fedora-clang | 0.2.0 | 79.28 | OK | |||
r-devel-linux-x86_64-fedora-gcc | 0.2.0 | 81.91 | OK | |||
r-devel-windows-x86_64 | 0.2.0 | 24.00 | 61.00 | 85.00 | NOTE | |
r-patched-linux-x86_64 | 0.2.0 | 24.18 | 21.26 | 45.44 | NOTE | |
r-release-linux-x86_64 | 0.2.0 | 21.85 | 21.04 | 42.89 | NOTE | |
r-release-macos-arm64 | 0.2.0 | 24.00 | NOTE | |||
r-release-macos-x86_64 | 0.2.0 | 34.00 | NOTE | |||
r-release-windows-x86_64 | 0.2.0 | 24.00 | 62.00 | 86.00 | NOTE | |
r-oldrel-macos-arm64 | 0.2.0 | 26.00 | NOTE | |||
r-oldrel-macos-x86_64 | 0.2.0 | 39.00 | NOTE | |||
r-oldrel-windows-x86_64 | 0.2.0 | 29.00 | 78.00 | 107.00 | NOTE |
Version: 0.2.0
Check: Rd cross-references
Result: NOTE
Found the following Rd file(s) with Rd \link{} targets missing package
anchors:
unsys.station.test.Rd: foreach
Please provide package anchors for all Rd \link{} targets not in the
package itself and the base packages.
Flavors: r-devel-linux-x86_64-debian-clang, r-devel-linux-x86_64-debian-gcc, r-devel-windows-x86_64
Version: 0.2.0
Check: LazyData
Result: NOTE
'LazyData' is specified without a 'data' directory
Flavors: r-patched-linux-x86_64, r-release-linux-x86_64, r-release-macos-arm64, r-release-macos-x86_64, r-release-windows-x86_64, r-oldrel-macos-arm64, r-oldrel-macos-x86_64, r-oldrel-windows-x86_64