CRAN Package Check Results for Package unjoin

Last updated on 2023-06-08 21:52:22 CEST.

Flavor Version Tinstall Tcheck Ttotal Status Flags
r-devel-linux-x86_64-debian-clang 0.1.0 4.67 41.65 46.32 NOTE
r-devel-linux-x86_64-debian-gcc 0.1.0 2.74 31.26 34.00 NOTE
r-devel-linux-x86_64-fedora-clang 0.1.0 56.71 NOTE
r-devel-linux-x86_64-fedora-gcc 0.1.0 53.87 NOTE
r-devel-windows-x86_64 0.1.0 7.00 51.00 58.00 NOTE
r-patched-linux-x86_64 0.1.0 4.48 39.01 43.49 NOTE
r-release-linux-x86_64 0.1.0 4.36 38.49 42.85 NOTE
r-release-macos-arm64 0.1.0 22.00 NOTE
r-release-macos-x86_64 0.1.0 31.00 NOTE
r-release-windows-x86_64 0.1.0 6.00 56.00 62.00 NOTE
r-oldrel-macos-arm64 0.1.0 20.00 NOTE
r-oldrel-macos-x86_64 0.1.0 44.00 NOTE
r-oldrel-windows-x86_64 0.1.0 7.00 60.00 67.00 NOTE

Check Details

Version: 0.1.0
Check: LazyData
Result: NOTE
     'LazyData' is specified without a 'data' directory
Flavors: r-devel-linux-x86_64-debian-clang, r-devel-linux-x86_64-debian-gcc, r-devel-linux-x86_64-fedora-clang, r-devel-linux-x86_64-fedora-gcc, r-devel-windows-x86_64, r-patched-linux-x86_64, r-release-linux-x86_64, r-release-macos-arm64, r-release-macos-x86_64, r-release-windows-x86_64, r-oldrel-macos-arm64, r-oldrel-macos-x86_64, r-oldrel-windows-x86_64