Last updated on 2024-04-18 21:57:09 CEST.
Flavor | Version | Tinstall | Tcheck | Ttotal | Status | Flags |
---|---|---|---|---|---|---|
r-devel-linux-x86_64-debian-clang | 1.1.1 | 4.88 | 126.74 | 131.62 | NOTE | |
r-devel-linux-x86_64-debian-gcc | 1.1.1 | 4.42 | 85.59 | 90.01 | NOTE | |
r-devel-linux-x86_64-fedora-clang | 1.1.1 | 164.63 | NOTE | |||
r-devel-linux-x86_64-fedora-gcc | 1.1.1 | 166.81 | NOTE | |||
r-prerel-macos-arm64 | 1.1.1 | 53.00 | NOTE | |||
r-prerel-windows-x86_64 | 1.1.1 | 7.00 | 125.00 | 132.00 | NOTE | |
r-patched-linux-x86_64 | 1.1.1 | 9.25 | 118.01 | 127.26 | NOTE | |
r-release-linux-x86_64 | 1.1.1 | 5.06 | 119.12 | 124.18 | OK | |
r-release-macos-arm64 | 1.1.1 | 56.00 | OK | |||
r-release-macos-x86_64 | 1.1.1 | 95.00 | OK | |||
r-release-windows-x86_64 | 1.1.1 | 8.00 | 142.00 | 150.00 | OK | |
r-oldrel-macos-arm64 | 1.1.1 | 42.00 | NOTE | |||
r-oldrel-windows-x86_64 | 1.1.1 | 8.00 | 143.00 | 151.00 | OK |
Version: 1.1.1
Check: Rd files
Result: NOTE
checkRd: (-1) mllogitnorm.Rd:45: Lost braces
45 | link[dlogitnorm]{dlogitnorm}for the normal density.
| ^
Flavors: r-devel-linux-x86_64-debian-clang, r-devel-linux-x86_64-debian-gcc, r-devel-linux-x86_64-fedora-clang, r-devel-linux-x86_64-fedora-gcc, r-prerel-macos-arm64, r-prerel-windows-x86_64, r-patched-linux-x86_64
Version: 1.1.1
Check: dependencies in R code
Result: NOTE
Namespaces in Imports field not imported from:
‘extraDistr’ ‘logitnorm’ ‘nakagami’ ‘tibble’
All declared Imports should be used.
Flavors: r-devel-linux-x86_64-fedora-clang, r-devel-linux-x86_64-fedora-gcc, r-oldrel-macos-arm64