Last updated on 2025-11-23 20:49:06 CET.
| Flavor | Version | Tinstall | Tcheck | Ttotal | Status | Flags |
|---|---|---|---|---|---|---|
| r-devel-linux-x86_64-debian-clang | 0.4 | 6.54 | 66.16 | 72.70 | NOTE | |
| r-devel-linux-x86_64-debian-gcc | 0.4 | 6.01 | 48.47 | 54.48 | NOTE | |
| r-devel-linux-x86_64-fedora-clang | 0.4 | 18.00 | 95.18 | 113.18 | OK | |
| r-devel-linux-x86_64-fedora-gcc | 0.4 | 15.00 | 89.99 | 104.99 | OK | |
| r-devel-windows-x86_64 | 0.4 | 11.00 | 79.00 | 90.00 | OK | |
| r-patched-linux-x86_64 | 0.4 | 7.10 | 62.06 | 69.16 | OK | |
| r-release-linux-x86_64 | 0.4 | 6.86 | 61.44 | 68.30 | OK | |
| r-release-macos-arm64 | 0.4 | OK | ||||
| r-release-macos-x86_64 | 0.4 | 6.00 | 45.00 | 51.00 | OK | |
| r-release-windows-x86_64 | 0.4 | 9.00 | 105.00 | 114.00 | OK | |
| r-oldrel-macos-arm64 | 0.4 | OK | ||||
| r-oldrel-macos-x86_64 | 0.4 | 5.00 | 38.00 | 43.00 | OK | |
| r-oldrel-windows-x86_64 | 0.4 | 12.00 | 100.00 | 112.00 | OK |
Version: 0.4
Check: CRAN incoming feasibility
Result: NOTE
Maintainer: ‘Marcello D'Orazio <mdo.statmatch@gmail.com>’
No Authors@R field in DESCRIPTION.
Please add one, modifying
Authors@R: person(given = "Marcello",
family = "D'Orazio",
role = c("aut", "cre"),
email = "mdo.statmatch@gmail.com")
as necessary.
Flavors: r-devel-linux-x86_64-debian-clang, r-devel-linux-x86_64-debian-gcc