Last updated on 2024-04-25 20:48:42 CEST.
Flavor | Version | Tinstall | Tcheck | Ttotal | Status | Flags |
---|---|---|---|---|---|---|
r-devel-linux-x86_64-debian-clang | 0.2.4 | 8.53 | 60.65 | 69.18 | OK | |
r-devel-linux-x86_64-debian-gcc | 0.2.4 | 8.67 | 45.41 | 54.08 | OK | |
r-devel-linux-x86_64-fedora-clang | 0.2.4 | 92.28 | NOTE | |||
r-devel-linux-x86_64-fedora-gcc | 0.2.4 | 100.51 | NOTE | |||
r-devel-windows-x86_64 | 0.2.4 | 12.00 | 71.00 | 83.00 | OK | |
r-patched-linux-x86_64 | 0.2.4 | 9.06 | 56.31 | 65.37 | OK | |
r-release-linux-x86_64 | 0.2.4 | 10.19 | 55.18 | 65.37 | OK | |
r-release-macos-arm64 | 0.2.4 | 37.00 | OK | |||
r-release-windows-x86_64 | 0.2.4 | 12.00 | 66.00 | 78.00 | OK | |
r-oldrel-macos-arm64 | 0.2.4 | 42.00 | OK | |||
r-oldrel-macos-x86_64 | 0.2.4 | 81.00 | OK | |||
r-oldrel-windows-x86_64 | 0.2.4 | 15.00 | 74.00 | 89.00 | OK |
Version: 0.2.4
Check: data for non-ASCII characters
Result: NOTE
Note: found 9 marked UTF-8 strings
Flavors: r-devel-linux-x86_64-fedora-clang, r-devel-linux-x86_64-fedora-gcc