CRAN Package Check Results for Package twinning

Last updated on 2025-04-15 21:50:52 CEST.

Flavor Version Tinstall Tcheck Ttotal Status Flags
r-devel-linux-x86_64-debian-clang 1.0 11.93 23.17 35.10 NOTE
r-devel-linux-x86_64-debian-gcc 1.0 8.46 18.62 27.08 NOTE
r-devel-linux-x86_64-fedora-clang 1.0 60.15 NOTE
r-devel-linux-x86_64-fedora-gcc 1.0 57.81 NOTE
r-devel-windows-x86_64 1.0 13.00 70.00 83.00 NOTE
r-patched-linux-x86_64 1.0 11.36 22.64 34.00 NOTE
r-release-linux-x86_64 1.0 11.52 22.68 34.20 NOTE
r-release-macos-arm64 1.0 20.00 NOTE
r-release-macos-x86_64 1.0 39.00 NOTE
r-release-windows-x86_64 1.0 14.00 70.00 84.00 NOTE
r-oldrel-macos-arm64 1.0 23.00 NOTE
r-oldrel-macos-x86_64 1.0 33.00 NOTE
r-oldrel-windows-x86_64 1.0 14.00 78.00 92.00 NOTE

Check Details

Version: 1.0
Check: C++ specification
Result: NOTE Specified C++11: please drop specification unless essential Flavors: r-devel-linux-x86_64-debian-clang, r-devel-linux-x86_64-debian-gcc, r-devel-linux-x86_64-fedora-clang, r-devel-linux-x86_64-fedora-gcc, r-devel-windows-x86_64, r-patched-linux-x86_64, r-release-linux-x86_64, r-release-macos-arm64, r-release-macos-x86_64, r-release-windows-x86_64, r-oldrel-macos-arm64, r-oldrel-macos-x86_64, r-oldrel-windows-x86_64