Last updated on 2023-06-05 21:59:22 CEST.
Flavor | Version | Tinstall | Tcheck | Ttotal | Status | Flags |
---|---|---|---|---|---|---|
r-devel-linux-x86_64-debian-clang | 1.0 | 10.09 | 754.37 | 764.46 | OK | |
r-devel-linux-x86_64-debian-gcc | 1.0 | 9.07 | 1094.61 | 1103.68 | OK | |
r-devel-linux-x86_64-fedora-clang | 1.0 | 804.76 | NOTE | |||
r-devel-linux-x86_64-fedora-gcc | 1.0 | 1031.01 | OK | |||
r-devel-windows-x86_64 | 1.0 | 12.00 | 300.00 | 312.00 | OK | |
r-patched-linux-x86_64 | 1.0 | 14.49 | 1023.62 | 1038.11 | OK | |
r-release-linux-x86_64 | 1.0 | 9.16 | 1017.78 | 1026.94 | OK | |
r-release-macos-arm64 | 1.0 | 334.00 | OK | |||
r-release-macos-x86_64 | 1.0 | 519.00 | NOTE | |||
r-release-windows-x86_64 | 1.0 | 14.00 | 388.00 | 402.00 | OK | |
r-oldrel-macos-arm64 | 1.0 | 287.00 | OK | |||
r-oldrel-macos-x86_64 | 1.0 | 459.00 | OK | |||
r-oldrel-windows-x86_64 | 1.0 | 14.00 | 401.00 | 415.00 | OK |
Version: 1.0
Check: Rd cross-references
Result: NOTE
Undeclared package ‘twang’ in Rd xrefs
Flavor: r-devel-linux-x86_64-fedora-clang
Version: 1.0
Check: Rd cross-references
Result: NOTE
Package unavailable to check Rd xrefs: ‘twang’
Flavor: r-release-macos-x86_64