CRAN Package Check Results for Package twang

Last updated on 2022-11-26 19:55:31 CET.

Flavor Version Tinstall Tcheck Ttotal Status Flags
r-devel-linux-x86_64-debian-clang 2.5 23.08 157.41 180.49 NOTE --no-vignettes
r-devel-linux-x86_64-debian-gcc 2.5 16.89 116.75 133.64 NOTE --no-vignettes
r-devel-linux-x86_64-fedora-clang 2.5 336.49 NOTE
r-devel-linux-x86_64-fedora-gcc 2.5 342.80 NOTE
r-devel-windows-x86_64 2.5 55.00 154.00 209.00 NOTE --no-vignettes
r-patched-linux-x86_64 2.5 OK --no-vignettes
r-release-linux-x86_64 2.5 17.78 148.71 166.49 OK --no-vignettes
r-release-macos-arm64 2.5 115.00 OK
r-release-macos-x86_64 2.5 201.00 OK
r-release-windows-x86_64 2.5 58.00 148.00 206.00 OK --no-vignettes
r-oldrel-macos-arm64 2.5 117.00 OK
r-oldrel-macos-x86_64 2.5 156.00 OK
r-oldrel-windows-ix86+x86_64 2.5 46.00 196.00 242.00 OK --no-vignettes

Check Details

Version: 2.5
Flags: --no-vignettes
Check: Rd files
Result: NOTE
    checkRd: (-1) lindner.Rd:44: Escaped LaTeX specials: \_
Flavors: r-devel-linux-x86_64-debian-clang, r-devel-linux-x86_64-debian-gcc, r-devel-windows-x86_64

Version: 2.5
Check: Rd files
Result: NOTE
    checkRd: (-1) lindner.Rd:44: Escaped LaTeX specials: \_
Flavors: r-devel-linux-x86_64-fedora-clang, r-devel-linux-x86_64-fedora-gcc