CRAN Package Check Results for Package tvthemes

Last updated on 2022-10-05 21:53:50 CEST.

Flavor Version Tinstall Tcheck Ttotal Status Flags
r-devel-linux-x86_64-debian-clang 1.3.1 6.83 113.95 120.78 OK
r-devel-linux-x86_64-debian-gcc 1.3.1 6.39 81.66 88.05 OK
r-devel-linux-x86_64-fedora-clang 1.3.1 164.25 NOTE
r-devel-linux-x86_64-fedora-gcc 1.3.1 144.75 OK
r-devel-windows-x86_64 1.3.1 13.00 154.00 167.00 OK
r-patched-linux-x86_64 1.3.1 7.68 100.00 107.68 OK
r-release-linux-x86_64 1.3.1 5.29 97.70 102.99 OK
r-release-macos-arm64 1.3.1 48.00 OK
r-release-macos-x86_64 1.3.1 57.00 OK
r-release-windows-x86_64 1.3.1 55.00 142.00 197.00 OK
r-oldrel-macos-arm64 1.3.1 43.00 OK
r-oldrel-macos-x86_64 1.3.1 59.00 OK
r-oldrel-windows-ix86+x86_64 1.3.1 19.00 127.00 146.00 OK

Check Details

Version: 1.3.1
Check: Rd cross-references
Result: NOTE
    Undeclared package ‘rlang’ in Rd xrefs
Flavor: r-devel-linux-x86_64-fedora-clang