Last updated on 2024-07-17 20:57:14 CEST.
Flavor | Version | Tinstall | Tcheck | Ttotal | Status | Flags |
---|---|---|---|---|---|---|
r-devel-linux-x86_64-debian-clang | 0.1.2 | 5.39 | 58.21 | 63.60 | OK | |
r-devel-linux-x86_64-debian-gcc | 0.1.2 | 4.91 | 43.45 | 48.36 | OK | |
r-devel-linux-x86_64-fedora-clang | 0.1.2 | 84.59 | NOTE | |||
r-devel-linux-x86_64-fedora-gcc | 0.1.2 | 73.94 | NOTE | |||
r-devel-windows-x86_64 | 0.1.2 | 8.00 | 69.00 | 77.00 | OK | |
r-patched-linux-x86_64 | 0.1.2 | 6.63 | 53.76 | 60.39 | OK | |
r-release-linux-x86_64 | 0.1.2 | 6.72 | 54.72 | 61.44 | OK | |
r-release-macos-arm64 | 0.1.2 | 28.00 | OK | |||
r-release-macos-x86_64 | 0.1.2 | 39.00 | OK | |||
r-release-windows-x86_64 | 0.1.2 | 8.00 | 71.00 | 79.00 | OK | |
r-oldrel-macos-arm64 | 0.1.2 | 35.00 | OK | |||
r-oldrel-macos-x86_64 | 0.1.2 | 63.00 | OK | |||
r-oldrel-windows-x86_64 | 0.1.2 | 9.00 | 79.00 | 88.00 | OK |
Version: 0.1.2
Check: data for non-ASCII characters
Result: NOTE
Note: found 1080 marked UTF-8 strings
Flavors: r-devel-linux-x86_64-fedora-clang, r-devel-linux-x86_64-fedora-gcc