Last updated on 2024-03-28 19:48:48 CET.
Flavor | Version | Tinstall | Tcheck | Ttotal | Status | Flags |
---|---|---|---|---|---|---|
r-devel-linux-x86_64-debian-clang | 0.7 | 11.02 | 129.33 | 140.35 | ERROR | |
r-devel-linux-x86_64-debian-gcc | 0.7 | 8.14 | 97.09 | 105.23 | OK | |
r-devel-linux-x86_64-fedora-clang | 0.7 | 189.11 | NOTE | |||
r-devel-linux-x86_64-fedora-gcc | 0.7 | 176.95 | OK | |||
r-devel-windows-x86_64 | 0.7 | 11.00 | 116.00 | 127.00 | OK | |
r-patched-linux-x86_64 | 0.7 | 12.82 | 125.19 | 138.01 | OK | |
r-release-linux-x86_64 | 0.7 | 11.28 | 128.55 | 139.83 | OK | |
r-release-macos-arm64 | 0.7 | 58.00 | OK | |||
r-release-macos-x86_64 | 0.7 | 136.00 | OK | |||
r-release-windows-x86_64 | 0.7 | 15.00 | 140.00 | 155.00 | OK | |
r-oldrel-macos-arm64 | 0.7 | 57.00 | OK | |||
r-oldrel-windows-x86_64 | 0.7 | 15.00 | 133.00 | 148.00 | OK |
Version: 0.7
Check: tests
Result: ERROR
Running ‘testthat.R’ [24s/30s]
Running the tests in ‘tests/testthat.R’ failed.
Complete output:
> library(testthat)
> library(tuneRanger)
Loading required package: ranger
Loading required package: mlrMBO
Loading required package: mlr
Loading required package: ParamHelpers
Warning message: 'mlr' is in 'maintenance-only' mode since July 2019.
Future development will only happen in 'mlr3'
(<https://mlr3.mlr-org.com>). Due to the focus on 'mlr3' there might be
uncaught bugs meanwhile in {mlr} - please consider switching.
Loading required package: smoof
Loading required package: checkmate
Loading required package: parallel
Loading required package: lhs
>
> test_check("tuneRanger")
Approximated time for tuning: 55Smtry = 2 OOB error = 0.03718521
Searching left ...
mtry = 1 OOB error = 0.03090471
0.1688979 0.05
Searching right ...
mtry = 4 OOB error = 0.03367571
-0.08966295 0.05
mtry = 3 OOB error = 11.54554
Searching left ...
mtry = 2 OOB error = 10.58474
0.08321823 0.05
mtry = 1 OOB error = 10.77378
-0.01785961 0.05
Searching right ...
mtry = 6 OOB error = 11.74116
-0.109253 0.05
mtry = 3 OOB error = 0.4282469
Searching left ...
mtry = 2 OOB error = 0.420674
0.01768347 0.05
Searching right ...
mtry = 6 OOB error = 0.4047709
0.05481874 0.05
mtry = 9 OOB error = 0.3978607
0.01707203 0.05
Error: mtry can not be larger than number of variables in data. Ranger will EXIT now.
[ FAIL 1 | WARN 0 | SKIP 0 | PASS 6 ]
══ Failed tests ════════════════════════════════════════════════════════════════
── Error ('test_base.R:46:3'): tuneMtryFast ────────────────────────────────────
Error in `ranger(formula, data, dependent.variable.name = dependent.variable.name,
mtry = res[which.min(res[, 2]), 1], ...)`: User interrupt or internal error.
Backtrace:
▆
1. └─mlr::train(learner, lung.task) at test_base.R:46:3
2. ├─mlr:::measureTime(...)
3. │ └─base::force(expr)
4. ├─base (local) fun1(...)
5. ├─base (local) fun2(fun3(do.call(trainLearner, pars)))
6. ├─base (local) fun3(do.call(trainLearner, pars))
7. ├─base::do.call(trainLearner, pars)
8. ├─mlr (local) `<fn>`(.learner = `<srv.tnMF>`, .task = `<SurvTask>`, .subset = NULL)
9. └─tuneRanger:::trainLearner.surv.tuneMtryFast(...)
10. └─tuneRanger::tuneMtryFast(...)
11. └─ranger::ranger(...)
[ FAIL 1 | WARN 0 | SKIP 0 | PASS 6 ]
Error: Test failures
Execution halted
Flavor: r-devel-linux-x86_64-debian-clang
Version: 0.7
Check: Rd cross-references
Result: NOTE
Undeclared package ‘randomForest’ in Rd xrefs
Flavor: r-devel-linux-x86_64-fedora-clang