Last updated on 2024-03-28 19:48:48 CET.
Flavor | Version | Tinstall | Tcheck | Ttotal | Status | Flags |
---|---|---|---|---|---|---|
r-devel-linux-x86_64-debian-clang | 0.6-10 | 8.97 | 92.38 | 101.35 | OK | |
r-devel-linux-x86_64-debian-gcc | 0.6-10 | 6.58 | 68.61 | 75.19 | OK | |
r-devel-linux-x86_64-fedora-clang | 0.6-10 | 129.02 | NOTE | |||
r-devel-linux-x86_64-fedora-gcc | 0.6-10 | 138.53 | OK | |||
r-devel-windows-x86_64 | 0.6-10 | 10.00 | 95.00 | 105.00 | OK | |
r-patched-linux-x86_64 | 0.6-10 | 9.34 | 90.47 | 99.81 | OK | |
r-release-linux-x86_64 | 0.6-10 | 8.60 | 90.22 | 98.82 | OK | |
r-release-macos-arm64 | 0.6-10 | 51.00 | OK | |||
r-release-macos-x86_64 | 0.6-10 | 87.00 | OK | |||
r-release-windows-x86_64 | 0.6-10 | 11.00 | 105.00 | 116.00 | OK | |
r-oldrel-macos-arm64 | 0.6-10 | 47.00 | OK | |||
r-oldrel-windows-x86_64 | 0.6-10 | 11.00 | 109.00 | 120.00 | OK |
Version: 0.6-10
Check: Rd cross-references
Result: NOTE
Undeclared package ‘tseries’ in Rd xrefs
Flavor: r-devel-linux-x86_64-fedora-clang