CRAN Package Check Results for Package tsoutliers

Last updated on 2022-11-27 19:51:45 CET.

Flavor Version Tinstall Tcheck Ttotal Status Flags
r-devel-linux-x86_64-debian-clang 0.6-8 8.85 95.52 104.37 OK
r-devel-linux-x86_64-debian-gcc 0.6-8 6.66 72.88 79.54 OK
r-devel-linux-x86_64-fedora-clang 0.6-8 140.15 NOTE
r-devel-linux-x86_64-fedora-gcc 0.6-8 147.56 OK
r-devel-windows-x86_64 0.6-8 36.00 133.00 169.00 OK
r-patched-linux-x86_64 0.6-8 7.90 89.25 97.15 OK
r-release-linux-x86_64 0.6-8 8.96 93.14 102.10 OK
r-release-macos-arm64 0.6-8 38.00 OK
r-release-macos-x86_64 0.6-8 75.00 OK
r-release-windows-x86_64 0.6-8 33.00 140.00 173.00 OK
r-oldrel-macos-arm64 0.6-8 48.00 OK
r-oldrel-macos-x86_64 0.6-8 77.00 OK
r-oldrel-windows-ix86+x86_64 0.6-8 21.00 127.00 148.00 OK

Check Details

Version: 0.6-8
Check: Rd cross-references
Result: NOTE
    Undeclared package ‘tseries’ in Rd xrefs
Flavor: r-devel-linux-x86_64-fedora-clang