CRAN Package Check Results for Package tsdistributions

Last updated on 2025-04-14 21:51:02 CEST.

Flavor Version Tinstall Tcheck Ttotal Status Flags
r-devel-linux-x86_64-debian-clang 1.0.2 97.23 271.92 369.15 OK
r-devel-linux-x86_64-debian-gcc 1.0.2 81.59 203.30 284.89 OK
r-devel-linux-x86_64-fedora-clang 1.0.2 604.74 OK
r-devel-linux-x86_64-fedora-gcc 1.0.2 708.97 OK
r-devel-windows-x86_64 1.0.2 110.00 352.00 462.00 OK
r-patched-linux-x86_64 1.0.2 110.83 280.44 391.27 OK
r-release-linux-x86_64 1.0.2 122.24 282.39 404.63 OK
r-release-macos-arm64 1.0.2 205.00 OK
r-release-macos-x86_64 1.0.2 416.00 OK
r-release-windows-x86_64 1.0.2 111.00 342.00 453.00 OK
r-oldrel-macos-arm64 1.0.2 199.00 NOTE
r-oldrel-macos-x86_64 1.0.2 566.00 NOTE
r-oldrel-windows-x86_64 1.0.2 129.00 461.00 590.00 NOTE

Check Details

Version: 1.0.2
Check: installed package size
Result: NOTE installed size is 46.2Mb sub-directories of 1Mb or more: libs 45.5Mb Flavors: r-oldrel-macos-arm64, r-oldrel-macos-x86_64, r-oldrel-windows-x86_64