Last updated on 2025-11-03 21:50:40 CET.
| Flavor | Version | Tinstall | Tcheck | Ttotal | Status | Flags | 
|---|---|---|---|---|---|---|
| r-devel-linux-x86_64-debian-clang | 0.1.0 | 1.96 | 27.21 | 29.17 | NOTE | |
| r-devel-linux-x86_64-debian-gcc | 0.1.0 | 1.52 | 22.77 | 24.29 | NOTE | |
| r-devel-linux-x86_64-fedora-clang | 0.1.0 | 44.79 | OK | |||
| r-devel-linux-x86_64-fedora-gcc | 0.1.0 | 57.58 | OK | |||
| r-devel-windows-x86_64 | 0.1.0 | 3.00 | 56.00 | 59.00 | OK | |
| r-patched-linux-x86_64 | 0.1.0 | 1.93 | 26.51 | 28.44 | OK | |
| r-release-linux-x86_64 | 0.1.0 | 1.74 | 26.09 | 27.83 | OK | |
| r-release-macos-arm64 | 0.1.0 | 1.00 | 26.00 | 27.00 | OK | |
| r-release-macos-x86_64 | 0.1.0 | 2.00 | 43.00 | 45.00 | OK | |
| r-release-windows-x86_64 | 0.1.0 | 3.00 | 56.00 | 59.00 | OK | |
| r-oldrel-macos-arm64 | 0.1.0 | 1.00 | 23.00 | 24.00 | OK | |
| r-oldrel-macos-x86_64 | 0.1.0 | 2.00 | 33.00 | 35.00 | OK | |
| r-oldrel-windows-x86_64 | 0.1.0 | 3.00 | 63.00 | 66.00 | OK | 
Version: 0.1.0
Check: CRAN incoming feasibility
Result: NOTE
  Maintainer: ‘Jorge Vieira <jorgealexandrevieira@gmail.com>’
  
  No Authors@R field in DESCRIPTION.
  Please add one, modifying
    Authors@R: person(given = "Jorge",
                      family = "Vieira",
                      role = c("aut", "cre"),
                      email = "jorgealexandrevieira@gmail.com")
  as necessary.
Flavors: r-devel-linux-x86_64-debian-clang, r-devel-linux-x86_64-debian-gcc