CRAN Package Check Results for Package truelies

Last updated on 2023-10-04 20:42:43 CEST.

Flavor Version Tinstall Tcheck Ttotal Status Flags
r-devel-linux-x86_64-debian-clang 0.2.0 2.36 28.26 30.62 NOTE
r-devel-linux-x86_64-debian-gcc 0.2.0 1.87 22.13 24.00 NOTE
r-devel-linux-x86_64-fedora-clang 0.2.0 37.58 NOTE
r-devel-linux-x86_64-fedora-gcc 0.2.0 36.40 NOTE
r-devel-windows-x86_64 0.2.0 3.00 44.00 47.00 NOTE
r-patched-linux-x86_64 0.2.0 2.36 27.75 30.11 NOTE
r-release-linux-x86_64 0.2.0 2.48 26.97 29.45 NOTE
r-release-macos-arm64 0.2.0 19.00 NOTE
r-release-macos-x86_64 0.2.0 22.00 NOTE
r-release-windows-x86_64 0.2.0 5.00 46.00 51.00 NOTE
r-oldrel-macos-arm64 0.2.0 17.00 NOTE
r-oldrel-macos-x86_64 0.2.0 27.00 NOTE
r-oldrel-windows-x86_64 0.2.0 5.00 47.00 52.00 NOTE

Check Details

Version: 0.2.0
Check: LazyData
Result: NOTE
     'LazyData' is specified without a 'data' directory
Flavors: r-devel-linux-x86_64-debian-clang, r-devel-linux-x86_64-debian-gcc, r-devel-linux-x86_64-fedora-clang, r-devel-linux-x86_64-fedora-gcc, r-devel-windows-x86_64, r-patched-linux-x86_64, r-release-linux-x86_64, r-release-macos-arm64, r-release-macos-x86_64, r-release-windows-x86_64, r-oldrel-macos-arm64, r-oldrel-macos-x86_64, r-oldrel-windows-x86_64