CRAN Package Check Results for Package truelies

Last updated on 2022-12-02 20:53:28 CET.

Flavor Version Tinstall Tcheck Ttotal Status Flags
r-devel-linux-x86_64-debian-clang 0.2.0 2.35 29.21 31.56 NOTE
r-devel-linux-x86_64-debian-gcc 0.2.0 1.73 22.18 23.91 NOTE
r-devel-linux-x86_64-fedora-clang 0.2.0 49.36 NOTE
r-devel-linux-x86_64-fedora-gcc 0.2.0 47.19 NOTE
r-devel-windows-x86_64 0.2.0 17.00 63.00 80.00 NOTE
r-patched-linux-x86_64 0.2.0 2.42 27.18 29.60 NOTE
r-release-linux-x86_64 0.2.0 2.07 27.39 29.46 NOTE
r-release-macos-arm64 0.2.0 17.00 NOTE
r-release-macos-x86_64 0.2.0 27.00 NOTE
r-release-windows-x86_64 0.2.0 11.00 56.00 67.00 NOTE
r-oldrel-macos-arm64 0.2.0 20.00 NOTE
r-oldrel-macos-x86_64 0.2.0 29.00 NOTE
r-oldrel-windows-ix86+x86_64 0.2.0 6.00 58.00 64.00 NOTE

Check Details

Version: 0.2.0
Check: LazyData
Result: NOTE
     'LazyData' is specified without a 'data' directory
Flavors: r-devel-linux-x86_64-debian-clang, r-devel-linux-x86_64-debian-gcc, r-devel-linux-x86_64-fedora-clang, r-devel-linux-x86_64-fedora-gcc, r-devel-windows-x86_64, r-patched-linux-x86_64, r-release-linux-x86_64, r-release-macos-arm64, r-release-macos-x86_64, r-release-windows-x86_64, r-oldrel-macos-arm64, r-oldrel-macos-x86_64, r-oldrel-windows-ix86+x86_64