CRAN Package Check Results for Package tremendousr

Last updated on 2023-01-26 19:49:42 CET.

Flavor Version Tinstall Tcheck Ttotal Status Flags
r-devel-linux-x86_64-debian-clang 1.0.0 2.67 28.00 30.67 OK
r-devel-linux-x86_64-debian-gcc 1.0.0 2.32 22.19 24.51 OK
r-devel-linux-x86_64-fedora-clang 1.0.0 40.78 NOTE
r-devel-linux-x86_64-fedora-gcc 1.0.0 52.40 NOTE
r-patched-linux-x86_64 1.0.0 2.33 27.67 30.00 OK
r-release-linux-x86_64 1.0.0 3.40 28.19 31.59 OK
r-release-macos-arm64 1.0.0 17.00 NOTE
r-release-macos-x86_64 1.0.0 23.00 NOTE
r-release-windows-x86_64 1.0.0 18.00 58.00 76.00 OK
r-oldrel-macos-arm64 1.0.0 18.00 NOTE
r-oldrel-macos-x86_64 1.0.0 25.00 NOTE
r-oldrel-windows-ix86+x86_64 1.0.0 7.00 63.00 70.00 OK

Check Details

Version: 1.0.0
Check: dependencies in R code
Result: NOTE
    Namespace in Imports field not imported from: ‘crul’
     All declared Imports should be used.
Flavors: r-devel-linux-x86_64-fedora-clang, r-devel-linux-x86_64-fedora-gcc, r-release-macos-arm64, r-release-macos-x86_64, r-oldrel-macos-arm64, r-oldrel-macos-x86_64