Last updated on 2024-04-17 20:57:52 CEST.
Flavor | Version | Tinstall | Tcheck | Ttotal | Status | Flags |
---|---|---|---|---|---|---|
r-devel-linux-x86_64-debian-clang | 1.0.0 | 2.41 | 32.54 | 34.95 | OK | |
r-devel-linux-x86_64-debian-gcc | 1.0.0 | 2.37 | 24.47 | 26.84 | OK | |
r-devel-linux-x86_64-fedora-clang | 1.0.0 | 45.02 | NOTE | |||
r-devel-linux-x86_64-fedora-gcc | 1.0.0 | 56.63 | NOTE | |||
r-prerel-macos-arm64 | 1.0.0 | 22.00 | OK | |||
r-prerel-windows-x86_64 | 1.0.0 | 5.00 | 47.00 | 52.00 | OK | |
r-patched-linux-x86_64 | 1.0.0 | 3.32 | 30.57 | 33.89 | OK | |
r-release-linux-x86_64 | 1.0.0 | 3.26 | 28.15 | 31.41 | OK | |
r-release-macos-arm64 | 1.0.0 | 25.00 | OK | |||
r-release-macos-x86_64 | 1.0.0 | 36.00 | OK | |||
r-release-windows-x86_64 | 1.0.0 | 5.00 | 49.00 | 54.00 | OK | |
r-oldrel-macos-arm64 | 1.0.0 | 17.00 | NOTE | |||
r-oldrel-windows-x86_64 | 1.0.0 | 5.00 | 49.00 | 54.00 | OK |
Version: 1.0.0
Check: dependencies in R code
Result: NOTE
Namespace in Imports field not imported from: ‘crul’
All declared Imports should be used.
Flavors: r-devel-linux-x86_64-fedora-clang, r-devel-linux-x86_64-fedora-gcc, r-oldrel-macos-arm64