CRAN Package Check Results for Package tremendousr

Last updated on 2024-02-25 19:50:14 CET.

Flavor Version Tinstall Tcheck Ttotal Status Flags
r-devel-linux-x86_64-debian-clang 1.0.0 2.86 29.42 32.28 OK
r-devel-linux-x86_64-debian-gcc 1.0.0 2.22 23.21 25.43 OK
r-devel-linux-x86_64-fedora-clang 1.0.0 41.91 NOTE
r-devel-linux-x86_64-fedora-gcc 1.0.0 51.47 NOTE
r-devel-windows-x86_64 1.0.0 3.00 46.00 49.00 OK
r-patched-linux-x86_64 1.0.0 3.27 28.89 32.16 OK
r-release-linux-x86_64 1.0.0 2.82 29.58 32.40 OK
r-release-macos-arm64 1.0.0 25.00 OK
r-release-macos-x86_64 1.0.0 36.00 OK
r-release-windows-x86_64 1.0.0 4.00 47.00 51.00 OK
r-oldrel-macos-arm64 1.0.0 17.00 NOTE
r-oldrel-windows-x86_64 1.0.0 4.00 50.00 54.00 OK

Check Details

Version: 1.0.0
Check: dependencies in R code
Result: NOTE Namespace in Imports field not imported from: ‘crul’ All declared Imports should be used. Flavors: r-devel-linux-x86_64-fedora-clang, r-devel-linux-x86_64-fedora-gcc, r-oldrel-macos-arm64