Last updated on 2023-11-30 20:48:54 CET.
Flavor | Version | Tinstall | Tcheck | Ttotal | Status | Flags |
---|---|---|---|---|---|---|
r-devel-linux-x86_64-debian-clang | 0.2 | 52.14 | 476.82 | 528.96 | NOTE | |
r-devel-linux-x86_64-debian-gcc | 0.2 | 38.13 | 347.53 | 385.66 | NOTE | |
r-devel-linux-x86_64-fedora-clang | 0.2 | 676.77 | OK | |||
r-devel-linux-x86_64-fedora-gcc | 0.2 | 426.40 | OK | |||
r-devel-windows-x86_64 | 0.2 | 39.00 | 318.00 | 357.00 | OK | |
r-patched-linux-x86_64 | 0.2 | 38.10 | 444.20 | 482.30 | OK | |
r-release-linux-x86_64 | 0.2 | 39.18 | 442.25 | 481.43 | OK | |
r-release-macos-arm64 | 0.2 | 8.00 | ERROR | |||
r-release-macos-x86_64 | 0.2 | 12.00 | ERROR | |||
r-release-windows-x86_64 | 0.2 | 53.00 | 446.00 | 499.00 | OK | |
r-oldrel-macos-arm64 | 0.2 | 9.00 | ERROR | |||
r-oldrel-macos-x86_64 | 0.2 | 10.00 | ERROR | |||
r-oldrel-windows-x86_64 | 0.2 | 56.00 | 393.00 | 449.00 | OK |
Version: 0.2
Check: Rd files
Result: NOTE
checkRd: (-1) HiC2Tree.Rd:29: Lost braces in \itemize; \value handles \item{}{} directly
checkRd: (-1) HiC2Tree.Rd:30-31: Lost braces in \itemize; \value handles \item{}{} directly
checkRd: (-1) HiC2Tree.Rd:32-33: Lost braces in \itemize; \value handles \item{}{} directly
checkRd: (-1) HiC2Tree.Rd:34: Lost braces in \itemize; \value handles \item{}{} directly
checkRd: (-1) treediff.Rd:46: Lost braces in \itemize; \value handles \item{}{} directly
checkRd: (-1) treediff.Rd:47-48: Lost braces in \itemize; \value handles \item{}{} directly
checkRd: (-1) treediff.Rd:49-50: Lost braces in \itemize; \value handles \item{}{} directly
checkRd: (-1) treediff.Rd:51-52: Lost braces in \itemize; \value handles \item{}{} directly
checkRd: (-1) treediff.Rd:53-54: Lost braces in \itemize; \value handles \item{}{} directly
Flavors: r-devel-linux-x86_64-debian-clang, r-devel-linux-x86_64-debian-gcc
Version: 0.2
Check: package dependencies
Result: ERROR
Packages required but not available: 'csaw', 'HiCDOC'
See section ‘The DESCRIPTION file’ in the ‘Writing R Extensions’
manual.
Flavors: r-release-macos-arm64, r-release-macos-x86_64, r-oldrel-macos-arm64, r-oldrel-macos-x86_64