Last updated on 2025-05-09 20:50:06 CEST.
Flavor | Version | Tinstall | Tcheck | Ttotal | Status | Flags |
---|---|---|---|---|---|---|
r-devel-linux-x86_64-debian-clang | 1.0.1 | 2.91 | 27.90 | 30.81 | NOTE | |
r-devel-linux-x86_64-debian-gcc | 1.0.1 | 2.26 | 20.54 | 22.80 | NOTE | |
r-devel-linux-x86_64-fedora-clang | 1.0.1 | 51.55 | OK | |||
r-devel-linux-x86_64-fedora-gcc | 1.0.1 | 49.32 | OK | |||
r-devel-windows-x86_64 | 1.0.1 | 5.00 | 47.00 | 52.00 | OK | |
r-patched-linux-x86_64 | 1.0.1 | 3.57 | 26.32 | 29.89 | OK | |
r-release-linux-x86_64 | 1.0.1 | 2.97 | 26.28 | 29.25 | OK | |
r-release-macos-arm64 | 1.0.1 | 19.00 | OK | |||
r-release-macos-x86_64 | 1.0.1 | 29.00 | OK | |||
r-release-windows-x86_64 | 1.0.1 | 6.00 | 48.00 | 54.00 | OK | |
r-oldrel-macos-arm64 | 1.0.1 | 18.00 | OK | |||
r-oldrel-macos-x86_64 | 1.0.1 | 25.00 | OK | |||
r-oldrel-windows-x86_64 | 1.0.1 | 7.00 | 58.00 | 65.00 | OK |
Version: 1.0.1
Check: CRAN incoming feasibility
Result: NOTE
Maintainer: ‘Sophie Kersting <sophie_kersting@gmx.de>’
The Description field contains
Kersting, and L. Kühn (2023) <arXiv:2307.14537>, which provides precise
Please refer to arXiv e-prints via their arXiv DOI <doi:10.48550/arXiv.YYMM.NNNNN>.
Flavors: r-devel-linux-x86_64-debian-clang, r-devel-linux-x86_64-debian-gcc