Last updated on 2025-02-21 19:50:43 CET.
Flavor | Version | Tinstall | Tcheck | Ttotal | Status | Flags |
---|---|---|---|---|---|---|
r-devel-linux-x86_64-debian-clang | 1.1-7 | 2.30 | 20.26 | 22.56 | NOTE | |
r-devel-linux-x86_64-debian-gcc | 1.1-7 | 1.69 | 15.64 | 17.33 | NOTE | |
r-devel-linux-x86_64-fedora-clang | 1.1-7 | 39.97 | OK | |||
r-devel-linux-x86_64-fedora-gcc | 1.1-7 | 34.72 | OK | |||
r-devel-macos-arm64 | 1.1-7 | 16.00 | OK | |||
r-devel-macos-x86_64 | 1.1-7 | 32.00 | OK | |||
r-devel-windows-x86_64 | 1.1-7 | 3.00 | 44.00 | 47.00 | NOTE | |
r-patched-linux-x86_64 | 1.1-7 | 2.27 | 19.49 | 21.76 | OK | |
r-release-linux-x86_64 | 1.1-7 | 2.14 | 19.43 | 21.57 | OK | |
r-release-macos-arm64 | 1.1-7 | 20.00 | OK | |||
r-release-macos-x86_64 | 1.1-7 | 26.00 | OK | |||
r-release-windows-x86_64 | 1.1-7 | 4.00 | 44.00 | 48.00 | OK | |
r-oldrel-macos-arm64 | 1.1-7 | 15.00 | OK | |||
r-oldrel-macos-x86_64 | 1.1-7 | 21.00 | OK | |||
r-oldrel-windows-x86_64 | 1.1-7 | 6.00 | 77.00 | 83.00 | OK |
Version: 1.1-7
Check: Rd cross-references
Result: NOTE
Found the following Rd file(s) with Rd \link{} targets missing package
anchors:
rpart.predict.leaves.Rd: rpart
treeClust.Rd: rpart.control
treeClust.dist.Rd: daisy
Please provide package anchors for all Rd \link{} targets not in the
package itself and the base packages.
Flavors: r-devel-linux-x86_64-debian-clang, r-devel-linux-x86_64-debian-gcc, r-devel-windows-x86_64