CRAN Package Check Results for Package trawl

Last updated on 2022-11-25 19:50:07 CET.

Flavor Version Tinstall Tcheck Ttotal Status Flags
r-devel-linux-x86_64-debian-clang 0.2.2 4.24 111.09 115.33 NOTE
r-devel-linux-x86_64-debian-gcc 0.2.2 2.66 83.51 86.17 NOTE
r-devel-linux-x86_64-fedora-clang 0.2.2 151.13 NOTE
r-devel-linux-x86_64-fedora-gcc 0.2.2 152.83 NOTE
r-devel-windows-x86_64 0.2.2 21.00 195.00 216.00 NOTE
r-patched-linux-x86_64 0.2.2 NOTE
r-release-linux-x86_64 0.2.2 3.47 108.35 111.82 NOTE
r-release-macos-arm64 0.2.2 55.00 NOTE
r-release-macos-x86_64 0.2.2 105.00 NOTE
r-release-windows-x86_64 0.2.2 29.00 193.00 222.00 NOTE
r-oldrel-macos-arm64 0.2.2 68.00 NOTE
r-oldrel-macos-x86_64 0.2.2 126.00 NOTE
r-oldrel-windows-ix86+x86_64 0.2.2 11.00 183.00 194.00 NOTE

Check Details

Version: 0.2.2
Check: LazyData
Result: NOTE
     'LazyData' is specified without a 'data' directory
Flavors: r-devel-linux-x86_64-debian-clang, r-devel-linux-x86_64-debian-gcc, r-devel-linux-x86_64-fedora-clang, r-devel-linux-x86_64-fedora-gcc, r-devel-windows-x86_64, r-patched-linux-x86_64, r-release-linux-x86_64, r-release-macos-arm64, r-release-macos-x86_64, r-release-windows-x86_64, r-oldrel-macos-arm64, r-oldrel-macos-x86_64, r-oldrel-windows-ix86+x86_64