Last updated on 2024-04-18 21:57:08 CEST.
Flavor | Version | Tinstall | Tcheck | Ttotal | Status | Flags |
---|---|---|---|---|---|---|
r-devel-linux-x86_64-debian-clang | 0.2.2 | 3.92 | 111.85 | 115.77 | NOTE | |
r-devel-linux-x86_64-debian-gcc | 0.2.2 | 3.58 | 84.88 | 88.46 | NOTE | |
r-devel-linux-x86_64-fedora-clang | 0.2.2 | 150.78 | NOTE | |||
r-devel-linux-x86_64-fedora-gcc | 0.2.2 | 157.39 | NOTE | |||
r-prerel-macos-arm64 | 0.2.2 | 64.00 | NOTE | |||
r-prerel-windows-x86_64 | 0.2.2 | 6.00 | 174.00 | 180.00 | NOTE | |
r-patched-linux-x86_64 | 0.2.2 | 4.62 | 112.16 | 116.78 | NOTE | |
r-release-linux-x86_64 | 0.2.2 | 3.63 | 114.03 | 117.66 | NOTE | |
r-release-macos-arm64 | 0.2.2 | 69.00 | NOTE | |||
r-release-macos-x86_64 | 0.2.2 | 101.00 | NOTE | |||
r-release-windows-x86_64 | 0.2.2 | 6.00 | 171.00 | 177.00 | NOTE | |
r-oldrel-macos-arm64 | 0.2.2 | 55.00 | NOTE | |||
r-oldrel-windows-x86_64 | 0.2.2 | 6.00 | 169.00 | 175.00 | NOTE |
Version: 0.2.2
Check: LazyData
Result: NOTE
'LazyData' is specified without a 'data' directory
Flavors: r-devel-linux-x86_64-debian-clang, r-devel-linux-x86_64-debian-gcc, r-devel-linux-x86_64-fedora-clang, r-devel-linux-x86_64-fedora-gcc, r-prerel-macos-arm64, r-prerel-windows-x86_64, r-patched-linux-x86_64, r-release-linux-x86_64, r-release-macos-arm64, r-release-macos-x86_64, r-release-windows-x86_64, r-oldrel-macos-arm64, r-oldrel-windows-x86_64