Last updated on 2023-11-30 20:48:54 CET.
Flavor | Version | Tinstall | Tcheck | Ttotal | Status | Flags |
---|---|---|---|---|---|---|
r-devel-linux-x86_64-debian-clang | 0.1.0 | 11.45 | 283.42 | 294.87 | NOTE | |
r-devel-linux-x86_64-debian-gcc | 0.1.0 | 9.96 | 202.25 | 212.21 | NOTE | |
r-devel-linux-x86_64-fedora-clang | 0.1.0 | 348.31 | OK | |||
r-devel-linux-x86_64-fedora-gcc | 0.1.0 | 363.61 | OK | |||
r-devel-windows-x86_64 | 0.1.0 | 11.00 | 220.00 | 231.00 | OK | |
r-patched-linux-x86_64 | 0.1.0 | 7.59 | 263.34 | 270.93 | OK | |
r-release-linux-x86_64 | 0.1.0 | 7.68 | 265.16 | 272.84 | OK | |
r-release-macos-arm64 | 0.1.0 | 102.00 | OK | |||
r-release-macos-x86_64 | 0.1.0 | 274.00 | OK | |||
r-release-windows-x86_64 | 0.1.0 | 14.00 | 273.00 | 287.00 | OK | |
r-oldrel-macos-arm64 | 0.1.0 | 94.00 | OK | |||
r-oldrel-macos-x86_64 | 0.1.0 | 139.00 | OK | |||
r-oldrel-windows-x86_64 | 0.1.0 | 15.00 | 276.00 | 291.00 | OK |
Version: 0.1.0
Check: Rd files
Result: NOTE
checkRd: (-1) trait_missing.Rd:17-18: Lost braces in \itemize; \value handles \item{}{} directly
checkRd: (-1) trait_missing.Rd:19-20: Lost braces in \itemize; \value handles \item{}{} directly
checkRd: (-1) trait_missing.Rd:21-22: Lost braces in \itemize; \value handles \item{}{} directly
checkRd: (-1) trait_missing.Rd:23-24: Lost braces in \itemize; \value handles \item{}{} directly
Flavors: r-devel-linux-x86_64-debian-clang, r-devel-linux-x86_64-debian-gcc