Last updated on 2023-01-26 19:49:42 CET.
Flavor | Version | Tinstall | Tcheck | Ttotal | Status | Flags |
---|---|---|---|---|---|---|
r-devel-linux-x86_64-debian-clang | 1.0.1 | 6.19 | 63.15 | 69.34 | NOTE | |
r-devel-linux-x86_64-debian-gcc | 1.0.1 | 6.06 | 48.08 | 54.14 | NOTE | |
r-devel-linux-x86_64-fedora-clang | 1.0.1 | 92.40 | NOTE | |||
r-devel-linux-x86_64-fedora-gcc | 1.0.1 | 98.75 | NOTE | |||
r-patched-linux-x86_64 | 1.0.1 | 7.19 | 60.47 | 67.66 | NOTE | |
r-release-linux-x86_64 | 1.0.1 | 7.78 | 59.50 | 67.28 | NOTE | |
r-release-macos-arm64 | 1.0.1 | 28.00 | NOTE | |||
r-release-macos-x86_64 | 1.0.1 | 39.00 | NOTE | |||
r-release-windows-x86_64 | 1.0.1 | 44.00 | 110.00 | 154.00 | NOTE | |
r-oldrel-macos-arm64 | 1.0.1 | 32.00 | NOTE | |||
r-oldrel-macos-x86_64 | 1.0.1 | 51.00 | NOTE | |||
r-oldrel-windows-ix86+x86_64 | 1.0.1 | 16.00 | 97.00 | 113.00 | NOTE |
Version: 1.0.1
Check: LazyData
Result: NOTE
'LazyData' is specified without a 'data' directory
Flavors: r-devel-linux-x86_64-debian-clang, r-devel-linux-x86_64-debian-gcc, r-devel-linux-x86_64-fedora-clang, r-devel-linux-x86_64-fedora-gcc, r-patched-linux-x86_64, r-release-linux-x86_64, r-release-macos-arm64, r-release-macos-x86_64, r-release-windows-x86_64, r-oldrel-macos-arm64, r-oldrel-macos-x86_64, r-oldrel-windows-ix86+x86_64