Last updated on 2023-06-06 21:01:07 CEST.
Flavor | Version | Tinstall | Tcheck | Ttotal | Status | Flags |
---|---|---|---|---|---|---|
r-devel-linux-x86_64-debian-clang | 1.0.0 | 1.90 | 25.48 | 27.38 | NOTE | |
r-devel-linux-x86_64-debian-gcc | 1.0.0 | 1.62 | 20.24 | 21.86 | NOTE | |
r-devel-linux-x86_64-fedora-clang | 1.0.0 | 35.66 | NOTE | |||
r-devel-linux-x86_64-fedora-gcc | 1.0.0 | 33.54 | NOTE | |||
r-devel-windows-x86_64 | 1.0.0 | 4.00 | 42.00 | 46.00 | NOTE | |
r-patched-linux-x86_64 | 1.0.0 | 2.22 | 24.77 | 26.99 | NOTE | |
r-release-linux-x86_64 | 1.0.0 | 2.24 | 24.74 | 26.98 | NOTE | |
r-release-macos-arm64 | 1.0.0 | 22.00 | NOTE | |||
r-release-macos-x86_64 | 1.0.0 | 31.00 | NOTE | |||
r-release-windows-x86_64 | 1.0.0 | 4.00 | 41.00 | 45.00 | NOTE | |
r-oldrel-macos-arm64 | 1.0.0 | 23.00 | NOTE | |||
r-oldrel-macos-x86_64 | 1.0.0 | 28.00 | NOTE | |||
r-oldrel-windows-x86_64 | 1.0.0 | 3.00 | 45.00 | 48.00 | NOTE |
Version: 1.0.0
Check: LazyData
Result: NOTE
'LazyData' is specified without a 'data' directory
Flavors: r-devel-linux-x86_64-debian-clang, r-devel-linux-x86_64-debian-gcc, r-devel-linux-x86_64-fedora-clang, r-devel-linux-x86_64-fedora-gcc, r-devel-windows-x86_64, r-patched-linux-x86_64, r-release-linux-x86_64, r-release-macos-arm64, r-release-macos-x86_64, r-release-windows-x86_64, r-oldrel-macos-arm64, r-oldrel-macos-x86_64, r-oldrel-windows-x86_64