CRAN Package Check Results for Package toprdata

Last updated on 2022-09-28 21:51:52 CEST.

Flavor Version Tinstall Tcheck Ttotal Status Flags
r-devel-linux-x86_64-debian-clang 1.0.1 44.92 36.12 81.04 OK
r-devel-linux-x86_64-debian-gcc 1.0.1 38.03 28.54 66.57 OK
r-devel-linux-x86_64-fedora-clang 1.0.1 121.36 NOTE
r-devel-linux-x86_64-fedora-gcc 1.0.1 120.30 OK
r-devel-windows-x86_64 1.0.1 47.00 70.00 117.00 NOTE
r-patched-linux-x86_64 1.0.1 43.20 34.86 78.06 OK
r-release-linux-x86_64 1.0.1 45.46 34.82 80.28 OK
r-release-macos-arm64 1.0.1 56.00 NOTE
r-release-macos-x86_64 1.0.1 57.00 NOTE
r-release-windows-x86_64 1.0.1 44.00 62.00 106.00 NOTE
r-oldrel-macos-arm64 1.0.1 52.00 NOTE
r-oldrel-macos-x86_64 1.0.1 64.00 NOTE
r-oldrel-windows-ix86+x86_64 1.0.1 64.00 64.00 128.00 NOTE

Check Details

Version: 1.0.1
Check: installed package size
Result: NOTE
     installed size is 7.3Mb
     sub-directories of 1Mb or more:
     data 7.2Mb
Flavors: r-devel-linux-x86_64-fedora-clang, r-devel-windows-x86_64, r-release-macos-arm64, r-release-macos-x86_64, r-release-windows-x86_64, r-oldrel-macos-arm64, r-oldrel-macos-x86_64, r-oldrel-windows-ix86+x86_64