Last updated on 2024-07-17 20:57:14 CEST.
Flavor | Version | Tinstall | Tcheck | Ttotal | Status | Flags |
---|---|---|---|---|---|---|
r-devel-linux-x86_64-debian-clang | 0.0.1 | 6.36 | 56.99 | 63.35 | NOTE | |
r-devel-linux-x86_64-debian-gcc | 0.0.1 | 5.12 | 44.39 | 49.51 | NOTE | |
r-devel-linux-x86_64-fedora-clang | 0.0.1 | 84.40 | NOTE | |||
r-devel-linux-x86_64-fedora-gcc | 0.0.1 | 77.86 | NOTE | |||
r-devel-windows-x86_64 | 0.0.1 | 7.00 | 63.00 | 70.00 | NOTE | |
r-patched-linux-x86_64 | 0.0.1 | 5.83 | 57.40 | 63.23 | NOTE | |
r-release-linux-x86_64 | 0.0.1 | 4.99 | 57.83 | 62.82 | NOTE | |
r-release-macos-arm64 | 0.0.1 | 28.00 | NOTE | |||
r-release-macos-x86_64 | 0.0.1 | 41.00 | NOTE | |||
r-release-windows-x86_64 | 0.0.1 | 7.00 | 65.00 | 72.00 | NOTE | |
r-oldrel-macos-arm64 | 0.0.1 | 27.00 | OK | |||
r-oldrel-macos-x86_64 | 0.0.1 | 43.00 | OK | |||
r-oldrel-windows-x86_64 | 0.0.1 | 9.00 | 70.00 | 79.00 | OK |
Version: 0.0.1
Check: Rd files
Result: NOTE
checkRd: (-1) fixed_width_no_modeling.Rd:26: Lost braces in \itemize; \value handles \item{}{} directly
checkRd: (-1) fixed_width_no_modeling.Rd:27: Lost braces in \itemize; \value handles \item{}{} directly
checkRd: (-1) fixed_width_no_modeling.Rd:28: Lost braces in \itemize; \value handles \item{}{} directly
Flavors: r-devel-linux-x86_64-debian-clang, r-devel-linux-x86_64-debian-gcc, r-devel-linux-x86_64-fedora-clang, r-devel-linux-x86_64-fedora-gcc, r-devel-windows-x86_64, r-patched-linux-x86_64, r-release-linux-x86_64, r-release-macos-arm64, r-release-macos-x86_64, r-release-windows-x86_64