Last updated on 2024-04-16 21:50:46 CEST.
Flavor | Version | Tinstall | Tcheck | Ttotal | Status | Flags |
---|---|---|---|---|---|---|
r-devel-linux-x86_64-debian-clang | 0.0.1 | 7.01 | 56.99 | 64.00 | NOTE | |
r-devel-linux-x86_64-debian-gcc | 0.0.1 | 5.20 | 44.53 | 49.73 | NOTE | |
r-devel-linux-x86_64-fedora-clang | 0.0.1 | 82.34 | NOTE | |||
r-devel-linux-x86_64-fedora-gcc | 0.0.1 | 78.31 | NOTE | |||
r-prerel-macos-arm64 | 0.0.1 | 28.00 | NOTE | |||
r-prerel-windows-x86_64 | 0.0.1 | 8.00 | 62.00 | 70.00 | NOTE | |
r-patched-linux-x86_64 | 0.0.1 | 6.34 | 57.01 | 63.35 | NOTE | |
r-release-linux-x86_64 | 0.0.1 | 6.08 | 55.40 | 61.48 | OK | |
r-release-macos-arm64 | 0.0.1 | 27.00 | OK | |||
r-release-macos-x86_64 | 0.0.1 | 43.00 | OK | |||
r-release-windows-x86_64 | 0.0.1 | 8.00 | 67.00 | 75.00 | OK | |
r-oldrel-macos-arm64 | 0.0.1 | 29.00 | OK | |||
r-oldrel-windows-x86_64 | 0.0.1 | 8.00 | 73.00 | 81.00 | OK |
Version: 0.0.1
Check: Rd files
Result: NOTE
checkRd: (-1) fixed_width_no_modeling.Rd:26: Lost braces in \itemize; \value handles \item{}{} directly
checkRd: (-1) fixed_width_no_modeling.Rd:27: Lost braces in \itemize; \value handles \item{}{} directly
checkRd: (-1) fixed_width_no_modeling.Rd:28: Lost braces in \itemize; \value handles \item{}{} directly
Flavors: r-devel-linux-x86_64-debian-clang, r-devel-linux-x86_64-debian-gcc, r-devel-linux-x86_64-fedora-clang, r-devel-linux-x86_64-fedora-gcc, r-prerel-macos-arm64, r-prerel-windows-x86_64, r-patched-linux-x86_64