Last updated on 2024-04-19 20:56:54 CEST.
Flavor | Version | Tinstall | Tcheck | Ttotal | Status | Flags |
---|---|---|---|---|---|---|
r-devel-linux-x86_64-debian-clang | 0.1.1 | 2.36 | 21.45 | 23.81 | NOTE | |
r-devel-linux-x86_64-debian-gcc | 0.1.1 | NOTE | ||||
r-devel-linux-x86_64-fedora-clang | 0.1.1 | 30.66 | NOTE | |||
r-devel-linux-x86_64-fedora-gcc | 0.1.1 | 28.81 | NOTE | |||
r-prerel-macos-arm64 | 0.1.1 | 15.00 | NOTE | |||
r-prerel-windows-x86_64 | 0.1.1 | 3.00 | 40.00 | 43.00 | NOTE | |
r-patched-linux-x86_64 | 0.1.1 | 2.29 | 21.47 | 23.76 | NOTE | |
r-release-linux-x86_64 | 0.1.1 | 2.10 | 20.88 | 22.98 | OK | |
r-release-macos-arm64 | 0.1.1 | 17.00 | OK | |||
r-release-macos-x86_64 | 0.1.1 | 19.00 | OK | |||
r-release-windows-x86_64 | 0.1.1 | 5.00 | 42.00 | 47.00 | OK | |
r-oldrel-macos-arm64 | 0.1.1 | 17.00 | OK | |||
r-oldrel-windows-x86_64 | 0.1.1 | 10.00 | 53.00 | 63.00 | OK |
Version: 0.1.1
Check: Rd files
Result: NOTE
checkRd: (-1) jsonStr.Rd:5: Lost braces; missing escapes or markup?
5 | \title{Format data as a JSON object (like this: {"x": "120"}).}
| ^
checkRd: (-1) jsonStr.Rd:18: Lost braces; missing escapes or markup?
18 | Format data as a JSON object (like this: {"x": "120"}).
| ^
Flavors: r-devel-linux-x86_64-debian-clang, r-devel-linux-x86_64-debian-gcc, r-devel-linux-x86_64-fedora-clang, r-devel-linux-x86_64-fedora-gcc, r-prerel-macos-arm64, r-prerel-windows-x86_64, r-patched-linux-x86_64