Last updated on 2024-04-17 20:57:52 CEST.
Flavor | Version | Tinstall | Tcheck | Ttotal | Status | Flags |
---|---|---|---|---|---|---|
r-devel-linux-x86_64-debian-clang | 1.0.1 | 2.89 | 28.11 | 31.00 | OK | |
r-devel-linux-x86_64-debian-gcc | 1.0.1 | 1.99 | 21.65 | 23.64 | OK | |
r-devel-linux-x86_64-fedora-clang | 1.0.1 | 38.74 | NOTE | |||
r-devel-linux-x86_64-fedora-gcc | 1.0.1 | 36.70 | NOTE | |||
r-prerel-macos-arm64 | 1.0.1 | 18.00 | OK | |||
r-prerel-windows-x86_64 | 1.0.1 | 4.00 | 46.00 | 50.00 | OK | |
r-patched-linux-x86_64 | 1.0.1 | 1.92 | 26.23 | 28.15 | OK | |
r-release-linux-x86_64 | 1.0.1 | 1.66 | 26.99 | 28.65 | OK | |
r-release-macos-arm64 | 1.0.1 | 19.00 | OK | |||
r-release-macos-x86_64 | 1.0.1 | 23.00 | OK | |||
r-release-windows-x86_64 | 1.0.1 | 4.00 | 44.00 | 48.00 | OK | |
r-oldrel-macos-arm64 | 1.0.1 | 18.00 | NOTE | |||
r-oldrel-windows-x86_64 | 1.0.1 | 4.00 | 48.00 | 52.00 | OK |
Version: 1.0.1
Check: dependencies in R code
Result: NOTE
Namespace in Imports field not imported from: ‘testthat’
All declared Imports should be used.
Flavors: r-devel-linux-x86_64-fedora-clang, r-devel-linux-x86_64-fedora-gcc, r-oldrel-macos-arm64