Last updated on 2024-04-23 20:52:21 CEST.
Flavor | Version | Tinstall | Tcheck | Ttotal | Status | Flags |
---|---|---|---|---|---|---|
r-devel-linux-x86_64-debian-clang | 0.1.3 | 54.06 | 29.50 | 83.56 | NOTE | |
r-devel-linux-x86_64-debian-gcc | 0.1.3 | 44.11 | 23.20 | 67.31 | NOTE | |
r-devel-linux-x86_64-fedora-clang | 0.1.3 | 121.31 | NOTE | |||
r-devel-linux-x86_64-fedora-gcc | 0.1.3 | 118.10 | NOTE | |||
r-prerel-macos-arm64 | 0.1.3 | 28.00 | NOTE | |||
r-prerel-windows-x86_64 | 0.1.3 | 42.00 | 65.00 | 107.00 | NOTE | |
r-patched-linux-x86_64 | 0.1.3 | 47.14 | 29.03 | 76.17 | NOTE | |
r-release-linux-x86_64 | 0.1.3 | 46.97 | 28.69 | 75.66 | NOTE | |
r-release-macos-arm64 | 0.1.3 | 32.00 | NOTE | |||
r-release-macos-x86_64 | 0.1.3 | 55.00 | NOTE | |||
r-release-windows-x86_64 | 0.1.3 | 51.00 | 120.00 | 171.00 | NOTE | |
r-oldrel-macos-arm64 | 0.1.3 | 31.00 | OK | |||
r-oldrel-windows-x86_64 | 0.1.3 | 49.00 | 71.00 | 120.00 | OK |
Version: 0.1.3
Check: C++ specification
Result: NOTE
Specified C++11: please drop specification unless essential
Flavors: r-devel-linux-x86_64-debian-clang, r-devel-linux-x86_64-debian-gcc, r-devel-linux-x86_64-fedora-clang, r-devel-linux-x86_64-fedora-gcc, r-prerel-macos-arm64, r-prerel-windows-x86_64, r-patched-linux-x86_64, r-release-linux-x86_64, r-release-macos-arm64, r-release-macos-x86_64, r-release-windows-x86_64