CRAN Package Check Results for Package tmle

Last updated on 2025-07-15 21:50:41 CEST.

Flavor Version Tinstall Tcheck Ttotal Status Flags
r-devel-linux-x86_64-debian-clang 2.0.1.1 10.69 74.81 85.50 NOTE
r-devel-linux-x86_64-debian-gcc 2.0.1.1 6.89 54.00 60.89 NOTE
r-devel-linux-x86_64-fedora-clang 2.0.1.1 131.22 OK
r-devel-linux-x86_64-fedora-gcc 2.0.1.1 124.97 OK
r-devel-windows-x86_64 2.0.1.1 10.00 79.00 89.00 NOTE
r-patched-linux-x86_64 2.0.1.1 10.48 70.27 80.75 NOTE
r-release-linux-x86_64 2.0.1.1 9.42 69.89 79.31 NOTE
r-release-macos-arm64 2.0.1.1 40.00 OK
r-release-macos-x86_64 2.0.1.1 83.00 OK
r-release-windows-x86_64 2.0.1.1 11.00 92.00 103.00 NOTE
r-oldrel-macos-arm64 2.0.1.1 39.00 OK
r-oldrel-macos-x86_64 2.0.1.1 61.00 OK
r-oldrel-windows-x86_64 2.0.1.1 15.00 102.00 117.00 OK

Check Details

Version: 2.0.1.1
Check: Rd cross-references
Result: NOTE Found the following Rd file(s) with Rd \link{} targets missing package anchors: tmle.Sl.dbarts2.Rd: SuperLearner Please provide package anchors for all Rd \link{} targets not in the package itself and the base packages. Flavors: r-devel-linux-x86_64-debian-clang, r-devel-linux-x86_64-debian-gcc, r-devel-windows-x86_64, r-patched-linux-x86_64, r-release-linux-x86_64, r-release-windows-x86_64