Last updated on 2024-03-27 19:57:08 CET.
Flavor | Version | Tinstall | Tcheck | Ttotal | Status | Flags |
---|---|---|---|---|---|---|
r-devel-linux-x86_64-debian-clang | 1.0.91 | 160.17 | 179.12 | 339.29 | NOTE | |
r-devel-linux-x86_64-debian-gcc | 1.0.91 | 144.68 | 141.27 | 285.95 | NOTE | |
r-devel-linux-x86_64-fedora-clang | 1.0.91 | 423.64 | NOTE | |||
r-devel-linux-x86_64-fedora-gcc | 1.0.91 | 495.22 | NOTE | |||
r-devel-windows-x86_64 | 1.0.91 | 128.00 | 149.00 | 277.00 | NOTE | |
r-patched-linux-x86_64 | 1.0.91 | 136.93 | 183.11 | 320.04 | NOTE | |
r-release-linux-x86_64 | 1.0.91 | 0.02 | 1.87 | 1.89 | ERROR | |
r-release-macos-arm64 | 1.0.91 | 84.00 | NOTE | |||
r-release-macos-x86_64 | 1.0.91 | 214.00 | NOTE | |||
r-release-windows-x86_64 | 1.0.91 | 165.00 | 187.00 | 352.00 | NOTE | |
r-oldrel-macos-arm64 | 1.0.91 | 83.00 | NOTE | |||
r-oldrel-windows-x86_64 | 1.0.91 | 157.00 | 178.00 | 335.00 | NOTE |
Version: 1.0.91
Check: for GNU extensions in Makefiles
Result: NOTE
GNU make is a SystemRequirements.
Flavors: r-devel-linux-x86_64-debian-clang, r-devel-linux-x86_64-debian-gcc, r-devel-linux-x86_64-fedora-clang, r-devel-linux-x86_64-fedora-gcc, r-devel-windows-x86_64, r-patched-linux-x86_64, r-release-macos-arm64, r-release-macos-x86_64, r-release-windows-x86_64, r-oldrel-macos-arm64, r-oldrel-windows-x86_64
Version: 1.0.91
Check: whether package can be installed
Result: ERROR
Installation failed.
Flavor: r-release-linux-x86_64
Version: 1.0.91
Check: installed package size
Result: NOTE
installed size is 29.1Mb
sub-directories of 1Mb or more:
libs 28.8Mb
Flavors: r-release-macos-arm64, r-release-macos-x86_64, r-oldrel-macos-arm64