Last updated on 2025-05-07 20:49:59 CEST.
Flavor | Version | Tinstall | Tcheck | Ttotal | Status | Flags |
---|---|---|---|---|---|---|
r-devel-linux-x86_64-debian-clang | 0.1.0 | 2.08 | 17.82 | 19.90 | OK | |
r-devel-linux-x86_64-debian-gcc | 0.1.0 | 1.47 | 14.18 | 15.65 | OK | |
r-devel-linux-x86_64-fedora-clang | 0.1.0 | 31.01 | OK | |||
r-devel-linux-x86_64-fedora-gcc | 0.1.0 | 28.65 | OK | |||
r-devel-windows-x86_64 | 0.1.0 | 3.00 | 112.00 | 115.00 | OK | |
r-patched-linux-x86_64 | 0.1.0 | 1.88 | 17.10 | 18.98 | OK | |
r-release-linux-x86_64 | 0.1.0 | 1.90 | 16.85 | 18.75 | OK | |
r-release-macos-arm64 | 0.1.0 | 15.00 | OK | |||
r-release-macos-x86_64 | 0.1.0 | 22.00 | OK | |||
r-release-windows-x86_64 | 0.1.0 | 4.00 | 50.00 | 54.00 | OK | |
r-oldrel-macos-arm64 | 0.1.0 | 18.00 | NOTE | |||
r-oldrel-macos-x86_64 | 0.1.0 | 22.00 | NOTE | |||
r-oldrel-windows-x86_64 | 0.1.0 | 3.00 | 38.00 | 41.00 | NOTE |
Version: 0.1.0
Check: LazyData
Result: NOTE
'LazyData' is specified without a 'data' directory
Flavors: r-oldrel-macos-arm64, r-oldrel-macos-x86_64, r-oldrel-windows-x86_64