CRAN Package Check Results for Package tippy

Last updated on 2024-05-18 21:27:34 CEST.

Flavor Version Tinstall Tcheck Ttotal Status Flags
r-devel-linux-x86_64-debian-clang 0.1.0 2.37 30.37 32.74 NOTE
r-devel-linux-x86_64-debian-gcc 0.1.0 2.53 23.51 26.04 NOTE
r-devel-linux-x86_64-fedora-clang 0.1.0 42.18 NOTE
r-devel-linux-x86_64-fedora-gcc 0.1.0 58.77 NOTE
r-devel-windows-x86_64 0.1.0 4.00 50.00 54.00 NOTE
r-patched-linux-x86_64 0.1.0 3.31 29.43 32.74 NOTE
r-release-linux-x86_64 0.1.0 2.82 29.10 31.92 NOTE
r-release-macos-arm64 0.1.0 19.00 NOTE
r-release-windows-x86_64 0.1.0 5.00 51.00 56.00 NOTE
r-oldrel-macos-arm64 0.1.0 18.00 NOTE
r-oldrel-macos-x86_64 0.1.0 25.00 NOTE
r-oldrel-windows-x86_64 0.1.0 5.00 52.00 57.00 NOTE

Check Details

Version: 0.1.0
Check: LazyData
Result: NOTE 'LazyData' is specified without a 'data' directory Flavors: r-devel-linux-x86_64-debian-clang, r-devel-linux-x86_64-debian-gcc, r-devel-linux-x86_64-fedora-clang, r-devel-linux-x86_64-fedora-gcc, r-devel-windows-x86_64, r-patched-linux-x86_64, r-release-linux-x86_64, r-release-macos-arm64, r-release-windows-x86_64, r-oldrel-macos-arm64, r-oldrel-macos-x86_64, r-oldrel-windows-x86_64