CRAN Package Check Results for Package tinyarray

Last updated on 2023-01-27 20:49:25 CET.

Flavor Version Tinstall Tcheck Ttotal Status Flags
r-devel-linux-x86_64-debian-clang 2.2.7 40.93 351.44 392.37 OK
r-devel-linux-x86_64-debian-gcc 2.2.7 30.95 260.59 291.54 OK
r-devel-linux-x86_64-fedora-clang 2.2.7 468.68 NOTE
r-devel-linux-x86_64-fedora-gcc 2.2.7 475.22 NOTE
r-patched-linux-x86_64 2.2.7 37.30 338.79 376.09 OK
r-release-linux-x86_64 2.2.7 37.50 303.22 340.72 OK
r-release-macos-arm64 2.2.7 122.00 NOTE
r-release-macos-x86_64 2.2.7 206.00 NOTE
r-release-windows-x86_64 2.2.7 69.00 385.00 454.00 OK
r-oldrel-macos-arm64 2.2.7 90.00 NOTE
r-oldrel-macos-x86_64 2.2.7 151.00 NOTE
r-oldrel-windows-ix86+x86_64 2.2.7 87.00 384.00 471.00 OK

Check Details

Version: 2.2.7
Check: data for non-ASCII characters
Result: NOTE
     Note: found 2 marked UTF-8 strings
Flavors: r-devel-linux-x86_64-fedora-clang, r-devel-linux-x86_64-fedora-gcc, r-release-macos-arm64, r-release-macos-x86_64, r-oldrel-macos-arm64, r-oldrel-macos-x86_64