Last updated on 2024-07-17 20:57:14 CEST.
Flavor | Version | Tinstall | Tcheck | Ttotal | Status | Flags |
---|---|---|---|---|---|---|
r-devel-linux-x86_64-debian-clang | 2.0.5 | 51.94 | 147.76 | 199.70 | OK | |
r-devel-linux-x86_64-debian-gcc | 2.0.5 | 41.33 | 120.12 | 161.45 | OK | |
r-devel-linux-x86_64-fedora-clang | 2.0.5 | 261.97 | OK | |||
r-devel-linux-x86_64-fedora-gcc | 2.0.5 | 262.58 | OK | |||
r-devel-windows-x86_64 | 2.0.5 | 50.00 | 134.00 | 184.00 | NOTE | |
r-patched-linux-x86_64 | 2.0.5 | 44.41 | 147.86 | 192.27 | OK | |
r-release-linux-x86_64 | 2.0.5 | 40.17 | 135.85 | 176.02 | OK | |
r-release-macos-arm64 | 2.0.5 | 71.00 | OK | |||
r-release-macos-x86_64 | 2.0.5 | 103.00 | OK | |||
r-release-windows-x86_64 | 2.0.5 | 50.00 | 135.00 | 185.00 | OK | |
r-oldrel-macos-arm64 | 2.0.5 | 81.00 | OK | |||
r-oldrel-macos-x86_64 | 2.0.5 | 137.00 | OK | |||
r-oldrel-windows-x86_64 | 2.0.5 | 61.00 | 166.00 | 227.00 | OK |
Version: 2.0.5
Check: Rd cross-references
Result: NOTE
Found the following Rd file(s) with Rd \link{} targets missing package
anchors:
comp.risk.Rd: Surv
res.mean.Rd: Surv
Please provide package anchors for all Rd \link{} targets not in the
package itself and the base packages.
Flavor: r-devel-windows-x86_64