CRAN Package Check Results for Package timelineS

Last updated on 2025-05-08 20:49:50 CEST.

Flavor Version Tinstall Tcheck Ttotal Status Flags
r-devel-linux-x86_64-debian-clang 0.1.1 5.41 55.84 61.25 NOTE
r-devel-linux-x86_64-debian-gcc 0.1.1 3.63 38.76 42.39 NOTE
r-devel-linux-x86_64-fedora-clang 0.1.1 84.01 NOTE
r-devel-linux-x86_64-fedora-gcc 0.1.1 84.63 NOTE
r-devel-windows-x86_64 0.1.1 7.00 66.00 73.00 OK
r-patched-linux-x86_64 0.1.1 5.72 48.14 53.86 OK
r-release-linux-x86_64 0.1.1 4.30 48.47 52.77 OK
r-release-macos-arm64 0.1.1 30.00 OK
r-release-macos-x86_64 0.1.1 45.00 OK
r-release-windows-x86_64 0.1.1 7.00 66.00 73.00 OK
r-oldrel-macos-arm64 0.1.1 26.00 OK
r-oldrel-macos-x86_64 0.1.1 38.00 OK
r-oldrel-windows-x86_64 0.1.1 8.00 77.00 85.00 OK

Check Details

Version: 0.1.1
Check: CRAN incoming feasibility
Result: NOTE Maintainer: ‘Dahee Lee <dhlee99@gmail.com>’ No Authors@R field in DESCRIPTION. Please add one, modifying Authors@R: c(person(given = "Dahee", family = "Lee", role = c("aut", "cre"), email = "dhlee99@gmail.com"), person(given = "Dustin", family = "Tingley", role = "aut")) as necessary. Found the following \keyword or \concept entries which likely give several index terms: File ‘life_exp.Rd’: \keyword{durPlot,} \keyword{durSummary,} Flavors: r-devel-linux-x86_64-debian-clang, r-devel-linux-x86_64-debian-gcc

Version: 0.1.1
Check: dependencies in R code
Result: NOTE Namespace in Imports field not imported from: ‘base’ All declared Imports should be used. Flavors: r-devel-linux-x86_64-fedora-clang, r-devel-linux-x86_64-fedora-gcc