CRAN Package Check Results for Package timeROC

Last updated on 2025-05-06 20:50:56 CEST.

Flavor Version Tinstall Tcheck Ttotal Status Flags
r-devel-linux-x86_64-debian-clang 0.4 9.40 80.63 90.03 NOTE
r-devel-linux-x86_64-debian-gcc 0.4 6.31 56.21 62.52 NOTE
r-devel-linux-x86_64-fedora-clang 0.4 141.21 NOTE
r-devel-linux-x86_64-fedora-gcc 0.4 131.75 NOTE
r-devel-windows-x86_64 0.4 11.00 89.00 100.00 NOTE
r-patched-linux-x86_64 0.4 8.72 74.86 83.58 NOTE
r-release-linux-x86_64 0.4 9.13 74.76 83.89 NOTE
r-release-macos-arm64 0.4 42.00 NOTE
r-release-macos-x86_64 0.4 76.00 NOTE
r-release-windows-x86_64 0.4 11.00 91.00 102.00 NOTE
r-oldrel-macos-arm64 0.4 43.00 NOTE
r-oldrel-macos-x86_64 0.4 74.00 NOTE
r-oldrel-windows-x86_64 0.4 15.00 111.00 126.00 NOTE

Check Details

Version: 0.4
Check: CRAN incoming feasibility
Result: NOTE Maintainer: ‘Paul Blanche <paulfblanche@gmail.com>’ No Authors@R field in DESCRIPTION. Please add one, modifying Authors@R: person(given = "Paul", family = "Blanche", role = c("aut", "cre"), email = "paulfblanche@gmail.com") as necessary. Package CITATION file contains call(s) to old-style personList() or as.personList(). Please use c() on person objects instead. Package CITATION file contains call(s) to old-style citEntry(). Please use bibentry() instead. Flavors: r-devel-linux-x86_64-debian-clang, r-devel-linux-x86_64-debian-gcc

Version: 0.4
Check: Rd files
Result: NOTE checkRd: (-1) compare.Rd:46: Escaped LaTeX specials: \& Flavors: r-devel-linux-x86_64-debian-clang, r-devel-linux-x86_64-debian-gcc, r-devel-linux-x86_64-fedora-clang, r-devel-linux-x86_64-fedora-gcc, r-devel-windows-x86_64, r-patched-linux-x86_64, r-release-linux-x86_64, r-release-macos-arm64, r-release-macos-x86_64, r-release-windows-x86_64, r-oldrel-macos-arm64, r-oldrel-macos-x86_64, r-oldrel-windows-x86_64