Last updated on 2025-05-16 20:49:39 CEST.
Flavor | Version | Tinstall | Tcheck | Ttotal | Status | Flags |
---|---|---|---|---|---|---|
r-devel-linux-x86_64-debian-clang | 0.31.1 | 130.68 | 173.95 | 304.63 | OK | |
r-devel-linux-x86_64-debian-gcc | 0.32.0 | 105.65 | 104.43 | 210.08 | OK | |
r-devel-linux-x86_64-fedora-clang | 0.32.0 | 497.98 | OK | |||
r-devel-linux-x86_64-fedora-gcc | 0.32.0 | 592.75 | OK | |||
r-devel-windows-x86_64 | 0.31.1 | 151.00 | 386.00 | 537.00 | OK | |
r-patched-linux-x86_64 | 0.31.1 | 149.90 | 167.94 | 317.84 | OK | |
r-release-linux-x86_64 | 0.31.1 | 141.57 | 168.14 | 309.71 | OK | |
r-release-macos-arm64 | 0.32.0 | 164.00 | OK | |||
r-release-macos-x86_64 | 0.32.0 | 417.00 | OK | |||
r-release-windows-x86_64 | 0.32.0 | 131.00 | 325.00 | 456.00 | ERROR | |
r-oldrel-macos-arm64 | 0.32.0 | 144.00 | NOTE | |||
r-oldrel-macos-x86_64 | 0.32.0 | 346.00 | ERROR | |||
r-oldrel-windows-x86_64 | 0.31.1 | 180.00 | 520.00 | 700.00 | NOTE |
Version: 0.32.0
Check: tests
Result: ERROR
Running 'pkgconfig-test.R' [1s]
Running 'tinytest.R' [26s]
Running the tests in 'tests/tinytest.R' failed.
Complete output:
> if (requireNamespace("tinytest", quietly = TRUE)) {
+ if (R.Version()$minor >= "2.0" && Sys.getenv("MY_UNIVERSE", "") == "") {
+ tinytest::test_package("tiledb")
+ }
+ }
test_aggregates.R............. 0 tests
test_aggregates.R............. 0 tests
test_aggregates.R............. 0 tests
test_aggregates.R............. 0 tests
test_aggregates.R............. 0 tests
Attaching package: 'palmerpenguins'
The following objects are masked from 'package:datasets':
penguins, penguins_raw
test_aggregates.R............. 0 tests
test_aggregates.R............. 0 tests
test_aggregates.R............. 1 tests <1b>[0;32mOK<1b>[0m
test_aggregates.R............. 2 tests <1b>[0;32mOK<1b>[0m
test_aggregates.R............. 2 tests <1b>[0;32mOK<1b>[0m
test_aggregates.R............. 3 tests <1b>[0;32mOK<1b>[0m
test_aggregates.R............. 4 tests <1b>[0;32mOK<1b>[0m
test_aggregates.R............. 5 tests <1b>[0;32mOK<1b>[0m
test_aggregates.R............. 6 tests <1b>[0;32mOK<1b>[0m
test_aggregates.R............. 7 tests <1b>[0;32mOK<1b>[0m
test_aggregates.R............. 8 tests <1b>[0;32mOK<1b>[0m
test_aggregates.R............. 9 tests <1b>[0;32mOK<1b>[0m
test_aggregates.R............. 10 tests <1b>[0;32mOK<1b>[0m
test_aggregates.R............. 11 tests <1b>[0;32mOK<1b>[0m
test_aggregates.R............. 12 tests <1b>[0;32mOK<1b>[0m
test_aggregates.R............. 13 tests <1b>[0;32mOK<1b>[0m
test_aggregates.R............. 14 tests <1b>[0;32mOK<1b>[0m
test_aggregates.R............. 14 tests <1b>[0;32mOK<1b>[0m
test_aggregates.R............. 14 tests <1b>[0;32mOK<1b>[0m
test_aggregates.R............. 14 tests <1b>[0;32mOK<1b>[0m
test_aggregates.R............. 15 tests <1b>[0;32mOK<1b>[0m
test_aggregates.R............. 15 tests <1b>[0;32mOK<1b>[0m
test_aggregates.R............. 15 tests <1b>[0;32mOK<1b>[0m
test_aggregates.R............. 16 tests <1b>[0;32mOK<1b>[0m
test_aggregates.R............. 16 tests <1b>[0;32mOK<1b>[0m
test_aggregates.R............. 16 tests <1b>[0;32mOK<1b>[0m
test_aggregates.R............. 17 tests <1b>[0;32mOK<1b>[0m <1b>[0;34m0.7s<1b>[0m
test_arrayschema.R............ 0 tests
test_arrayschema.R............ 0 tests
test_arrayschema.R............ 0 tests
test_arrayschema.R............ 0 tests
test_arrayschema.R............ 0 tests
test_arrayschema.R............ 0 tests
test_arrayschema.R............ 0 tests
test_arrayschema.R............ 0 tests
test_arrayschema.R............ 1 tests <1b>[0;32mOK<1b>[0m
test_arrayschema.R............ 1 tests <1b>[0;32mOK<1b>[0m
test_arrayschema.R............ 1 tests <1b>[0;32mOK<1b>[0m
test_arrayschema.R............ 1 tests <1b>[0;32mOK<1b>[0m
test_arrayschema.R............ 1 tests <1b>[0;32mOK<1b>[0m
test_arrayschema.R............ 1 tests <1b>[0;32mOK<1b>[0m
test_arrayschema.R............ 2 tests <1b>[0;32mOK<1b>[0m
test_arrayschema.R............ 2 tests <1b>[0;32mOK<1b>[0m
test_arrayschema.R............ 3 tests <1b>[0;32mOK<1b>[0m
test_arrayschema.R............ 4 tests <1b>[0;32mOK<1b>[0m
test_arrayschema.R............ 5 tests <1b>[0;32mOK<1b>[0m
test_arrayschema.R............ 5 tests <1b>[0;32mOK<1b>[0m
test_arrayschema.R............ 6 tests <1b>[0;32mOK<1b>[0m
test_arrayschema.R............ 7 tests <1b>[0;32mOK<1b>[0m
test_arrayschema.R............ 8 tests <1b>[0;32mOK<1b>[0m
test_arrayschema.R............ 9 tests <1b>[0;32mOK<1b>[0m
test_arrayschema.R............ 10 tests <1b>[0;32mOK<1b>[0m
test_arrayschema.R............ 10 tests <1b>[0;32mOK<1b>[0m
test_arrayschema.R............ 10 tests <1b>[0;32mOK<1b>[0m
test_arrayschema.R............ 10 tests <1b>[0;32mOK<1b>[0m
test_arrayschema.R............ 10 tests <1b>[0;32mOK<1b>[0m
test_arrayschema.R............ 10 tests <1b>[0;32mOK<1b>[0m
test_arrayschema.R............ 10 tests <1b>[0;32mOK<1b>[0m
test_arrayschema.R............ 10 tests <1b>[0;32mOK<1b>[0m
test_arrayschema.R............ 11 tests <1b>[0;32mOK<1b>[0m
test_arrayschema.R............ 11 tests <1b>[0;32mOK<1b>[0m
test_arrayschema.R............ 12 tests <1b>[0;32mOK<1b>[0m
test_arrayschema.R............ 13 tests <1b>[0;32mOK<1b>[0m
test_arrayschema.R............ 14 tests <1b>[0;32mOK<1b>[0m
test_arrayschema.R............ 15 tests <1b>[0;32mOK<1b>[0m
test_arrayschema.R............ 15 tests <1b>[0;32mOK<1b>[0m
test_arrayschema.R............ 16 tests <1b>[0;32mOK<1b>[0m
test_arrayschema.R............ 17 tests <1b>[0;32mOK<1b>[0m
test_arrayschema.R............ 18 tests <1b>[0;32mOK<1b>[0m
test_arrayschema.R............ 19 tests <1b>[0;32mOK<1b>[0m
test_arrayschema.R............ 20 tests <1b>[0;32mOK<1b>[0m
test_arrayschema.R............ 21 tests <1b>[0;32mOK<1b>[0m
test_arrayschema.R............ 21 tests <1b>[0;32mOK<1b>[0m
test_arrayschema.R............ 22 tests <1b>[0;32mOK<1b>[0m
test_arrayschema.R............ 23 tests <1b>[0;32mOK<1b>[0m
test_arrayschema.R............ 24 tests <1b>[0;32mOK<1b>[0m
test_arrayschema.R............ 25 tests <1b>[0;32mOK<1b>[0m
test_arrayschema.R............ 26 tests <1b>[0;32mOK<1b>[0m
test_arrayschema.R............ 26 tests <1b>[0;32mOK<1b>[0m
test_arrayschema.R............ 27 tests <1b>[0;32mOK<1b>[0m
test_arrayschema.R............ 28 tests <1b>[0;32mOK<1b>[0m
test_arrayschema.R............ 28 tests <1b>[0;32mOK<1b>[0m
test_arrayschema.R............ 28 tests <1b>[0;32mOK<1b>[0m
test_arrayschema.R............ 28 tests <1b>[0;32mOK<1b>[0m
test_arrayschema.R............ 28 tests <1b>[0;32mOK<1b>[0m
test_arrayschema.R............ 28 tests <1b>[0;32mOK<1b>[0m
test_arrayschema.R............ 28 tests <1b>[0;32mOK<1b>[0m
test_arrayschema.R............ 28 tests <1b>[0;32mOK<1b>[0m
test_arrayschema.R............ 29 tests <1b>[0;32mOK<1b>[0m
test_arrayschema.R............ 30 tests <1b>[0;32mOK<1b>[0m
test_arrayschema.R............ 31 tests <1b>[0;32mOK<1b>[0m
test_arrayschema.R............ 31 tests <1b>[0;32mOK<1b>[0m
test_arrayschema.R............ 31 tests <1b>[0;32mOK<1b>[0m
test_arrayschema.R............ 31 tests <1b>[0;32mOK<1b>[0m
test_arrayschema.R............ 31 tests <1b>[0;32mOK<1b>[0m
test_arrayschema.R............ 32 tests <1b>[0;32mOK<1b>[0m
test_arrayschema.R............ 32 tests <1b>[0;32mOK<1b>[0m
test_arrayschema.R............ 32 tests <1b>[0;32mOK<1b>[0m
test_arrayschema.R............ 32 tests <1b>[0;32mOK<1b>[0m
test_arrayschema.R............ 32 tests <1b>[0;32mOK<1b>[0m
test_arrayschema.R............ 32 tests <1b>[0;32mOK<1b>[0m
test_arrayschema.R............ 33 tests <1b>[0;32mOK<1b>[0m
test_arrayschema.R............ 33 tests <1b>[0;32mOK<1b>[0m
test_arrayschema.R............ 34 tests <1b>[0;32mOK<1b>[0m
test_arrayschema.R............ 34 tests <1b>[0;32mOK<1b>[0m
test_arrayschema.R............ 35 tests <1b>[0;32mOK<1b>[0m
test_arrayschema.R............ 36 tests <1b>[0;32mOK<1b>[0m
test_arrayschema.R............ 36 tests <1b>[0;32mOK<1b>[0m
test_arrayschema.R............ 37 tests <1b>[0;32mOK<1b>[0m <1b>[0;34m0.3s<1b>[0m
test_arrayschemaevolution.R... 0 tests
test_arrayschemaevolution.R... 0 tests
test_arrayschemaevolution.R... 0 tests <1b>[0;36m7ms<1b>[0m [Exited at #6: Skip on Windows]
test_arrowio.R................ 0 tests
test_arrowio.R................ 0 tests
test_arrowio.R................ 0 tests <1b>[0;36m5ms<1b>[0m [Exited at #6: Skip unextended test run]
test_attr.R................... 0 tests
test_attr.R................... 0 tests
test_attr.R................... 0 tests
test_attr.R................... 0 tests
test_attr.R................... 0 tests
test_attr.R................... 1 tests <1b>[0;32mOK<1b>[0m
test_attr.R................... 1 tests <1b>[0;32mOK<1b>[0m
test_attr.R................... 2 tests <1b>[0;32mOK<1b>[0m
test_attr.R................... 3 tests <1b>[0;32mOK<1b>[0m
test_attr.R................... 4 tests <1b>[0;32mOK<1b>[0m
test_attr.R................... 5 tests <1b>[0;32mOK<1b>[0m
test_attr.R................... 5 tests <1b>[0;32mOK<1b>[0m
test_attr.R................... 6 tests <1b>[0;32mOK<1b>[0m
test_attr.R................... 6 tests <1b>[0;32mOK<1b>[0m
test_attr.R................... 7 tests <1b>[0;32mOK<1b>[0m
test_attr.R................... 7 tests <1b>[0;32mOK<1b>[0m
test_attr.R................... 7 tests <1b>[0;32mOK<1b>[0m
test_attr.R................... 8 tests <1b>[0;32mOK<1b>[0m
test_attr.R................... 9 tests <1b>[0;32mOK<1b>[0m
test_attr.R................... 10 tests <1b>[0;32mOK<1b>[0m
test_attr.R................... 11 tests <1b>[0;32mOK<1b>[0m
test_attr.R................... 11 tests <1b>[0;32mOK<1b>[0m
test_attr.R................... 12 tests <1b>[0;32mOK<1b>[0m
test_attr.R................... 13 tests <1b>[0;32mOK<1b>[0m
test_attr.R................... 13 tests <1b>[0;32mOK<1b>[0m
test_attr.R................... 14 tests <1b>[0;32mOK<1b>[0m
test_attr.R................... 14 tests <1b>[0;32mOK<1b>[0m
test_attr.R................... 15 tests <1b>[0;32mOK<1b>[0m
test_attr.R................... 15 tests <1b>[0;32mOK<1b>[0m
test_attr.R................... 16 tests <1b>[0;32mOK<1b>[0m
test_attr.R................... 16 tests <1b>[0;32mOK<1b>[0m
test_attr.R................... 16 tests <1b>[0;32mOK<1b>[0m
test_attr.R................... 16 tests <1b>[0;32mOK<1b>[0m
test_attr.R................... 16 tests <1b>[0;32mOK<1b>[0m
test_attr.R................... 16 tests <1b>[0;32mOK<1b>[0m
test_attr.R................... 16 tests <1b>[0;32mOK<1b>[0m
test_attr.R................... 16 tests <1b>[0;32mOK<1b>[0m
test_attr.R................... 16 tests <1b>[0;32mOK<1b>[0m
test_attr.R................... 16 tests <1b>[0;32mOK<1b>[0m
test_attr.R................... 16 tests <1b>[0;32mOK<1b>[0m
test_attr.R................... 16 tests <1b>[0;32mOK<1b>[0m
test_attr.R................... 16 tests <1b>[0;32mOK<1b>[0m
test_attr.R................... 16 tests <1b>[0;32mOK<1b>[0m
test_attr.R................... 16 tests <1b>[0;32mOK<1b>[0m
test_attr.R................... 16 tests <1b>[0;32mOK<1b>[0m
test_attr.R................... 16 tests <1b>[0;32mOK<1b>[0m
test_attr.R................... 16 tests <1b>[0;32mOK<1b>[0m
test_attr.R................... 16 tests <1b>[0;32mOK<1b>[0m
test_attr.R................... 16 tests <1b>[0;32mOK<1b>[0m
test_attr.R................... 16 tests <1b>[0;32mOK<1b>[0m
test_attr.R................... 16 tests <1b>[0;32mOK<1b>[0m
test_attr.R................... 19 tests <1b>[0;32mOK<1b>[0m
test_attr.R................... 19 tests <1b>[0;32mOK<1b>[0m
test_attr.R................... 19 tests <1b>[0;32mOK<1b>[0m
test_attr.R................... 19 tests <1b>[0;32mOK<1b>[0m
test_attr.R................... 19 tests <1b>[0;32mOK<1b>[0m
test_attr.R................... 19 tests <1b>[0;32mOK<1b>[0m
test_attr.R................... 19 tests <1b>[0;32mOK<1b>[0m
test_attr.R................... 19 tests <1b>[0;32mOK<1b>[0m
test_attr.R................... 19 tests <1b>[0;32mOK<1b>[0m
test_attr.R................... 19 tests <1b>[0;32mOK<1b>[0m
test_attr.R................... 19 tests <1b>[0;32mOK<1b>[0m
test_attr.R................... 19 tests <1b>[0;32mOK<1b>[0m
test_attr.R................... 19 tests <1b>[0;32mOK<1b>[0m
test_attr.R................... 19 tests <1b>[0;32mOK<1b>[0m
test_attr.R................... 19 tests <1b>[0;32mOK<1b>[0m
test_attr.R................... 19 tests <1b>[0;32mOK<1b>[0m
test_attr.R................... 19 tests <1b>[0;32mOK<1b>[0m
test_attr.R................... 20 tests <1b>[0;32mOK<1b>[0m
test_attr.R................... 20 tests <1b>[0;32mOK<1b>[0m
test_attr.R................... 20 tests <1b>[0;32mOK<1b>[0m
test_attr.R................... 21 tests <1b>[0;32mOK<1b>[0m
test_attr.R................... 21 tests <1b>[0;32mOK<1b>[0m
test_attr.R................... 22 tests <1b>[0;32mOK<1b>[0m
test_attr.R................... 23 tests <1b>[0;32mOK<1b>[0m
test_attr.R................... 24 tests <1b>[0;32mOK<1b>[0m
test_attr.R................... 24 tests <1b>[0;32mOK<1b>[0m
test_attr.R................... 25 tests <1b>[0;32mOK<1b>[0m
test_attr.R................... 25 tests <1b>[0;32mOK<1b>[0m
test_attr.R................... 26 tests <1b>[0;32mOK<1b>[0m
test_attr.R................... 26 tests <1b>[0;32mOK<1b>[0m
test_attr.R................... 26 tests <1b>[0;32mOK<1b>[0m
test_attr.R................... 26 tests <1b>[0;32mOK<1b>[0m
test_attr.R................... 26 tests <1b>[0;32mOK<1b>[0m
test_attr.R................... 26 tests <1b>[0;32mOK<1b>[0m
test_attr.R................... 26 tests <1b>[0;32mOK<1b>[0m
test_attr.R................... 26 tests <1b>[0;32mOK<1b>[0m
test_attr.R................... 26 tests <1b>[0;32mOK<1b>[0m
test_attr.R................... 26 tests <1b>[0;32mOK<1b>[0m
test_attr.R................... 26 tests <1b>[0;32mOK<1b>[0m
test_attr.R................... 26 tests <1b>[0;32mOK<1b>[0m
test_attr.R................... 27 tests <1b>[0;32mOK<1b>[0m
test_attr.R................... 28 tests <1b>[0;32mOK<1b>[0m
test_attr.R................... 28 tests <1b>[0;32mOK<1b>[0m
test_attr.R................... 28 tests <1b>[0;32mOK<1b>[0m
test_attr.R................... 28 tests <1b>[0;32mOK<1b>[0m
test_attr.R................... 28 tests <1b>[0;32mOK<1b>[0m
test_attr.R................... 28 tests <1b>[0;32mOK<1b>[0m
test_attr.R................... 28 tests <1b>[0;32mOK<1b>[0m
test_attr.R................... 28 tests <1b>[0;32mOK<1b>[0m
test_attr.R................... 28 tests <1b>[0;32mOK<1b>[0m
test_attr.R................... 29 tests <1b>[0;32mOK<1b>[0m
test_attr.R................... 29 tests <1b>[0;32mOK<1b>[0m
test_attr.R................... 29 tests <1b>[0;32mOK<1b>[0m
test_attr.R................... 29 tests <1b>[0;32mOK<1b>[0m
test_attr.R................... 29 tests <1b>[0;32mOK<1b>[0m
test_attr.R................... 29 tests <1b>[0;32mOK<1b>[0m
test_attr.R................... 29 tests <1b>[0;32mOK<1b>[0m
test_attr.R................... 29 tests <1b>[0;32mOK<1b>[0m
test_attr.R................... 29 tests <1b>[0;32mOK<1b>[0m
test_attr.R................... 29 tests <1b>[0;32mOK<1b>[0m
test_attr.R................... 29 tests <1b>[0;32mOK<1b>[0m
test_attr.R................... 29 tests <1b>[0;32mOK<1b>[0m
test_attr.R................... 29 tests <1b>[0;32mOK<1b>[0m
test_attr.R................... 30 tests <1b>[0;32mOK<1b>[0m
test_attr.R................... 30 tests <1b>[0;32mOK<1b>[0m
test_attr.R................... 30 tests <1b>[0;32mOK<1b>[0m
test_attr.R................... 30 tests <1b>[0;32mOK<1b>[0m
test_attr.R................... 30 tests <1b>[0;32mOK<1b>[0m <1b>[0;34m0.4s<1b>[0m
test_config.R................. 0 tests
test_config.R................. 0 tests
test_config.R................. 0 tests
test_config.R................. 0 tests
test_config.R................. 1 tests <1b>[0;32mOK<1b>[0m
test_config.R................. 1 tests <1b>[0;32mOK<1b>[0m
test_config.R................. 2 tests <1b>[0;32mOK<1b>[0m
test_config.R................. 3 tests <1b>[0;32mOK<1b>[0m
test_config.R................. 4 tests <1b>[0;32mOK<1b>[0m
test_config.R................. 5 tests <1b>[0;32mOK<1b>[0m
test_config.R................. 6 tests <1b>[0;32mOK<1b>[0m
test_config.R................. 7 tests <1b>[0;32mOK<1b>[0m
test_config.R................. 8 tests <1b>[0;32mOK<1b>[0m
test_config.R................. 9 tests <1b>[0;32mOK<1b>[0m
test_config.R................. 10 tests <1b>[0;32mOK<1b>[0m
test_config.R................. 11 tests <1b>[0;32mOK<1b>[0m
test_config.R................. 12 tests <1b>[0;32mOK<1b>[0m
test_config.R................. 13 tests <1b>[0;32mOK<1b>[0m
test_config.R................. 13 tests <1b>[0;32mOK<1b>[0m
test_config.R................. 13 tests <1b>[0;32mOK<1b>[0m
test_config.R................. 14 tests <1b>[0;32mOK<1b>[0m
test_config.R................. 14 tests <1b>[0;32mOK<1b>[0m
test_config.R................. 15 tests <1b>[0;32mOK<1b>[0m
test_config.R................. 15 tests <1b>[0;32mOK<1b>[0m
test_config.R................. 16 tests <1b>[0;32mOK<1b>[0m
test_config.R................. 16 tests <1b>[0;32mOK<1b>[0m
test_config.R................. 17 tests <1b>[0;32mOK<1b>[0m
test_config.R................. 17 tests <1b>[0;32mOK<1b>[0m
test_config.R................. 18 tests <1b>[0;32mOK<1b>[0m
test_config.R................. 19 tests <1b>[0;32mOK<1b>[0m
test_config.R................. 19 tests <1b>[0;32mOK<1b>[0m
test_config.R................. 19 tests <1b>[0;32mOK<1b>[0m
test_config.R................. 20 tests <1b>[0;32mOK<1b>[0m
test_config.R................. 20 tests <1b>[0;32mOK<1b>[0m
test_config.R................. 20 tests <1b>[0;32mOK<1b>[0m
test_config.R................. 20 tests <1b>[0;32mOK<1b>[0m
test_config.R................. 20 tests <1b>[0;32mOK<1b>[0m
test_config.R................. 20 tests <1b>[0;32mOK<1b>[0m
test_config.R................. 20 tests <1b>[0;32mOK<1b>[0m
test_config.R................. 20 tests <1b>[0;32mOK<1b>[0m
test_config.R................. 21 tests <1b>[0;32mOK<1b>[0m
test_config.R................. 21 tests <1b>[0;32mOK<1b>[0m
test_config.R................. 22 tests <1b>[0;32mOK<1b>[0m
test_config.R................. 22 tests <1b>[0;32mOK<1b>[0m
test_config.R................. 23 tests <1b>[0;32mOK<1b>[0m <1b>[0;36m19ms<1b>[0m
test_ctx.R.................... 0 tests
test_ctx.R.................... 0 tests
test_ctx.R.................... 0 tests
test_ctx.R.................... 0 tests
test_ctx.R.................... 1 tests <1b>[0;32mOK<1b>[0m
test_ctx.R.................... 1 tests <1b>[0;32mOK<1b>[0m
test_ctx.R.................... 1 tests <1b>[0;32mOK<1b>[0m
test_ctx.R.................... 2 tests <1b>[0;32mOK<1b>[0m
test_ctx.R.................... 2 tests <1b>[0;32mOK<1b>[0m
test_ctx.R.................... 3 tests <1b>[0;32mOK<1b>[0m
test_ctx.R.................... 3 tests <1b>[0;32mOK<1b>[0m
test_ctx.R.................... 4 tests <1b>[0;32mOK<1b>[0m
test_ctx.R.................... 4 tests <1b>[0;32mOK<1b>[0m
test_ctx.R.................... 5 tests <1b>[0;32mOK<1b>[0m
test_ctx.R.................... 6 tests <1b>[0;32mOK<1b>[0m
test_ctx.R.................... 6 tests <1b>[0;32mOK<1b>[0m
test_ctx.R.................... 7 tests <1b>[0;32mOK<1b>[0m
test_ctx.R.................... 8 tests <1b>[0;32mOK<1b>[0m <1b>[0;36m17ms<1b>[0m
test_currentdomain.R.......... 0 tests
test_currentdomain.R.......... 0 tests
test_currentdomain.R.......... 0 tests
test_currentdomain.R.......... 0 tests
test_currentdomain.R.......... 1 tests <1b>[0;32mOK<1b>[0m
test_currentdomain.R.......... 2 tests <1b>[0;32mOK<1b>[0m
test_currentdomain.R.......... 3 tests <1b>[0;32mOK<1b>[0m
test_currentdomain.R.......... 4 tests <1b>[0;32mOK<1b>[0m
test_currentdomain.R.......... 5 tests <1b>[0;32mOK<1b>[0m
test_currentdomain.R.......... 6 tests <1b>[0;32mOK<1b>[0m
test_currentdomain.R.......... 7 tests <1b>[0;32mOK<1b>[0m
test_currentdomain.R.......... 8 tests <1b>[0;32mOK<1b>[0m
test_currentdomain.R.......... 9 tests <1b>[0;32mOK<1b>[0m
test_currentdomain.R.......... 10 tests <1b>[0;32mOK<1b>[0m
test_currentdomain.R.......... 11 tests <1b>[0;32mOK<1b>[0m
test_currentdomain.R.......... 12 tests <1b>[0;32mOK<1b>[0m
test_currentdomain.R.......... 12 tests <1b>[0;32mOK<1b>[0m
test_currentdomain.R.......... 12 tests <1b>[0;32mOK<1b>[0m
test_currentdomain.R.......... 12 tests <1b>[0;32mOK<1b>[0m
test_currentdomain.R.......... 12 tests <1b>[0;32mOK<1b>[0m
test_currentdomain.R.......... 12 tests <1b>[0;32mOK<1b>[0m
test_currentdomain.R.......... 12 tests <1b>[0;32mOK<1b>[0m
test_currentdomain.R.......... 12 tests <1b>[0;32mOK<1b>[0m
test_currentdomain.R.......... 13 tests <1b>[0;32mOK<1b>[0m
test_currentdomain.R.......... 13 tests <1b>[0;32mOK<1b>[0m
test_currentdomain.R.......... 13 tests <1b>[0;32mOK<1b>[0m
test_currentdomain.R.......... 13 tests <1b>[0;32mOK<1b>[0m
test_currentdomain.R.......... 14 tests <1b>[0;32mOK<1b>[0m
test_currentdomain.R.......... 15 tests <1b>[0;32mOK<1b>[0m
test_currentdomain.R.......... 16 tests <1b>[0;32mOK<1b>[0m
test_currentdomain.R.......... 16 tests <1b>[0;32mOK<1b>[0m
test_currentdomain.R.......... 16 tests <1b>[0;32mOK<1b>[0m
test_currentdomain.R.......... 16 tests <1b>[0;32mOK<1b>[0m
test_currentdomain.R.......... 16 tests <1b>[0;32mOK<1b>[0m
test_currentdomain.R.......... 17 tests <1b>[0;32mOK<1b>[0m
test_currentdomain.R.......... 18 tests <1b>[0;32mOK<1b>[0m
test_currentdomain.R.......... 19 tests <1b>[0;32mOK<1b>[0m
test_currentdomain.R.......... 19 tests <1b>[0;32mOK<1b>[0m
test_currentdomain.R.......... 19 tests <1b>[0;32mOK<1b>[0m
test_currentdomain.R.......... 19 tests <1b>[0;32mOK<1b>[0m
test_currentdomain.R.......... 19 tests <1b>[0;32mOK<1b>[0m
test_currentdomain.R.......... 20 tests <1b>[0;32mOK<1b>[0m
test_currentdomain.R.......... 21 tests <1b>[0;32mOK<1b>[0m
test_currentdomain.R.......... 22 tests <1b>[0;32mOK<1b>[0m <1b>[0;36m52ms<1b>[0m
test_dataframe.R.............. 0 tests
test_dataframe.R.............. 0 tests
test_dataframe.R.............. 0 tests
test_dataframe.R.............. 0 tests
test_dataframe.R.............. 0 tests
test_dataframe.R.............. 1 tests <1b>[0;32mOK<1b>[0m
test_dataframe.R.............. 1 tests <1b>[0;32mOK<1b>[0m
test_dataframe.R.............. 1 tests <1b>[0;32mOK<1b>[0m
test_dataframe.R.............. 1 tests <1b>[0;32mOK<1b>[0m
test_dataframe.R.............. 1 tests <1b>[0;32mOK<1b>[0m
test_dataframe.R.............. 2 tests <1b>[0;32mOK<1b>[0m
test_dataframe.R.............. 3 tests <1b>[0;32mOK<1b>[0m
test_dataframe.R.............. 3 tests <1b>[0;32mOK<1b>[0m
test_dataframe.R.............. 4 tests <1b>[0;32mOK<1b>[0m
test_dataframe.R.............. 4 tests <1b>[0;32mOK<1b>[0m
test_dataframe.R.............. 4 tests <1b>[0;32mOK<1b>[0m
test_dataframe.R.............. 5 tests <1b>[0;32mOK<1b>[0m
test_dataframe.R.............. 5 tests <1b>[0;32mOK<1b>[0m
test_dataframe.R.............. 5 tests <1b>[0;32mOK<1b>[0m
test_dataframe.R.............. 6 tests <1b>[0;32mOK<1b>[0m
test_dataframe.R.............. 7 tests <1b>[0;32mOK<1b>[0m
test_dataframe.R.............. 7 tests <1b>[0;32mOK<1b>[0m
test_dataframe.R.............. 7 tests <1b>[0;32mOK<1b>[0m
test_dataframe.R.............. 7 tests <1b>[0;32mOK<1b>[0m
test_dataframe.R.............. 7 tests <1b>[0;32mOK<1b>[0m
test_dataframe.R.............. 7 tests <1b>[0;32mOK<1b>[0m
test_dataframe.R.............. 7 tests <1b>[0;32mOK<1b>[0m
test_dataframe.R.............. 7 tests <1b>[0;32mOK<1b>[0m
test_dataframe.R.............. 8 tests <1b>[0;32mOK<1b>[0m
test_dataframe.R.............. 8 tests <1b>[0;32mOK<1b>[0m
test_dataframe.R.............. 8 tests <1b>[0;32mOK<1b>[0m
test_dataframe.R.............. 8 tests <1b>[0;32mOK<1b>[0m
test_dataframe.R.............. 8 tests <1b>[0;32mOK<1b>[0m
test_dataframe.R.............. 8 tests <1b>[0;32mOK<1b>[0m
test_dataframe.R.............. 8 tests <1b>[0;32mOK<1b>[0m
test_dataframe.R.............. 8 tests <1b>[0;32mOK<1b>[0m
test_dataframe.R.............. 8 tests <1b>[0;32mOK<1b>[0m
test_dataframe.R.............. 9 tests <1b>[0;32mOK<1b>[0m
test_dataframe.R.............. 9 tests <1b>[0;32mOK<1b>[0m
test_dataframe.R.............. 9 tests <1b>[0;32mOK<1b>[0m
test_dataframe.R.............. 9 tests <1b>[0;32mOK<1b>[0m
test_dataframe.R.............. 9 tests <1b>[0;32mOK<1b>[0m
test_dataframe.R.............. 9 tests <1b>[0;32mOK<1b>[0m
test_dataframe.R.............. 9 tests <1b>[0;32mOK<1b>[0m
test_dataframe.R.............. 10 tests <1b>[0;32mOK<1b>[0m
test_dataframe.R.............. 11 tests <1b>[0;32mOK<1b>[0m
test_dataframe.R.............. 11 tests <1b>[0;32mOK<1b>[0m
test_dataframe.R.............. 11 tests <1b>[0;32mOK<1b>[0m
test_dataframe.R.............. 11 tests <1b>[0;32mOK<1b>[0m
test_dataframe.R.............. 11 tests <1b>[0;32mOK<1b>[0m
test_dataframe.R.............. 11 tests <1b>[0;32mOK<1b>[0m
test_dataframe.R.............. 12 tests <1b>[0;32mOK<1b>[0m
test_dataframe.R.............. 13 tests <1b>[0;32mOK<1b>[0m
test_dataframe.R.............. 13 tests <1b>[0;32mOK<1b>[0m
test_dataframe.R.............. 13 tests <1b>[0;32mOK<1b>[0m
test_dataframe.R.............. 13 tests <1b>[0;32mOK<1b>[0m
test_dataframe.R.............. 13 tests <1b>[0;32mOK<1b>[0m
test_dataframe.R.............. 13 tests <1b>[0;32mOK<1b>[0m
test_dataframe.R.............. 13 tests <1b>[0;32mOK<1b>[0m
test_dataframe.R.............. 13 tests <1b>[0;32mOK<1b>[0m
test_dataframe.R.............. 14 tests <1b>[0;32mOK<1b>[0m
test_dataframe.R.............. 14 tests <1b>[0;32mOK<1b>[0m
test_dataframe.R.............. 14 tests <1b>[0;32mOK<1b>[0m
test_dataframe.R.............. 14 tests <1b>[0;32mOK<1b>[0m
test_dataframe.R.............. 14 tests <1b>[0;32mOK<1b>[0m
test_dataframe.R.............. 14 tests <1b>[0;32mOK<1b>[0m
test_dataframe.R.............. 15 tests <1b>[0;32mOK<1b>[0m
test_dataframe.R.............. 16 tests <1b>[0;32mOK<1b>[0m
test_dataframe.R.............. 16 tests <1b>[0;32mOK<1b>[0m
test_dataframe.R.............. 16 tests <1b>[0;32mOK<1b>[0m
test_dataframe.R.............. 16 tests <1b>[0;32mOK<1b>[0m
test_dataframe.R.............. 16 tests <1b>[0;32mOK<1b>[0m
test_dataframe.R.............. 16 tests <1b>[0;32mOK<1b>[0m
test_dataframe.R.............. 17 tests <1b>[0;32mOK<1b>[0m
test_dataframe.R.............. 18 tests <1b>[0;32mOK<1b>[0m
test_dataframe.R.............. 18 tests <1b>[0;32mOK<1b>[0m
test_dataframe.R.............. 18 tests <1b>[0;32mOK<1b>[0m
test_dataframe.R.............. 18 tests <1b>[0;32mOK<1b>[0m
test_dataframe.R.............. 18 tests <1b>[0;32mOK<1b>[0m
test_dataframe.R.............. 18 tests <1b>[0;32mOK<1b>[0m
test_dataframe.R.............. 18 tests <1b>[0;32mOK<1b>[0m
test_dataframe.R.............. 18 tests <1b>[0;32mOK<1b>[0m
test_dataframe.R.............. 18 tests <1b>[0;32mOK<1b>[0m
test_dataframe.R.............. 18 tests <1b>[0;32mOK<1b>[0m
test_dataframe.R.............. 18 tests <1b>[0;32mOK<1b>[0m
test_dataframe.R.............. 18 tests <1b>[0;32mOK<1b>[0m
test_dataframe.R.............. 19 tests <1b>[0;32mOK<1b>[0m
test_dataframe.R.............. 24 tests <1b>[0;32mOK<1b>[0m
test_dataframe.R.............. 24 tests <1b>[0;32mOK<1b>[0m
test_dataframe.R.............. 24 tests <1b>[0;32mOK<1b>[0m
test_dataframe.R.............. 24 tests <1b>[0;32mOK<1b>[0m
test_dataframe.R.............. 24 tests <1b>[0;32mOK<1b>[0m
test_dataframe.R.............. 24 tests <1b>[0;32mOK<1b>[0m
test_dataframe.R.............. 24 tests <1b>[0;32mOK<1b>[0m
test_dataframe.R.............. 24 tests <1b>[0;32mOK<1b>[0m
test_dataframe.R.............. 24 tests <1b>[0;32mOK<1b>[0m
test_dataframe.R.............. 24 tests <1b>[0;32mOK<1b>[0m
test_dataframe.R.............. 25 tests <1b>[0;32mOK<1b>[0m
test_dataframe.R.............. 31 tests <1b>[0;32mOK<1b>[0m
test_dataframe.R.............. 31 tests <1b>[0;32mOK<1b>[0m
test_dataframe.R.............. 43 tests <1b>[0;32mOK<1b>[0m
test_dataframe.R.............. 43 tests <1b>[0;32mOK<1b>[0m
test_dataframe.R.............. 43 tests <1b>[0;32mOK<1b>[0m
test_dataframe.R.............. 43 tests <1b>[0;32mOK<1b>[0m
test_dataframe.R.............. 43 tests <1b>[0;32mOK<1b>[0m
test_dataframe.R.............. 43 tests <1b>[0;32mOK<1b>[0m
test_dataframe.R.............. 43 tests <1b>[0;32mOK<1b>[0m
test_dataframe.R.............. 43 tests <1b>[0;32mOK<1b>[0m
test_dataframe.R.............. 43 tests <1b>[0;32mOK<1b>[0m
test_dataframe.R.............. 43 tests <1b>[0;32mOK<1b>[0m
test_dataframe.R.............. 44 tests <1b>[0;32mOK<1b>[0m
test_dataframe.R.............. 44 tests <1b>[0;32mOK<1b>[0m
test_dataframe.R.............. 44 tests <1b>[0;32mOK<1b>[0m
test_dataframe.R.............. 44 tests <1b>[0;32mOK<1b>[0m
test_dataframe.R.............. 44 tests <1b>[0;32mOK<1b>[0m
test_dataframe.R.............. 44 tests <1b>[0;32mOK<1b>[0m
test_dataframe.R.............. 44 tests <1b>[0;32mOK<1b>[0m
test_dataframe.R.............. 44 tests <1b>[0;32mOK<1b>[0m
test_dataframe.R.............. 44 tests <1b>[0;32mOK<1b>[0m
test_dataframe.R.............. 45 tests <1b>[0;32mOK<1b>[0m
test_dataframe.R.............. 45 tests <1b>[0;32mOK<1b>[0m
test_dataframe.R.............. 45 tests <1b>[0;32mOK<1b>[0m
test_dataframe.R.............. 46 tests <1b>[0;32mOK<1b>[0m
test_dataframe.R.............. 46 tests <1b>[0;32mOK<1b>[0m
test_dataframe.R.............. 47 tests <1b>[0;32mOK<1b>[0m
test_dataframe.R.............. 47 tests <1b>[0;32mOK<1b>[0m
test_dataframe.R.............. 47 tests <1b>[0;32mOK<1b>[0m
test_dataframe.R.............. 47 tests <1b>[0;32mOK<1b>[0m
test_dataframe.R.............. 48 tests <1b>[0;32mOK<1b>[0m
test_dataframe.R.............. 48 tests <1b>[0;32mOK<1b>[0m
test_dataframe.R.............. 48 tests <1b>[0;32mOK<1b>[0m
test_dataframe.R.............. 48 tests <1b>[0;32mOK<1b>[0m
test_dataframe.R.............. 48 tests <1b>[0;32mOK<1b>[0m
test_dataframe.R.............. 48 tests <1b>[0;32mOK<1b>[0m
test_dataframe.R.............. 48 tests <1b>[0;32mOK<1b>[0m
test_dataframe.R.............. 49 tests <1b>[0;32mOK<1b>[0m
test_dataframe.R.............. 49 tests <1b>[0;32mOK<1b>[0m
test_dataframe.R.............. 49 tests <1b>[0;32mOK<1b>[0m
test_dataframe.R.............. 49 tests <1b>[0;32mOK<1b>[0m
test_dataframe.R.............. 49 tests <1b>[0;32mOK<1b>[0m
test_dataframe.R.............. 49 tests <1b>[0;32mOK<1b>[0m
test_dataframe.R.............. 49 tests <1b>[0;32mOK<1b>[0m
test_dataframe.R.............. 49 tests <1b>[0;32mOK<1b>[0m
test_dataframe.R.............. 49 tests <1b>[0;32mOK<1b>[0m
test_dataframe.R.............. 50 tests <1b>[0;32mOK<1b>[0m
test_dataframe.R.............. 51 tests <1b>[0;32mOK<1b>[0m
test_dataframe.R.............. 51 tests <1b>[0;32mOK<1b>[0m
test_dataframe.R.............. 51 tests <1b>[0;32mOK<1b>[0m
test_dataframe.R.............. 51 tests <1b>[0;32mOK<1b>[0m
test_dataframe.R.............. 52 tests <1b>[0;32mOK<1b>[0m
test_dataframe.R.............. 53 tests <1b>[0;32mOK<1b>[0m
test_dataframe.R.............. 53 tests <1b>[0;32mOK<1b>[0m
test_dataframe.R.............. 53 tests <1b>[0;32mOK<1b>[0m
test_dataframe.R.............. 53 tests <1b>[0;32mOK<1b>[0m
test_dataframe.R.............. 53 tests <1b>[0;32mOK<1b>[0m
test_dataframe.R.............. 54 tests <1b>[0;32mOK<1b>[0m
test_dataframe.R.............. 55 tests <1b>[0;32mOK<1b>[0m
test_dataframe.R.............. 55 tests <1b>[0;32mOK<1b>[0m
test_dataframe.R.............. 55 tests <1b>[0;32mOK<1b>[0m
test_dataframe.R.............. 55 tests <1b>[0;32mOK<1b>[0m
test_dataframe.R.............. 55 tests <1b>[0;32mOK<1b>[0m
test_dataframe.R.............. 55 tests <1b>[0;32mOK<1b>[0m
test_dataframe.R.............. 55 tests <1b>[0;32mOK<1b>[0m
test_dataframe.R.............. 55 tests <1b>[0;32mOK<1b>[0m
test_dataframe.R.............. 55 tests <1b>[0;32mOK<1b>[0m
test_dataframe.R.............. 55 tests <1b>[0;32mOK<1b>[0m
test_dataframe.R.............. 55 tests <1b>[0;32mOK<1b>[0m
test_dataframe.R.............. 56 tests <1b>[0;32mOK<1b>[0m
test_dataframe.R.............. 56 tests <1b>[0;32mOK<1b>[0m
test_dataframe.R.............. 56 tests <1b>[0;32mOK<1b>[0m
test_dataframe.R.............. 56 tests <1b>[0;32mOK<1b>[0m
test_dataframe.R.............. 56 tests <1b>[0;32mOK<1b>[0m
test_dataframe.R.............. 56 tests <1b>[0;32mOK<1b>[0m
test_dataframe.R.............. 57 tests <1b>[0;32mOK<1b>[0m
test_dataframe.R.............. 57 tests <1b>[0;32mOK<1b>[0m
test_dataframe.R.............. 57 tests <1b>[0;32mOK<1b>[0m
test_dataframe.R.............. 57 tests <1b>[0;32mOK<1b>[0m
test_dataframe.R.............. 57 tests <1b>[0;32mOK<1b>[0m
test_dataframe.R.............. 57 tests <1b>[0;32mOK<1b>[0m
test_dataframe.R.............. 58 tests <1b>[0;32mOK<1b>[0m
test_dataframe.R.............. 58 tests <1b>[0;32mOK<1b>[0m
test_dataframe.R.............. 58 tests <1b>[0;32mOK<1b>[0m
test_dataframe.R.............. 58 tests <1b>[0;32mOK<1b>[0m
test_dataframe.R.............. 58 tests <1b>[0;32mOK<1b>[0m
test_dataframe.R.............. 58 tests <1b>[0;32mOK<1b>[0m
test_dataframe.R.............. 59 tests <1b>[0;32mOK<1b>[0m
test_dataframe.R.............. 60 tests <1b>[0;32mOK<1b>[0m
test_dataframe.R.............. 61 tests <1b>[0;32mOK<1b>[0m
test_dataframe.R.............. 61 tests <1b>[0;32mOK<1b>[0m
test_dataframe.R.............. 61 tests <1b>[0;32mOK<1b>[0m
test_dataframe.R.............. 62 tests <1b>[0;32mOK<1b>[0m
test_dataframe.R.............. 63 tests <1b>[0;32mOK<1b>[0m
test_dataframe.R.............. 64 tests <1b>[0;32mOK<1b>[0m
test_dataframe.R.............. 65 tests <1b>[0;32mOK<1b>[0m
test_dataframe.R.............. 65 tests <1b>[0;32mOK<1b>[0m
test_dataframe.R.............. 65 tests <1b>[0;32mOK<1b>[0m
test_dataframe.R.............. 66 tests <1b>[0;32mOK<1b>[0m
test_dataframe.R.............. 67 tests <1b>[0;32mOK<1b>[0m
test_dataframe.R.............. 68 tests <1b>[0;32mOK<1b>[0m
test_dataframe.R.............. 69 tests <1b>[0;32mOK<1b>[0m <1b>[0;34m3.3s<1b>[0m
test_datetime.R............... 0 tests
test_datetime.R............... 0 tests
test_datetime.R............... 0 tests
test_datetime.R............... 0 tests
test_datetime.R............... 0 tests
test_datetime.R............... 0 tests
test_datetime.R............... 0 tests
test_datetime.R............... 0 tests
test_datetime.R............... 0 tests
test_datetime.R............... 0 tests
test_datetime.R............... 0 tests
test_datetime.R............... 0 tests
test_datetime.R............... 0 tests
test_datetime.R............... 0 tests
test_datetime.R............... 0 tests
test_datetime.R............... 0 tests
test_datetime.R............... 0 tests
test_datetime.R............... 0 tests
test_datetime.R............... 0 tests
test_datetime.R............... 0 tests
test_datetime.R............... 0 tests
test_datetime.R............... 0 tests
test_datetime.R............... 0 tests
test_datetime.R............... 0 tests
test_datetime.R............... 0 tests
test_datetime.R............... 0 tests
test_datetime.R............... 0 tests
test_datetime.R............... 0 tests
test_datetime.R............... 0 tests
test_datetime.R............... 0 tests
test_datetime.R............... 0 tests
test_datetime.R............... 0 tests
test_datetime.R............... 0 tests
test_datetime.R............... 0 tests
test_datetime.R............... 0 tests
test_datetime.R............... 0 tests
test_datetime.R............... 0 tests
test_datetime.R............... 0 tests
test_datetime.R............... 0 tests
test_datetime.R............... 0 tests
test_datetime.R............... 0 tests
test_datetime.R............... 0 tests
test_datetime.R............... 0 tests
test_datetime.R............... 0 tests
test_datetime.R............... 0 tests
test_datetime.R............... 0 tests
test_datetime.R............... 0 tests
test_datetime.R............... 0 tests
test_datetime.R............... 0 tests
test_datetime.R............... 0 tests
test_datetime.R............... 0 tests
test_datetime.R............... 1 tests <1b>[0;32mOK<1b>[0m
test_datetime.R............... 1 tests <1b>[0;32mOK<1b>[0m
test_datetime.R............... 1 tests <1b>[0;32mOK<1b>[0m
test_datetime.R............... 1 tests <1b>[0;32mOK<1b>[0m
test_datetime.R............... 1 tests <1b>[0;32mOK<1b>[0m
test_datetime.R............... 1 tests <1b>[0;32mOK<1b>[0m
test_datetime.R............... 1 tests <1b>[0;32mOK<1b>[0m
test_datetime.R............... 1 tests <1b>[0;32mOK<1b>[0m
test_datetime.R............... 1 tests <1b>[0;32mOK<1b>[0m
test_datetime.R............... 1 tests <1b>[0;32mOK<1b>[0m
test_datetime.R............... 1 tests <1b>[0;32mOK<1b>[0m
test_datetime.R............... 1 tests <1b>[0;32mOK<1b>[0m
test_datetime.R............... 1 tests <1b>[0;32mOK<1b>[0m
test_datetime.R............... 2 tests <1b>[0;32mOK<1b>[0m
test_datetime.R............... 2 tests <1b>[0;32mOK<1b>[0m
test_datetime.R............... 2 tests <1b>[0;32mOK<1b>[0m
test_datetime.R............... 2 tests <1b>[0;32mOK<1b>[0m
test_datetime.R............... 2 tests <1b>[0;32mOK<1b>[0m
test_datetime.R............... 2 tests <1b>[0;32mOK<1b>[0m
test_datetime.R............... 2 tests <1b>[0;32mOK<1b>[0m
test_datetime.R............... 2 tests <1b>[0;32mOK<1b>[0m
test_datetime.R............... 2 tests <1b>[0;32mOK<1b>[0m
test_datetime.R............... 2 tests <1b>[0;32mOK<1b>[0m
test_datetime.R............... 2 tests <1b>[0;32mOK<1b>[0m
test_datetime.R............... 2 tests <1b>[0;32mOK<1b>[0m
test_datetime.R............... 2 tests <1b>[0;32mOK<1b>[0m
test_datetime.R............... 3 tests <1b>[0;32mOK<1b>[0m
test_datetime.R............... 3 tests <1b>[0;32mOK<1b>[0m
test_datetime.R............... 3 tests <1b>[0;32mOK<1b>[0m
test_datetime.R............... 3 tests <1b>[0;32mOK<1b>[0m
test_datetime.R............... 3 tests <1b>[0;32mOK<1b>[0m
test_datetime.R............... 3 tests <1b>[0;32mOK<1b>[0m
test_datetime.R............... 3 tests <1b>[0;32mOK<1b>[0m
test_datetime.R............... 3 tests <1b>[0;32mOK<1b>[0m
test_datetime.R............... 3 tests <1b>[0;32mOK<1b>[0m
test_datetime.R............... 3 tests <1b>[0;32mOK<1b>[0m
test_datetime.R............... 3 tests <1b>[0;32mOK<1b>[0m
test_datetime.R............... 3 tests <1b>[0;32mOK<1b>[0m
test_datetime.R............... 3 tests <1b>[0;32mOK<1b>[0m
test_datetime.R............... 4 tests <1b>[0;32mOK<1b>[0m
test_datetime.R............... 4 tests <1b>[0;32mOK<1b>[0m
test_datetime.R............... 5 tests <1b>[0;32mOK<1b>[0m <1b>[0;34m0.3s<1b>[0m
test_dim.R.................... 0 tests
test_dim.R.................... 0 tests
test_dim.R.................... 0 tests
test_dim.R.................... 0 tests
test_dim.R.................... 1 tests <1b>[0;32mOK<1b>[0m
test_dim.R.................... 2 tests <1b>[0;32mOK<1b>[0m
test_dim.R.................... 3 tests <1b>[0;32mOK<1b>[0m
test_dim.R.................... 4 tests <1b>[0;32mOK<1b>[0m
test_dim.R.................... 4 tests <1b>[0;32mOK<1b>[0m
test_dim.R.................... 5 tests <1b>[0;32mOK<1b>[0m
test_dim.R.................... 5 tests <1b>[0;32mOK<1b>[0m
test_dim.R.................... 6 tests <1b>[0;32mOK<1b>[0m
test_dim.R.................... 6 tests <1b>[0;32mOK<1b>[0m
test_dim.R.................... 7 tests <1b>[0;32mOK<1b>[0m
test_dim.R.................... 7 tests <1b>[0;32mOK<1b>[0m
test_dim.R.................... 8 tests <1b>[0;32mOK<1b>[0m
test_dim.R.................... 8 tests <1b>[0;32mOK<1b>[0m
test_dim.R.................... 9 tests <1b>[0;32mOK<1b>[0m
test_dim.R.................... 9 tests <1b>[0;32mOK<1b>[0m
test_dim.R.................... 10 tests <1b>[0;32mOK<1b>[0m
test_dim.R.................... 10 tests <1b>[0;32mOK<1b>[0m
test_dim.R.................... 11 tests <1b>[0;32mOK<1b>[0m
test_dim.R.................... 11 tests <1b>[0;32mOK<1b>[0m
test_dim.R.................... 12 tests <1b>[0;32mOK<1b>[0m
test_dim.R.................... 12 tests <1b>[0;32mOK<1b>[0m
test_dim.R.................... 13 tests <1b>[0;32mOK<1b>[0m
test_dim.R.................... 13 tests <1b>[0;32mOK<1b>[0m
test_dim.R.................... 14 tests <1b>[0;32mOK<1b>[0m
test_dim.R.................... 14 tests <1b>[0;32mOK<1b>[0m
test_dim.R.................... 15 tests <1b>[0;32mOK<1b>[0m
test_dim.R.................... 15 tests <1b>[0;32mOK<1b>[0m
test_dim.R.................... 16 tests <1b>[0;32mOK<1b>[0m
test_dim.R.................... 16 tests <1b>[0;32mOK<1b>[0m
test_dim.R.................... 17 tests <1b>[0;32mOK<1b>[0m
test_dim.R.................... 17 tests <1b>[0;32mOK<1b>[0m
test_dim.R.................... 18 tests <1b>[0;32mOK<1b>[0m
test_dim.R.................... 18 tests <1b>[0;32mOK<1b>[0m
test_dim.R.................... 18 tests <1b>[0;32mOK<1b>[0m
test_dim.R.................... 18 tests <1b>[0;32mOK<1b>[0m
test_dim.R.................... 18 tests <1b>[0;32mOK<1b>[0m
test_dim.R.................... 18 tests <1b>[0;32mOK<1b>[0m
test_dim.R.................... 165 tests <1b>[0;32mOK<1b>[0m
test_dim.R.................... 165 tests <1b>[0;32mOK<1b>[0m
test_dim.R.................... 165 tests <1b>[0;32mOK<1b>[0m
test_dim.R.................... 165 tests <1b>[0;32mOK<1b>[0m
test_dim.R.................... 165 tests <1b>[0;32mOK<1b>[0m
test_dim.R.................... 213 tests <1b>[0;32mOK<1b>[0m <1b>[0;34m2.3s<1b>[0m
test_dimsubset.R.............. 0 tests
test_dimsubset.R.............. 0 tests
test_dimsubset.R.............. 0 tests
test_dimsubset.R.............. 0 tests
test_dimsubset.R.............. 0 tests
test_dimsubset.R.............. 0 tests
test_dimsubset.R.............. 0 tests
test_dimsubset.R.............. 0 tests
test_dimsubset.R.............. 0 tests
test_dimsubset.R.............. 0 tests
test_dimsubset.R.............. 0 tests
test_dimsubset.R.............. 0 tests
test_dimsubset.R.............. 0 tests
test_dimsubset.R.............. 0 tests
test_dimsubset.R.............. 0 tests
test_dimsubset.R.............. 0 tests
test_dimsubset.R.............. 0 tests
test_dimsubset.R.............. 0 tests
test_dimsubset.R.............. 0 tests
test_dimsubset.R.............. 0 tests
test_dimsubset.R.............. 0 tests
test_dimsubset.R.............. 0 tests
test_dimsubset.R.............. 0 tests
test_dimsubset.R.............. 0 tests
test_dimsubset.R.............. 0 tests
test_dimsubset.R.............. 0 tests
test_dimsubset.R.............. 0 tests
test_dimsubset.R.............. 1 tests <1b>[0;32mOK<1b>[0m
test_dimsubset.R.............. 2 tests <1b>[0;32mOK<1b>[0m
test_dimsubset.R.............. 3 tests <1b>[0;32mOK<1b>[0m
test_dimsubset.R.............. 3 tests <1b>[0;32mOK<1b>[0m
test_dimsubset.R.............. 3 tests <1b>[0;32mOK<1b>[0m
test_dimsubset.R.............. 4 tests <1b>[0;32mOK<1b>[0m
test_dimsubset.R.............. 5 tests <1b>[0;32mOK<1b>[0m
test_dimsubset.R.............. 6 tests <1b>[0;32mOK<1b>[0m
test_dimsubset.R.............. 6 tests <1b>[0;32mOK<1b>[0m
test_dimsubset.R.............. 6 tests <1b>[0;32mOK<1b>[0m
test_dimsubset.R.............. 7 tests <1b>[0;32mOK<1b>[0m
test_dimsubset.R.............. 8 tests <1b>[0;32mOK<1b>[0m
test_dimsubset.R.............. 9 tests <1b>[0;32mOK<1b>[0m
test_dimsubset.R.............. 9 tests <1b>[0;32mOK<1b>[0m
test_dimsubset.R.............. 9 tests <1b>[0;32mOK<1b>[0m
test_dimsubset.R.............. 9 tests <1b>[0;32mOK<1b>[0m
test_dimsubset.R.............. 10 tests <1b>[0;32mOK<1b>[0m
test_dimsubset.R.............. 10 tests <1b>[0;32mOK<1b>[0m
test_dimsubset.R.............. 10 tests <1b>[0;32mOK<1b>[0m
test_dimsubset.R.............. 11 tests <1b>[0;32mOK<1b>[0m
test_dimsubset.R.............. 11 tests <1b>[0;32mOK<1b>[0m
test_dimsubset.R.............. 11 tests <1b>[0;32mOK<1b>[0m
test_dimsubset.R.............. 12 tests <1b>[0;32mOK<1b>[0m
test_dimsubset.R.............. 12 tests <1b>[0;32mOK<1b>[0m
test_dimsubset.R.............. 12 tests <1b>[0;32mOK<1b>[0m
test_dimsubset.R.............. 12 tests <1b>[0;32mOK<1b>[0m
test_dimsubset.R.............. 13 tests <1b>[0;32mOK<1b>[0m
test_dimsubset.R.............. 14 tests <1b>[0;32mOK<1b>[0m
test_dimsubset.R.............. 14 tests <1b>[0;32mOK<1b>[0m
test_dimsubset.R.............. 14 tests <1b>[0;32mOK<1b>[0m
test_dimsubset.R.............. 15 tests <1b>[0;32mOK<1b>[0m
test_dimsubset.R.............. 16 tests <1b>[0;32mOK<1b>[0m
test_dimsubset.R.............. 16 tests <1b>[0;32mOK<1b>[0m
test_dimsubset.R.............. 16 tests <1b>[0;32mOK<1b>[0m
test_dimsubset.R.............. 16 tests <1b>[0;32mOK<1b>[0m
test_dimsubset.R.............. 17 tests <1b>[0;32mOK<1b>[0m
test_dimsubset.R.............. 18 tests <1b>[0;32mOK<1b>[0m
test_dimsubset.R.............. 18 tests <1b>[0;32mOK<1b>[0m
test_dimsubset.R.............. 18 tests <1b>[0;32mOK<1b>[0m
test_dimsubset.R.............. 18 tests <1b>[0;32mOK<1b>[0m
test_dimsubset.R.............. 19 tests <1b>[0;32mOK<1b>[0m
test_dimsubset.R.............. 20 tests <1b>[0;32mOK<1b>[0m
test_dimsubset.R.............. 20 tests <1b>[0;32mOK<1b>[0m
test_dimsubset.R.............. 20 tests <1b>[0;32mOK<1b>[0m
test_dimsubset.R.............. 20 tests <1b>[0;32mOK<1b>[0m
test_dimsubset.R.............. 21 tests <1b>[0;32mOK<1b>[0m
test_dimsubset.R.............. 22 tests <1b>[0;32mOK<1b>[0m
test_dimsubset.R.............. 22 tests <1b>[0;32mOK<1b>[0m
test_dimsubset.R.............. 22 tests <1b>[0;32mOK<1b>[0m
test_dimsubset.R.............. 22 tests <1b>[0;32mOK<1b>[0m
test_dimsubset.R.............. 23 tests <1b>[0;32mOK<1b>[0m
test_dimsubset.R.............. 24 tests <1b>[0;32mOK<1b>[0m
test_dimsubset.R.............. 24 tests <1b>[0;32mOK<1b>[0m <1b>[0;34m10.8s<1b>[0m [Exited at #158: Skip remainder on Windows]
test_domain.R................. 0 tests
test_domain.R................. 0 tests
test_domain.R................. 0 tests
test_domain.R................. 0 tests
test_domain.R................. 0 tests
test_domain.R................. 1 tests <1b>[0;32mOK<1b>[0m
test_domain.R................. 1 tests <1b>[0;32mOK<1b>[0m
test_domain.R................. 1 tests <1b>[0;32mOK<1b>[0m
test_domain.R................. 1 tests <1b>[0;32mOK<1b>[0m
test_domain.R................. 1 tests <1b>[0;32mOK<1b>[0m
test_domain.R................. 2 tests <1b>[0;32mOK<1b>[0m
test_domain.R................. 3 tests <1b>[0;32mOK<1b>[0m
test_domain.R................. 3 tests <1b>[0;32mOK<1b>[0m
test_domain.R................. 3 tests <1b>[0;32mOK<1b>[0m
test_domain.R................. 3 tests <1b>[0;32mOK<1b>[0m
test_domain.R................. 4 tests <1b>[0;32mOK<1b>[0m
test_domain.R................. 4 tests <1b>[0;32mOK<1b>[0m
test_domain.R................. 4 tests <1b>[0;32mOK<1b>[0m
test_domain.R................. 4 tests <1b>[0;32mOK<1b>[0m
test_domain.R................. 4 tests <1b>[0;32mOK<1b>[0m
test_domain.R................. 4 tests <1b>[0;32mOK<1b>[0m
test_domain.R................. 5 tests <1b>[0;32mOK<1b>[0m
test_domain.R................. 6 tests <1b>[0;32mOK<1b>[0m
test_domain.R................. 7 tests <1b>[0;32mOK<1b>[0m
test_domain.R................. 8 tests <1b>[0;32mOK<1b>[0m
test_domain.R................. 9 tests <1b>[0;32mOK<1b>[0m
test_domain.R................. 10 tests <1b>[0;32mOK<1b>[0m
test_domain.R................. 11 tests <1b>[0;32mOK<1b>[0m
test_domain.R................. 12 tests <1b>[0;32mOK<1b>[0m
test_domain.R................. 13 tests <1b>[0;32mOK<1b>[0m <1b>[0;36m13ms<1b>[0m
test_filestore.R.............. 0 tests
test_filestore.R.............. 0 tests
test_filestore.R.............. 0 tests
test_filestore.R.............. 0 tests
test_filestore.R.............. 0 tests
test_filestore.R.............. 0 tests
test_filestore.R.............. 0 tests
test_filestore.R.............. 1 tests <1b>[0;32mOK<1b>[0m
test_filestore.R.............. 2 tests <1b>[0;32mOK<1b>[0m
test_filestore.R.............. 3 tests <1b>[0;32mOK<1b>[0m
test_filestore.R.............. 4 tests <1b>[0;32mOK<1b>[0m
test_filestore.R.............. 5 tests <1b>[0;32mOK<1b>[0m
test_filestore.R.............. 5 tests <1b>[0;32mOK<1b>[0m <1b>[0;36m22ms<1b>[0m [Exited at #22: Skip remainder as tests randomly fail]
test_filter.R................. 0 tests
test_filter.R................. 0 tests
test_filter.R................. 0 tests
test_filter.R................. 0 tests
test_filter.R................. 1 tests <1b>[0;32mOK<1b>[0m
test_filter.R................. 1 tests <1b>[0;32mOK<1b>[0m
test_filter.R................. 2 tests <1b>[0;32mOK<1b>[0m
test_filter.R................. 2 tests <1b>[0;32mOK<1b>[0m
test_filter.R................. 15 tests <1b>[0;32mOK<1b>[0m
test_filter.R................. 15 tests <1b>[0;32mOK<1b>[0m
test_filter.R................. 16 tests <1b>[0;32mOK<1b>[0m
test_filter.R................. 17 tests <1b>[0;32mOK<1b>[0m
test_filter.R................. 17 tests <1b>[0;32mOK<1b>[0m
test_filter.R................. 27 tests <1b>[0;32mOK<1b>[0m
test_filter.R................. 27 tests <1b>[0;32mOK<1b>[0m
test_filter.R................. 27 tests <1b>[0;32mOK<1b>[0m
test_filter.R................. 28 tests <1b>[0;32mOK<1b>[0m
test_filter.R................. 28 tests <1b>[0;32mOK<1b>[0m
test_filter.R................. 28 tests <1b>[0;32mOK<1b>[0m
test_filter.R................. 29 tests <1b>[0;32mOK<1b>[0m
test_filter.R................. 29 tests <1b>[0;32mOK<1b>[0m
test_filter.R................. 29 tests <1b>[0;32mOK<1b>[0m
test_filter.R................. 29 tests <1b>[0;32mOK<1b>[0m
test_filter.R................. 29 tests <1b>[0;32mOK<1b>[0m
test_filter.R................. 29 tests <1b>[0;32mOK<1b>[0m
test_filter.R................. 41 tests <1b>[0;32mOK<1b>[0m
test_filter.R................. 41 tests <1b>[0;32mOK<1b>[0m
test_filter.R................. 47 tests <1b>[0;32mOK<1b>[0m
test_filter.R................. 47 tests <1b>[0;32mOK<1b>[0m
test_filter.R................. 49 tests <1b>[0;32mOK<1b>[0m
test_filter.R................. 55 tests <1b>[0;32mOK<1b>[0m
test_filter.R................. 56 tests <1b>[0;32mOK<1b>[0m
test_filter.R................. 56 tests <1b>[0;32mOK<1b>[0m <1b>[0;34m1.2s<1b>[0m
test_filterlist.R............. 0 tests
test_filterlist.R............. 0 tests
test_filterlist.R............. 0 tests
test_filterlist.R............. 0 tests
test_filterlist.R............. 1 tests <1b>[0;32mOK<1b>[0m
test_filterlist.R............. 1 tests <1b>[0;32mOK<1b>[0m
test_filterlist.R............. 1 tests <1b>[0;32mOK<1b>[0m
test_filterlist.R............. 2 tests <1b>[0;32mOK<1b>[0m
test_filterlist.R............. 2 tests <1b>[0;32mOK<1b>[0m
test_filterlist.R............. 2 tests <1b>[0;32mOK<1b>[0m
test_filterlist.R............. 3 tests <1b>[0;32mOK<1b>[0m
test_filterlist.R............. 3 tests <1b>[0;32mOK<1b>[0m
test_filterlist.R............. 4 tests <1b>[0;32mOK<1b>[0m <1b>[0;36m8ms<1b>[0m
test_fragmentinfo.R........... 0 tests
test_fragmentinfo.R........... 0 tests
test_fragmentinfo.R........... 0 tests
test_fragmentinfo.R........... 0 tests
test_fragmentinfo.R........... 0 tests
test_fragmentinfo.R........... 0 tests
test_fragmentinfo.R........... 0 tests
test_fragmentinfo.R........... 0 tests
test_fragmentinfo.R........... 0 tests
test_fragmentinfo.R........... 0 tests
test_fragmentinfo.R........... 1 tests <1b>[0;32mOK<1b>[0m
test_fragmentinfo.R........... 2 tests <1b>[0;32mOK<1b>[0m
test_fragmentinfo.R........... 2 tests <1b>[0;32mOK<1b>[0m
test_fragmentinfo.R........... 3 tests <1b>[0;32mOK<1b>[0m
test_fragmentinfo.R........... 3 tests <1b>[0;32mOK<1b>[0m
test_fragmentinfo.R........... 4 tests <1b>[0;32mOK<1b>[0m
test_fragmentinfo.R........... 4 tests <1b>[0;32mOK<1b>[0m
test_fragmentinfo.R........... 5 tests <1b>[0;32mOK<1b>[0m
test_fragmentinfo.R........... 5 tests <1b>[0;32mOK<1b>[0m
test_fragmentinfo.R........... 5 tests <1b>[0;32mOK<1b>[0m
test_fragmentinfo.R........... 6 tests <1b>[0;32mOK<1b>[0m
test_fragmentinfo.R........... 7 tests <1b>[0;32mOK<1b>[0m
test_fragmentinfo.R........... 8 tests <1b>[0;32mOK<1b>[0m
test_fragmentinfo.R........... 9 tests <1b>[0;32mOK<1b>[0m
test_fragmentinfo.R........... 10 tests <1b>[0;32mOK<1b>[0m
test_fragmentinfo.R........... 11 tests <1b>[0;32mOK<1b>[0m
test_fragmentinfo.R........... 11 tests <1b>[0;32mOK<1b>[0m
test_fragmentinfo.R........... 12 tests <1b>[0;32mOK<1b>[0m
test_fragmentinfo.R........... 13 tests <1b>[0;32mOK<1b>[0m
test_fragmentinfo.R........... 14 tests <1b>[0;32mOK<1b>[0m
test_fragmentinfo.R........... 15 tests <1b>[0;32mOK<1b>[0m
test_fragmentinfo.R........... 16 tests <1b>[0;32mOK<1b>[0m
test_fragmentinfo.R........... 17 tests <1b>[0;32mOK<1b>[0m
test_fragmentinfo.R........... 18 tests <1b>[0;32mOK<1b>[0m
test_fragmentinfo.R........... 19 tests <1b>[0;32mOK<1b>[0m
test_fragmentinfo.R........... 19 tests <1b>[0;32mOK<1b>[0m
test_fragmentinfo.R........... 19 tests <1b>[0;32mOK<1b>[0m
test_fragmentinfo.R........... 19 tests <1b>[0;32mOK<1b>[0m
test_fragmentinfo.R........... 19 tests <1b>[0;32mOK<1b>[0m
test_fragmentinfo.R........... 19 tests <1b>[0;32mOK<1b>[0m
test_fragmentinfo.R........... 19 tests <1b>[0;32mOK<1b>[0m
test_fragmentinfo.R........... 20 tests <1b>[0;32mOK<1b>[0m
test_fragmentinfo.R........... 21 tests <1b>[0;32mOK<1b>[0m
test_fragmentinfo.R........... 22 tests <1b>[0;32mOK<1b>[0m
test_fragmentinfo.R........... 23 tests <1b>[0;32mOK<1b>[0m
test_fragmentinfo.R........... 24 tests <1b>[0;32mOK<1b>[0m
test_fragmentinfo.R........... 25 tests <1b>[0;32mOK<1b>[0m
test_fragmentinfo.R........... 25 tests <1b>[0;32mOK<1b>[0m
test_fragmentinfo.R........... 25 tests <1b>[0;32mOK<1b>[0m
test_fragmentinfo.R........... 25 tests <1b>[0;32mOK<1b>[0m
test_fragmentinfo.R........... 25 tests <1b>[0;32mOK<1b>[0m
test_fragmentinfo.R........... 25 tests <1b>[0;32mOK<1b>[0m
test_fragmentinfo.R........... 26 tests <1b>[0;32mOK<1b>[0m
test_fragmentinfo.R........... 27 tests <1b>[0;32mOK<1b>[0m
test_fragmentinfo.R........... 28 tests <1b>[0;32mOK<1b>[0m
test_fragmentinfo.R........... 29 tests <1b>[0;32mOK<1b>[0m
test_fragmentinfo.R........... 30 tests <1b>[0;32mOK<1b>[0m
test_fragmentinfo.R........... 31 tests <1b>[0;32mOK<1b>[0m
test_fragmentinfo.R........... 32 tests <1b>[0;32mOK<1b>[0m
test_fragmentinfo.R........... 33 tests <1b>[0;32mOK<1b>[0m
test_fragmentinfo.R........... 33 tests <1b>[0;32mOK<1b>[0m
test_fragmentinfo.R........... 33 tests <1b>[0;32mOK<1b>[0m
test_fragmentinfo.R........... 34 tests <1b>[0;32mOK<1b>[0m
test_fragmentinfo.R........... 35 tests <1b>[0;32mOK<1b>[0m
test_fragmentinfo.R........... 36 tests <1b>[0;32mOK<1b>[0m
test_fragmentinfo.R........... 36 tests <1b>[0;32mOK<1b>[0m
test_fragmentinfo.R........... 37 tests <1b>[0;32mOK<1b>[0m
test_fragmentinfo.R........... 38 tests <1b>[0;32mOK<1b>[0m
test_fragmentinfo.R........... 39 tests <1b>[0;32mOK<1b>[0m
test_fragmentinfo.R........... 40 tests <1b>[0;32mOK<1b>[0m
test_fragmentinfo.R........... 41 tests <1b>[0;32mOK<1b>[0m
test_fragmentinfo.R........... 42 tests <1b>[0;32mOK<1b>[0m
test_fragmentinfo.R........... 43 tests <1b>[0;32mOK<1b>[0m <1b>[0;34m1.2s<1b>[0m
test_group.R.................. 0 tests
test_group.R.................. 0 tests
test_group.R.................. 0 tests
test_group.R.................. 0 tests
test_group.R.................. 0 tests
test_group.R.................. 0 tests
test_group.R.................. 0 tests
test_group.R.................. 0 tests
test_group.R.................. 1 tests <1b>[0;32mOK<1b>[0m
test_group.R.................. 2 tests <1b>[0;32mOK<1b>[0m
test_group.R.................. 2 tests <1b>[0;32mOK<1b>[0m
test_group.R.................. 3 tests <1b>[0;32mOK<1b>[0m
test_group.R.................. 4 tests <1b>[0;32mOK<1b>[0m
test_group.R.................. 5 tests <1b>[0;32mOK<1b>[0m
test_group.R.................. 5 tests <1b>[0;32mOK<1b>[0m
test_group.R.................. 6 tests <1b>[0;32mOK<1b>[0m
test_group.R.................. 7 tests <1b>[0;32mOK<1b>[0m
test_group.R.................. 8 tests <1b>[0;32mOK<1b>[0m
test_group.R.................. 8 tests <1b>[0;32mOK<1b>[0m
test_group.R.................. 9 tests <1b>[0;32mOK<1b>[0m
test_group.R.................. 9 tests <1b>[0;32mOK<1b>[0m
test_group.R.................. 9 tests <1b>[0;32mOK<1b>[0m
test_group.R.................. 10 tests <1b>[0;32mOK<1b>[0m
test_group.R.................. 10 tests <1b>[0;32mOK<1b>[0m
test_group.R.................. 11 tests <1b>[0;32mOK<1b>[0m
test_group.R.................. 12 tests <1b>[0;32mOK<1b>[0m
test_group.R.................. 12 tests <1b>[0;32mOK<1b>[0m
test_group.R.................. 12 tests <1b>[0;32mOK<1b>[0m
test_group.R.................. 12 tests <1b>[0;32mOK<1b>[0m
test_group.R.................. 12 tests <1b>[0;32mOK<1b>[0m
test_group.R.................. 13 tests <1b>[0;32mOK<1b>[0m
test_group.R.................. 13 tests <1b>[0;32mOK<1b>[0m
test_group.R.................. 14 tests <1b>[0;32mOK<1b>[0m
test_group.R.................. 15 tests <1b>[0;32mOK<1b>[0m
test_group.R.................. 16 tests <1b>[0;32mOK<1b>[0m
test_group.R.................. 17 tests <1b>[0;32mOK<1b>[0m
test_group.R.................. 18 tests <1b>[0;32mOK<1b>[0m
test_group.R.................. 19 tests <1b>[0;32mOK<1b>[0m
test_group.R.................. 20 tests <1b>[0;32mOK<1b>[0m
test_group.R.................. 21 tests <1b>[0;32mOK<1b>[0m
test_group.R.................. 22 tests <1b>[0;32mOK<1b>[0m
test_group.R.................. 23 tests <1b>[0;32mOK<1b>[0m
test_group.R.................. 24 tests <1b>[0;32mOK<1b>[0m
test_group.R.................. 25 tests <1b>[0;32mOK<1b>[0m
test_group.R.................. 26 tests <1b>[0;32mOK<1b>[0m
test_group.R.................. 27 tests <1b>[0;32mOK<1b>[0m
test_group.R.................. 28 tests <1b>[0;32mOK<1b>[0m
test_group.R.................. 28 tests <1b>[0;32mOK<1b>[0m
test_group.R.................. 29 tests <1b>[0;32mOK<1b>[0m
test_group.R.................. 30 tests <1b>[0;32mOK<1b>[0m
test_group.R.................. 31 tests <1b>[0;32mOK<1b>[0m
test_group.R.................. 32 tests <1b>[0;32mOK<1b>[0m
test_group.R.................. 33 tests <1b>[0;32mOK<1b>[0m
test_group.R.................. 34 tests <1b>[0;32mOK<1b>[0m
test_group.R.................. 35 tests <1b>[0;32mOK<1b>[0m
test_group.R.................. 35 tests <1b>[0;32mOK<1b>[0m
test_group.R.................. 35 tests <1b>[0;32mOK<1b>[0m
test_group.R.................. 35 tests <1b>[0;32mOK<1b>[0m
test_group.R.................. 35 tests <1b>[0;32mOK<1b>[0m
test_group.R.................. 35 tests <1b>[0;32mOK<1b>[0m
test_group.R.................. 35 tests <1b>[0;32mOK<1b>[0m
test_group.R.................. 35 tests <1b>[0;32mOK<1b>[0m
test_group.R.................. 35 tests <1b>[0;32mOK<1b>[0m
test_group.R.................. 35 tests <1b>[0;32mOK<1b>[0m
test_group.R.................. 35 tests <1b>[0;32mOK<1b>[0m
test_group.R.................. 35 tests <1b>[0;32mOK<1b>[0m
test_group.R.................. 35 tests <1b>[0;32mOK<1b>[0m
test_group.R.................. 35 tests <1b>[0;32mOK<1b>[0m
test_group.R.................. 35 tests <1b>[0;32mOK<1b>[0m
test_group.R.................. 35 tests <1b>[0;32mOK<1b>[0m
test_group.R.................. 35 tests <1b>[0;32mOK<1b>[0m
test_group.R.................. 35 tests <1b>[0;32mOK<1b>[0m
test_group.R.................. 35 tests <1b>[0;32mOK<1b>[0m
test_group.R.................. 35 tests <1b>[0;32mOK<1b>[0m
test_group.R.................. 35 tests <1b>[0;32mOK<1b>[0m
test_group.R.................. 36 tests <1b>[0;32mOK<1b>[0m
test_group.R.................. 36 tests <1b>[0;32mOK<1b>[0m
test_group.R.................. 36 tests <1b>[0;32mOK<1b>[0m
test_group.R.................. 36 tests <1b>[0;32mOK<1b>[0m
test_group.R.................. 36 tests <1b>[0;32mOK<1b>[0m
test_group.R.................. 36 tests <1b>[0;32mOK<1b>[0m
test_group.R.................. 36 tests <1b>[0;32mOK<1b>[0m
test_group.R.................. 36 tests <1b>[0;32mOK<1b>[0m
test_group.R.................. 37 tests <1b>[0;32mOK<1b>[0m
test_group.R.................. 38 tests <1b>[0;32mOK<1b>[0m
test_group.R.................. 38 tests <1b>[0;32mOK<1b>[0m
test_group.R.................. 38 tests <1b>[0;32mOK<1b>[0m
test_group.R.................. 38 tests <1b>[0;32mOK<1b>[0m
test_group.R.................. 38 tests <1b>[0;32mOK<1b>[0m
test_group.R.................. 39 tests <1b>[0;32mOK<1b>[0m
test_group.R.................. 39 tests <1b>[0;32mOK<1b>[0m
test_group.R.................. 39 tests <1b>[0;32mOK<1b>[0m
test_group.R.................. 40 tests <1b>[0;32mOK<1b>[0m
test_group.R.................. 40 tests <1b>[0;32mOK<1b>[0m
test_group.R.................. 41 tests <1b>[0;32mOK<1b>[0m
test_group.R.................. 42 tests <1b>[0;32mOK<1b>[0m
test_group.R.................. 43 tests <1b>[0;32mOK<1b>[0m
test_group.R.................. 44 tests <1b>[0;32mOK<1b>[0m
test_group.R.................. 45 tests <1b>[0;32mOK<1b>[0m
test_group.R.................. 46 tests <1b>[0;32mOK<1b>[0m
test_group.R.................. 47 tests <1b>[0;32mOK<1b>[0m
test_group.R.................. 47 tests <1b>[0;32mOK<1b>[0m
test_group.R.................. 48 tests <1b>[0;32mOK<1b>[0m
test_group.R.................. 49 tests <1b>[0;32mOK<1b>[0m
test_group.R.................. 49 tests <1b>[0;32mOK<1b>[0m
test_group.R.................. 49 tests <1b>[0;32mOK<1b>[0m
test_group.R.................. 50 tests <1b>[0;32mOK<1b>[0m
test_group.R.................. 50 tests <1b>[0;32mOK<1b>[0m
test_group.R.................. 51 tests <1b>[0;32mOK<1b>[0m
test_group.R.................. 52 tests <1b>[0;32mOK<1b>[0m
test_group.R.................. 53 tests <1b>[0;32mOK<1b>[0m
test_group.R.................. 54 tests <1b>[0;32mOK<1b>[0m
test_group.R.................. 54 tests <1b>[0;32mOK<1b>[0m
test_group.R.................. 54 tests <1b>[0;32mOK<1b>[0m
test_group.R.................. 54 tests <1b>[0;32mOK<1b>[0m
test_group.R.................. 54 tests <1b>[0;32mOK<1b>[0m
test_group.R.................. 55 tests <1b>[0;32mOK<1b>[0m
test_group.R.................. 56 tests <1b>[0;32mOK<1b>[0m
test_group.R.................. 57 tests <1b>[0;32mOK<1b>[0m
test_group.R.................. 58 tests <1b>[0;32mOK<1b>[0m
test_group.R.................. 58 tests <1b>[0;32mOK<1b>[0m
test_group.R.................. 59 tests <1b>[0;32mOK<1b>[0m
test_group.R.................. 63 tests <1b>[0;32mOK<1b>[0m
test_group.R.................. 64 tests <1b>[0;32mOK<1b>[0m
test_group.R.................. 64 tests <1b>[0;32mOK<1b>[0m
test_group.R.................. 64 tests <1b>[0;32mOK<1b>[0m
test_group.R.................. 65 tests <1b>[0;32mOK<1b>[0m
test_group.R.................. 66 tests <1b>[0;32mOK<1b>[0m
test_group.R.................. 67 tests <1b>[0;32mOK<1b>[0m
test_group.R.................. 67 tests <1b>[0;32mOK<1b>[0m
test_group.R.................. 68 tests <1b>[0;32mOK<1b>[0m
test_group.R.................. 68 tests <1b>[0;32mOK<1b>[0m
test_group.R.................. 69 tests <1b>[0;32mOK<1b>[0m
test_group.R.................. 70 tests <1b>[0;32mOK<1b>[0m
test_group.R.................. 70 tests <1b>[0;32mOK<1b>[0m
test_group.R.................. 71 tests <1b>[0;32mOK<1b>[0m
test_group.R.................. 72 tests <1b>[0;32mOK<1b>[0m
test_group.R.................. 72 tests <1b>[0;32mOK<1b>[0m
test_group.R.................. 72 tests <1b>[0;32mOK<1b>[0m
test_group.R.................. 72 tests <1b>[0;32mOK<1b>[0m
test_group.R.................. 72 tests <1b>[0;32mOK<1b>[0m
test_group.R.................. 72 tests <1b>[0;32mOK<1b>[0m
test_group.R.................. 73 tests <1b>[0;32mOK<1b>[0m
test_group.R.................. 74 tests <1b>[0;32mOK<1b>[0m
test_group.R.................. 74 tests <1b>[0;32mOK<1b>[0m
test_group.R.................. 75 tests <1b>[0;32mOK<1b>[0m <1b>[0;34m0.2s<1b>[0m
test_libtiledb.R.............. 0 tests
test_libtiledb.R.............. 0 tests
test_libtiledb.R.............. 0 tests
test_libtiledb.R.............. 0 tests
test_libtiledb.R.............. 1 tests <1b>[0;32mOK<1b>[0m
test_libtiledb.R.............. 2 tests <1b>[0;32mOK<1b>[0m
test_libtiledb.R.............. 3 tests <1b>[0;32mOK<1b>[0m
test_libtiledb.R.............. 4 tests <1b>[0;32mOK<1b>[0m
test_libtiledb.R.............. 5 tests <1b>[0;32mOK<1b>[0m
test_libtiledb.R.............. 5 tests <1b>[0;32mOK<1b>[0m
test_libtiledb.R.............. 5 tests <1b>[0;32mOK<1b>[0m
test_libtiledb.R.............. 6 tests <1b>[0;32mOK<1b>[0m
test_libtiledb.R.............. 6 tests <1b>[0;32mOK<1b>[0m
test_libtiledb.R.............. 6 tests <1b>[0;32mOK<1b>[0m
test_libtiledb.R.............. 7 tests <1b>[0;32mOK<1b>[0m
test_libtiledb.R.............. 7 tests <1b>[0;32mOK<1b>[0m
test_libtiledb.R.............. 8 tests <1b>[0;32mOK<1b>[0m
test_libtiledb.R.............. 8 tests <1b>[0;32mOK<1b>[0m
test_libtiledb.R.............. 8 tests <1b>[0;32mOK<1b>[0m
test_libtiledb.R.............. 8 tests <1b>[0;32mOK<1b>[0m
test_libtiledb.R.............. 9 tests <1b>[0;32mOK<1b>[0m
test_libtiledb.R.............. 9 tests <1b>[0;32mOK<1b>[0m
test_libtiledb.R.............. 9 tests <1b>[0;32mOK<1b>[0m
test_libtiledb.R.............. 10 tests <1b>[0;32mOK<1b>[0m
test_libtiledb.R.............. 10 tests <1b>[0;32mOK<1b>[0m
test_libtiledb.R.............. 160 tests <1b>[0;32mOK<1b>[0m
test_libtiledb.R.............. 160 tests <1b>[0;32mOK<1b>[0m
test_libtiledb.R.............. 161 tests <1b>[0;32mOK<1b>[0m
test_libtiledb.R.............. 161 tests <1b>[0;32mOK<1b>[0m
test_libtiledb.R.............. 162 tests <1b>[0;32mOK<1b>[0m
test_libtiledb.R.............. 162 tests <1b>[0;32mOK<1b>[0m
test_libtiledb.R.............. 163 tests <1b>[0;32mOK<1b>[0m
test_libtiledb.R.............. 163 tests <1b>[0;32mOK<1b>[0m
test_libtiledb.R.............. 163 tests <1b>[0;32mOK<1b>[0m
test_libtiledb.R.............. 164 tests <1b>[0;32mOK<1b>[0m
test_libtiledb.R.............. 164 tests <1b>[0;32mOK<1b>[0m
test_libtiledb.R.............. 165 tests <1b>[0;32mOK<1b>[0m
test_libtiledb.R.............. 166 tests <1b>[0;32mOK<1b>[0m
test_libtiledb.R.............. 167 tests <1b>[0;32mOK<1b>[0m
test_libtiledb.R.............. 168 tests <1b>[0;32mOK<1b>[0m
test_libtiledb.R.............. 168 tests <1b>[0;32mOK<1b>[0m
test_libtiledb.R.............. 168 tests <1b>[0;32mOK<1b>[0m
test_libtiledb.R.............. 169 tests <1b>[0;32mOK<1b>[0m
test_libtiledb.R.............. 169 tests <1b>[0;32mOK<1b>[0m
test_libtiledb.R.............. 169 tests <1b>[0;32mOK<1b>[0m
test_libtiledb.R.............. 170 tests <1b>[0;32mOK<1b>[0m
test_libtiledb.R.............. 170 tests <1b>[0;32mOK<1b>[0m
test_libtiledb.R.............. 170 tests <1b>[0;32mOK<1b>[0m
test_libtiledb.R.............. 170 tests <1b>[0;32mOK<1b>[0m
test_libtiledb.R.............. 170 tests <1b>[0;32mOK<1b>[0m
test_libtiledb.R.............. 171 tests <1b>[0;32mOK<1b>[0m
test_libtiledb.R.............. 171 tests <1b>[0;32mOK<1b>[0m
test_libtiledb.R.............. 171 tests <1b>[0;32mOK<1b>[0m
test_libtiledb.R.............. 171 tests <1b>[0;32mOK<1b>[0m
test_libtiledb.R.............. 171 tests <1b>[0;32mOK<1b>[0m
test_libtiledb.R.............. 172 tests <1b>[0;32mOK<1b>[0m
test_libtiledb.R.............. 172 tests <1b>[0;32mOK<1b>[0m
test_libtiledb.R.............. 172 tests <1b>[0;32mOK<1b>[0m
test_libtiledb.R.............. 172 tests <1b>[0;32mOK<1b>[0m
test_libtiledb.R.............. 172 tests <1b>[0;32mOK<1b>[0m
test_libtiledb.R.............. 173 tests <1b>[0;32mOK<1b>[0m
test_libtiledb.R.............. 173 tests <1b>[0;32mOK<1b>[0m
test_libtiledb.R.............. 173 tests <1b>[0;32mOK<1b>[0m
test_libtiledb.R.............. 173 tests <1b>[0;32mOK<1b>[0m
test_libtiledb.R.............. 173 tests <1b>[0;32mOK<1b>[0m
test_libtiledb.R.............. 174 tests <1b>[0;32mOK<1b>[0m
test_libtiledb.R.............. 174 tests <1b>[0;32mOK<1b>[0m
test_libtiledb.R.............. 174 tests <1b>[0;32mOK<1b>[0m
test_libtiledb.R.............. 174 tests <1b>[0;32mOK<1b>[0m
test_libtiledb.R.............. 174 tests <1b>[0;32mOK<1b>[0m
test_libtiledb.R.............. 174 tests <1b>[0;32mOK<1b>[0m
test_libtiledb.R.............. 174 tests <1b>[0;32mOK<1b>[0m
test_libtiledb.R.............. 174 tests <1b>[0;32mOK<1b>[0m
test_libtiledb.R.............. 174 tests <1b>[0;32mOK<1b>[0m
test_libtiledb.R.............. 175 tests <1b>[0;32mOK<1b>[0m
test_libtiledb.R.............. 175 tests <1b>[0;32mOK<1b>[0m
test_libtiledb.R.............. 175 tests <1b>[0;32mOK<1b>[0m
test_libtiledb.R.............. 175 tests <1b>[0;32mOK<1b>[0m
test_libtiledb.R.............. 175 tests <1b>[0;32mOK<1b>[0m
test_libtiledb.R.............. 175 tests <1b>[0;32mOK<1b>[0m
test_libtiledb.R.............. 175 tests <1b>[0;32mOK<1b>[0m
test_libtiledb.R.............. 175 tests <1b>[0;32mOK<1b>[0m
test_libtiledb.R.............. 175 tests <1b>[0;32mOK<1b>[0m
test_libtiledb.R.............. 175 tests <1b>[0;32mOK<1b>[0m
test_libtiledb.R.............. 175 tests <1b>[0;32mOK<1b>[0m
test_libtiledb.R.............. 176 tests <1b>[0;32mOK<1b>[0m
test_libtiledb.R.............. 176 tests <1b>[0;32mOK<1b>[0m
test_libtiledb.R.............. 176 tests <1b>[0;32mOK<1b>[0m
test_libtiledb.R.............. 176 tests <1b>[0;32mOK<1b>[0m
test_libtiledb.R.............. 176 tests <1b>[0;32mOK<1b>[0m
test_libtiledb.R.............. 176 tests <1b>[0;32mOK<1b>[0m
test_libtiledb.R.............. 176 tests <1b>[0;32mOK<1b>[0m
test_libtiledb.R.............. 176 tests <1b>[0;32mOK<1b>[0m
test_libtiledb.R.............. 176 tests <1b>[0;32mOK<1b>[0m
test_libtiledb.R.............. 176 tests <1b>[0;32mOK<1b>[0m
test_libtiledb.R.............. 176 tests <1b>[0;32mOK<1b>[0m
test_libtiledb.R.............. 176 tests <1b>[0;32mOK<1b>[0m
test_libtiledb.R.............. 176 tests <1b>[0;32mOK<1b>[0m
test_libtiledb.R.............. 176 tests <1b>[0;32mOK<1b>[0m
test_libtiledb.R.............. 176 tests <1b>[0;32mOK<1b>[0m
test_libtiledb.R.............. 176 tests <1b>[0;32mOK<1b>[0m
test_libtiledb.R.............. 176 tests <1b>[0;32mOK<1b>[0m
test_libtiledb.R.............. 176 tests <1b>[0;32mOK<1b>[0m
test_libtiledb.R.............. 177 tests <1b>[0;32mOK<1b>[0m
test_libtiledb.R.............. 177 tests <1b>[0;32mOK<1b>[0m
test_libtiledb.R.............. 177 tests <1b>[0;32mOK<1b>[0m
test_libtiledb.R.............. 177 tests <1b>[0;32mOK<1b>[0m
test_libtiledb.R.............. 177 tests <1b>[0;32mOK<1b>[0m
test_libtiledb.R.............. 177 tests <1b>[0;32mOK<1b>[0m
test_libtiledb.R.............. 177 tests <1b>[0;32mOK<1b>[0m
test_libtiledb.R.............. 177 tests <1b>[0;32mOK<1b>[0m
test_libtiledb.R.............. 177 tests <1b>[0;32mOK<1b>[0m
test_libtiledb.R.............. 177 tests <1b>[0;32mOK<1b>[0m
test_libtiledb.R.............. 177 tests <1b>[0;32mOK<1b>[0m
test_libtiledb.R.............. 177 tests <1b>[0;32mOK<1b>[0m
test_libtiledb.R.............. 177 tests <1b>[0;32mOK<1b>[0m
test_libtiledb.R.............. 177 tests <1b>[0;32mOK<1b>[0m
test_libtiledb.R.............. 177 tests <1b>[0;32mOK<1b>[0m
test_libtiledb.R.............. 177 tests <1b>[0;32mOK<1b>[0m
test_libtiledb.R.............. 177 tests <1b>[0;32mOK<1b>[0m
test_libtiledb.R.............. 177 tests <1b>[0;32mOK<1b>[0m
test_libtiledb.R.............. 177 tests <1b>[0;32mOK<1b>[0m
test_libtiledb.R.............. 177 tests <1b>[0;32mOK<1b>[0m
test_libtiledb.R.............. 177 tests <1b>[0;32mOK<1b>[0m
test_libtiledb.R.............. 177 tests <1b>[0;32mOK<1b>[0m
test_libtiledb.R.............. 177 tests <1b>[0;32mOK<1b>[0m
test_libtiledb.R.............. 178 tests <1b>[0;32mOK<1b>[0m
test_libtiledb.R.............. 178 tests <1b>[0;32mOK<1b>[0m
test_libtiledb.R.............. 178 tests <1b>[0;32mOK<1b>[0m
test_libtiledb.R.............. 178 tests <1b>[0;32mOK<1b>[0m
test_libtiledb.R.............. 178 tests <1b>[0;32mOK<1b>[0m
test_libtiledb.R.............. 178 tests <1b>[0;32mOK<1b>[0m
test_libtiledb.R.............. 178 tests <1b>[0;32mOK<1b>[0m
test_libtiledb.R.............. 178 tests <1b>[0;32mOK<1b>[0m
test_libtiledb.R.............. 178 tests <1b>[0;32mOK<1b>[0m
test_libtiledb.R.............. 179 tests <1b>[0;32mOK<1b>[0m
test_libtiledb.R.............. 179 tests <1b>[0;32mOK<1b>[0m
test_libtiledb.R.............. 179 tests <1b>[0;32mOK<1b>[0m
test_libtiledb.R.............. 179 tests <1b>[0;32mOK<1b>[0m
test_libtiledb.R.............. 180 tests <1b>[0;32mOK<1b>[0m
test_libtiledb.R.............. 180 tests <1b>[0;32mOK<1b>[0m
test_libtiledb.R.............. 180 tests <1b>[0;32mOK<1b>[0m
test_libtiledb.R.............. 181 tests <1b>[0;32mOK<1b>[0m
test_libtiledb.R.............. 181 tests <1b>[0;32mOK<1b>[0m
test_libtiledb.R.............. 181 tests <1b>[0;32mOK<1b>[0m
test_libtiledb.R.............. 181 tests <1b>[0;32mOK<1b>[0m
test_libtiledb.R.............. 182 tests <1b>[0;32mOK<1b>[0m
test_libtiledb.R.............. 183 tests <1b>[0;32mOK<1b>[0m
test_libtiledb.R.............. 183 tests <1b>[0;32mOK<1b>[0m
test_libtiledb.R.............. 183 tests <1b>[0;32mOK<1b>[0m
test_libtiledb.R.............. 183 tests <1b>[0;32mOK<1b>[0m
test_libtiledb.R.............. 183 tests <1b>[0;32mOK<1b>[0m
test_libtiledb.R.............. 183 tests <1b>[0;32mOK<1b>[0m
test_libtiledb.R.............. 184 tests <1b>[0;32mOK<1b>[0m
test_libtiledb.R.............. 184 tests <1b>[0;32mOK<1b>[0m <1b>[0;34m0.1s<1b>[0m
test_matrix.R................. 0 tests
test_matrix.R................. 0 tests
test_matrix.R................. 0 tests
test_matrix.R................. 0 tests
test_matrix.R................. 0 tests
test_matrix.R................. 0 tests
test_matrix.R................. 0 tests
test_matrix.R................. 1 tests <1b>[0;32mOK<1b>[0m
test_matrix.R................. 1 tests <1b>[0;32mOK<1b>[0m
test_matrix.R................. 1 tests <1b>[0;32mOK<1b>[0m
test_matrix.R................. 1 tests <1b>[0;32mOK<1b>[0m
test_matrix.R................. 1 tests <1b>[0;32mOK<1b>[0m
test_matrix.R................. 2 tests <1b>[0;32mOK<1b>[0m
test_matrix.R................. 2 tests <1b>[0;32mOK<1b>[0m
test_matrix.R................. 2 tests <1b>[0;32mOK<1b>[0m
test_matrix.R................. 2 tests <1b>[0;32mOK<1b>[0m
test_matrix.R................. 2 tests <1b>[0;32mOK<1b>[0m
test_matrix.R................. 3 tests <1b>[0;32mOK<1b>[0m <1b>[0;34m0.3s<1b>[0m
test_metadata.R............... 0 tests
test_metadata.R............... 0 tests
test_metadata.R............... 0 tests
test_metadata.R............... 0 tests
test_metadata.R............... 0 tests
test_metadata.R............... 0 tests
test_metadata.R............... 0 tests
test_metadata.R............... 0 tests
test_metadata.R............... 0 tests
test_metadata.R............... 1 tests <1b>[0;32mOK<1b>[0m
test_metadata.R............... 2 tests <1b>[0;32mOK<1b>[0m
test_metadata.R............... 3 tests <1b>[0;32mOK<1b>[0m
test_metadata.R............... 4 tests <1b>[0;32mOK<1b>[0m
test_metadata.R............... 4 tests <1b>[0;32mOK<1b>[0m
test_metadata.R............... 4 tests <1b>[0;32mOK<1b>[0m
test_metadata.R............... 4 tests <1b>[0;32mOK<1b>[0m
test_metadata.R............... 5 tests <1b>[0;32mOK<1b>[0m
test_metadata.R............... 6 tests <1b>[0;32mOK<1b>[0m
test_metadata.R............... 6 tests <1b>[0;32mOK<1b>[0m
test_metadata.R............... 6 tests <1b>[0;32mOK<1b>[0m
test_metadata.R............... 6 tests <1b>[0;32mOK<1b>[0m
test_metadata.R............... 7 tests <1b>[0;32mOK<1b>[0m
test_metadata.R............... 8 tests <1b>[0;32mOK<1b>[0m
test_metadata.R............... 9 tests <1b>[0;32mOK<1b>[0m
test_metadata.R............... 9 tests <1b>[0;32mOK<1b>[0m
test_metadata.R............... 9 tests <1b>[0;32mOK<1b>[0m
test_metadata.R............... 9 tests <1b>[0;32mOK<1b>[0m
test_metadata.R............... 9 tests <1b>[0;32mOK<1b>[0m
test_metadata.R............... 10 tests <1b>[0;32mOK<1b>[0m
test_metadata.R............... 11 tests <1b>[0;32mOK<1b>[0m
test_metadata.R............... 11 tests <1b>[0;32mOK<1b>[0m
test_metadata.R............... 11 tests <1b>[0;32mOK<1b>[0m
test_metadata.R............... 11 tests <1b>[0;32mOK<1b>[0m
test_metadata.R............... 11 tests <1b>[0;32mOK<1b>[0m
test_metadata.R............... 12 tests <1b>[0;32mOK<1b>[0m
test_metadata.R............... 12 tests <1b>[0;32mOK<1b>[0m
test_metadata.R............... 13 tests <1b>[0;32mOK<1b>[0m
test_metadata.R............... 13 tests <1b>[0;32mOK<1b>[0m
test_metadata.R............... 13 tests <1b>[0;32mOK<1b>[0m
test_metadata.R............... 14 tests <1b>[0;32mOK<1b>[0m
test_metadata.R............... 14 tests <1b>[0;32mOK<1b>[0m
test_metadata.R............... 15 tests <1b>[0;32mOK<1b>[0m
test_metadata.R............... 15 tests <1b>[0;32mOK<1b>[0m
test_metadata.R............... 15 tests <1b>[0;32mOK<1b>[0m
test_metadata.R............... 16 tests <1b>[0;32mOK<1b>[0m
test_metadata.R............... 16 tests <1b>[0;32mOK<1b>[0m
test_metadata.R............... 17 tests <1b>[0;32mOK<1b>[0m
test_metadata.R............... 17 tests <1b>[0;32mOK<1b>[0m
test_metadata.R............... 17 tests <1b>[0;32mOK<1b>[0m
test_metadata.R............... 18 tests <1b>[0;32mOK<1b>[0m
test_metadata.R............... 18 tests <1b>[0;32mOK<1b>[0m
test_metadata.R............... 19 tests <1b>[0;32mOK<1b>[0m
test_metadata.R............... 19 tests <1b>[0;32mOK<1b>[0m
test_metadata.R............... 19 tests <1b>[0;32mOK<1b>[0m
test_metadata.R............... 19 tests <1b>[0;32mOK<1b>[0m
test_metadata.R............... 20 tests <1b>[0;32mOK<1b>[0m
test_metadata.R............... 21 tests <1b>[0;32mOK<1b>[0m
test_metadata.R............... 22 tests <1b>[0;32mOK<1b>[0m
test_metadata.R............... 23 tests <1b>[0;32mOK<1b>[0m
test_metadata.R............... 23 tests <1b>[0;32mOK<1b>[0m
test_metadata.R............... 23 tests <1b>[0;32mOK<1b>[0m
test_metadata.R............... 23 tests <1b>[0;32mOK<1b>[0m
test_metadata.R............... 23 tests <1b>[0;32mOK<1b>[0m
test_metadata.R............... 24 tests <1b>[0;32mOK<1b>[0m
test_metadata.R............... 25 tests <1b>[0;32mOK<1b>[0m
test_metadata.R............... 26 tests <1b>[0;32mOK<1b>[0m
test_metadata.R............... 26 tests <1b>[0;32mOK<1b>[0m
test_metadata.R............... 26 tests <1b>[0;32mOK<1b>[0m
test_metadata.R............... 27 tests <1b>[0;32mOK<1b>[0m
test_metadata.R............... 27 tests <1b>[0;32mOK<1b>[0m
test_metadata.R............... 28 tests <1b>[0;32mOK<1b>[0m
test_metadata.R............... 28 tests <1b>[0;32mOK<1b>[0m
test_metadata.R............... 29 tests <1b>[0;32mOK<1b>[0m
test_metadata.R............... 29 tests <1b>[0;32mOK<1b>[0m
test_metadata.R............... 30 tests <1b>[0;32mOK<1b>[0m
test_metadata.R............... 30 tests <1b>[0;32mOK<1b>[0m
test_metadata.R............... 31 tests <1b>[0;32mOK<1b>[0m
test_metadata.R............... 31 tests <1b>[0;32mOK<1b>[0m
test_metadata.R............... 31 tests <1b>[0;32mOK<1b>[0m
test_metadata.R............... 32 tests <1b>[0;32mOK<1b>[0m
test_metadata.R............... 32 tests <1b>[0;32mOK<1b>[0m
test_metadata.R............... 33 tests <1b>[0;32mOK<1b>[0m
test_metadata.R............... 33 tests <1b>[0;32mOK<1b>[0m <1b>[0;34m0.2s<1b>[0m
test_misc.R................... 0 tests
test_misc.R................... 0 tests
test_misc.R................... 0 tests
test_misc.R................... 0 tests
test_misc.R................... 1 tests <1b>[0;32mOK<1b>[0m
test_misc.R................... 2 tests <1b>[0;32mOK<1b>[0m <1b>[0;36m5ms<1b>[0m
test_ndrectangle.R............ 0 tests
test_ndrectangle.R............ 0 tests
test_ndrectangle.R............ 0 tests
test_ndrectangle.R............ 0 tests
test_ndrectangle.R............ 200 tests <1b>[0;32mOK<1b>[0m
test_ndrectangle.R............ 201 tests <1b>[0;32mOK<1b>[0m
test_ndrectangle.R............ 202 tests <1b>[0;32mOK<1b>[0m
test_ndrectangle.R............ 203 tests <1b>[0;32mOK<1b>[0m
test_ndrectangle.R............ 204 tests <1b>[0;32mOK<1b>[0m
test_ndrectangle.R............ 205 tests <1b>[0;32mOK<1b>[0m
test_ndrectangle.R............ 206 tests <1b>[0;32mOK<1b>[0m
test_ndrectangle.R............ 207 tests <1b>[0;32mOK<1b>[0m
test_ndrectangle.R............ 208 tests <1b>[0;32mOK<1b>[0m
test_ndrectangle.R............ 209 tests <1b>[0;32mOK<1b>[0m
test_ndrectangle.R............ 210 tests <1b>[0;32mOK<1b>[0m
test_ndrectangle.R............ 211 tests <1b>[0;32mOK<1b>[0m
test_ndrectangle.R............ 212 tests <1b>[0;32mOK<1b>[0m <1b>[0;34m0.1s<1b>[0m
test_ordered.R................ 0 tests
test_ordered.R................ 0 tests
test_ordered.R................ 0 tests
test_ordered.R................ 0 tests
test_ordered.R................ 0 tests
test_ordered.R................ 0 tests
test_ordered.R................ 0 tests
test_ordered.R................ 0 tests
test_ordered.R................ 0 tests
test_ordered.R................ 1 tests <1b>[0;32mOK<1b>[0m
test_ordered.R................ 2 tests <1b>[0;32mOK<1b>[0m
test_ordered.R................ 3 tests <1b>[0;32mOK<1b>[0m
test_ordered.R................ 4 tests <1b>[0;32mOK<1b>[0m
test_ordered.R................ 8 tests <1b>[0;32mOK<1b>[0m
test_ordered.R................ 12 tests <1b>[0;32mOK<1b>[0m
test_ordered.R................ 12 tests <1b>[0;32mOK<1b>[0m <1b>[0;36m97ms<1b>[0m
test_query.R.................. 0 tests
test_query.R.................. 0 tests
test_query.R.................. 0 tests
test_query.R.................. 0 tests
test_query.R.................. 0 tests
test_query.R.................. 0 tests
test_query.R.................. 0 tests
test_query.R.................. 0 tests
test_query.R.................. 1 tests <1b>[0;32mOK<1b>[0m
test_query.R.................. 2 tests <1b>[0;32mOK<1b>[0m
test_query.R.................. 2 tests <1b>[0;32mOK<1b>[0m
test_query.R.................. 2 tests <1b>[0;32mOK<1b>[0m
test_query.R.................. 2 tests <1b>[0;32mOK<1b>[0m
test_query.R.................. 2 tests <1b>[0;32mOK<1b>[0m
test_query.R.................. 2 tests <1b>[0;32mOK<1b>[0m
test_query.R.................. 3 tests <1b>[0;32mOK<1b>[0m
test_query.R.................. 3 tests <1b>[0;32mOK<1b>[0m
test_query.R.................. 3 tests <1b>[0;32mOK<1b>[0m
test_query.R.................. 4 tests <1b>[0;32mOK<1b>[0m
test_query.R.................. 5 tests <1b>[0;32mOK<1b>[0m
test_query.R.................. 5 tests <1b>[0;32mOK<1b>[0m
test_query.R.................. 5 tests <1b>[0;32mOK<1b>[0m
test_query.R.................. 5 tests <1b>[0;32mOK<1b>[0m
test_query.R.................. 5 tests <1b>[0;32mOK<1b>[0m
test_query.R.................. 5 tests <1b>[0;32mOK<1b>[0m
test_query.R.................. 6 tests <1b>[0;32mOK<1b>[0m
test_query.R.................. 7 tests <1b>[0;32mOK<1b>[0m
test_query.R.................. 8 tests <1b>[0;32mOK<1b>[0m
test_query.R.................. 9 tests <1b>[0;32mOK<1b>[0m
test_query.R.................. 9 tests <1b>[0;32mOK<1b>[0m
test_query.R.................. 9 tests <1b>[0;32mOK<1b>[0m
test_query.R.................. 9 tests <1b>[0;32mOK<1b>[0m
test_query.R.................. 9 tests <1b>[0;32mOK<1b>[0m
test_query.R.................. 9 tests <1b>[0;32mOK<1b>[0m
test_query.R.................. 9 tests <1b>[0;32mOK<1b>[0m
test_query.R.................. 9 tests <1b>[0;32mOK<1b>[0m
test_query.R.................. 9 tests <1b>[0;32mOK<1b>[0m
test_query.R.................. 9 tests <1b>[0;32mOK<1b>[0m
test_query.R.................. 9 tests <1b>[0;32mOK<1b>[0m
test_query.R.................. 9 tests <1b>[0;32mOK<1b>[0m
test_query.R.................. 9 tests <1b>[0;32mOK<1b>[0m
test_query.R.................. 9 tests <1b>[0;32mOK<1b>[0m
test_query.R.................. 9 tests <1b>[0;32mOK<1b>[0m
test_query.R.................. 9 tests <1b>[0;32mOK<1b>[0m
test_query.R.................. 9 tests <1b>[0;32mOK<1b>[0m
test_query.R.................. 9 tests <1b>[0;32mOK<1b>[0m
test_query.R.................. 10 tests <1b>[0;32mOK<1b>[0m
test_query.R.................. 11 tests <1b>[0;32mOK<1b>[0m
test_query.R.................. 12 tests <1b>[0;32mOK<1b>[0m
test_query.R.................. 13 tests <1b>[0;32mOK<1b>[0m
test_query.R.................. 13 tests <1b>[0;32mOK<1b>[0m
test_query.R.................. 17 tests <1b>[0;32mOK<1b>[0m
test_query.R.................. 17 tests <1b>[0;32mOK<1b>[0m
test_query.R.................. 17 tests <1b>[0;32mOK<1b>[0m
test_query.R.................. 17 tests <1b>[0;32mOK<1b>[0m
test_query.R.................. 17 tests <1b>[0;32mOK<1b>[0m
test_query.R.................. 17 tests <1b>[0;32mOK<1b>[0m
test_query.R.................. 17 tests <1b>[0;32mOK<1b>[0m
test_query.R.................. 17 tests <1b>[0;32mOK<1b>[0m
test_query.R.................. 17 tests <1b>[0;32mOK<1b>[0m
test_query.R.................. 17 tests <1b>[0;32mOK<1b>[0m
test_query.R.................. 17 tests <1b>[0;32mOK<1b>[0m
test_query.R.................. 17 tests <1b>[0;32mOK<1b>[0m
test_query.R.................. 17 tests <1b>[0;32mOK<1b>[0m
test_query.R.................. 17 tests <1b>[0;32mOK<1b>[0m
test_query.R.................. 17 tests <1b>[0;32mOK<1b>[0m
test_query.R.................. 17 tests <1b>[0;32mOK<1b>[0m
test_query.R.................. 17 tests <1b>[0;32mOK<1b>[0m
test_query.R.................. 17 tests <1b>[0;32mOK<1b>[0m
test_query.R.................. 17 tests <1b>[0;32mOK<1b>[0m
test_query.R.................. 17 tests <1b>[0;32mOK<1b>[0m
test_query.R.................. 18 tests <1b>[0;32mOK<1b>[0m
test_query.R.................. 18 tests <1b>[0;32mOK<1b>[0m
test_query.R.................. 18 tests <1b>[0;32mOK<1b>[0m
test_query.R.................. 18 tests <1b>[0;32mOK<1b>[0m
test_query.R.................. 18 tests <1b>[0;32mOK<1b>[0m
test_query.R.................. 18 tests <1b>[0;32mOK<1b>[0m
test_query.R.................. 18 tests <1b>[0;32mOK<1b>[0m
test_query.R.................. 18 tests <1b>[0;32mOK<1b>[0m
test_query.R.................. 18 tests <1b>[0;32mOK<1b>[0m
test_query.R.................. 18 tests <1b>[0;32mOK<1b>[0m
test_query.R.................. 18 tests <1b>[0;32mOK<1b>[0m
test_query.R.................. 18 tests <1b>[0;32mOK<1b>[0m
test_query.R.................. 18 tests <1b>[0;32mOK<1b>[0m
test_query.R.................. 18 tests <1b>[0;32mOK<1b>[0m
test_query.R.................. 19 tests <1b>[0;32mOK<1b>[0m
test_query.R.................. 19 tests <1b>[0;32mOK<1b>[0m
test_query.R.................. 19 tests <1b>[0;32mOK<1b>[0m
test_query.R.................. 20 tests <1b>[0;32mOK<1b>[0m
test_query.R.................. 21 tests <1b>[0;32mOK<1b>[0m
test_query.R.................. 22 tests <1b>[0;32mOK<1b>[0m
test_query.R.................. 23 tests <1b>[0;32mOK<1b>[0m
test_query.R.................. 23 tests <1b>[0;32mOK<1b>[0m
test_query.R.................. 24 tests <1b>[0;32mOK<1b>[0m
test_query.R.................. 24 tests <1b>[0;32mOK<1b>[0m
test_query.R.................. 24 tests <1b>[0;32mOK<1b>[0m
test_query.R.................. 24 tests <1b>[0;32mOK<1b>[0m
test_query.R.................. 24 tests <1b>[0;32mOK<1b>[0m
test_query.R.................. 24 tests <1b>[0;32mOK<1b>[0m
test_query.R.................. 25 tests <1b>[0;32mOK<1b>[0m
test_query.R.................. 26 tests <1b>[0;32mOK<1b>[0m
test_query.R.................. 27 tests <1b>[0;32mOK<1b>[0m
test_query.R.................. 27 tests <1b>[0;32mOK<1b>[0m
test_query.R.................. 27 tests <1b>[0;32mOK<1b>[0m
test_query.R.................. 27 tests <1b>[0;32mOK<1b>[0m
test_query.R.................. 28 tests <1b>[0;32mOK<1b>[0m
test_query.R.................. 29 tests <1b>[0;32mOK<1b>[0m
test_query.R.................. 30 tests <1b>[0;32mOK<1b>[0m
test_query.R.................. 31 tests <1b>[0;32mOK<1b>[0m
test_query.R.................. 31 tests <1b>[0;32mOK<1b>[0m
test_query.R.................. 31 tests <1b>[0;32mOK<1b>[0m
test_query.R.................. 31 tests <1b>[0;32mOK<1b>[0m
test_query.R.................. 31 tests <1b>[0;32mOK<1b>[0m
test_query.R.................. 31 tests <1b>[0;32mOK<1b>[0m
test_query.R.................. 31 tests <1b>[0;32mOK<1b>[0m
test_query.R.................. 31 tests <1b>[0;32mOK<1b>[0m
test_query.R.................. 31 tests <1b>[0;32mOK<1b>[0m
test_query.R.................. 32 tests <1b>[0;32mOK<1b>[0m
test_query.R.................. 33 tests <1b>[0;32mOK<1b>[0m
test_query.R.................. 33 tests <1b>[0;32mOK<1b>[0m
test_query.R.................. 34 tests <1b>[0;32mOK<1b>[0m
test_query.R.................. 35 tests <1b>[0;32mOK<1b>[0m
test_query.R.................. 35 tests <1b>[0;32mOK<1b>[0m
test_query.R.................. 35 tests <1b>[0;32mOK<1b>[0m
test_query.R.................. 35 tests <1b>[0;32mOK<1b>[0m
test_query.R.................. 35 tests <1b>[0;32mOK<1b>[0m
test_query.R.................. 35 tests <1b>[0;32mOK<1b>[0m
test_query.R.................. 35 tests <1b>[0;32mOK<1b>[0m
test_query.R.................. 35 tests <1b>[0;32mOK<1b>[0m
test_query.R.................. 35 tests <1b>[0;32mOK<1b>[0m
test_query.R.................. 35 tests <1b>[0;32mOK<1b>[0m
test_query.R.................. 35 tests <1b>[0;32mOK<1b>[0m
test_query.R.................. 35 tests <1b>[0;32mOK<1b>[0m
test_query.R.................. 35 tests <1b>[0;32mOK<1b>[0m
test_query.R.................. 35 tests <1b>[0;32mOK<1b>[0m
test_query.R.................. 36 tests <1b>[0;32mOK<1b>[0m
test_query.R.................. 36 tests <1b>[0;32mOK<1b>[0m
test_query.R.................. 36 tests <1b>[0;32mOK<1b>[0m
test_query.R.................. 36 tests <1b>[0;32mOK<1b>[0m
test_query.R.................. 36 tests <1b>[0;32mOK<1b>[0m
test_query.R.................. 36 tests <1b>[0;32mOK<1b>[0m
test_query.R.................. 36 tests <1b>[0;32mOK<1b>[0m
test_query.R.................. 36 tests <1b>[0;32mOK<1b>[0m
test_query.R.................. 36 tests <1b>[0;32mOK<1b>[0m
test_query.R.................. 36 tests <1b>[0;32mOK<1b>[0m
test_query.R.................. 37 tests <1b>[0;32mOK<1b>[0m
test_query.R.................. 38 tests <1b>[0;32mOK<1b>[0m
test_query.R.................. 39 tests <1b>[0;32mOK<1b>[0m
test_query.R.................. 40 tests <1b>[0;32mOK<1b>[0m
test_query.R.................. 41 tests <1b>[0;32mOK<1b>[0m
test_query.R.................. 42 tests <1b>[0;32mOK<1b>[0m
test_query.R.................. 43 tests <1b>[0;32mOK<1b>[0m
test_query.R.................. 43 tests <1b>[0;32mOK<1b>[0m
test_query.R.................. 43 tests <1b>[0;32mOK<1b>[0m
test_query.R.................. 43 tests <1b>[0;32mOK<1b>[0m
test_query.R.................. 43 tests <1b>[0;32mOK<1b>[0m
test_query.R.................. 44 tests <1b>[0;32mOK<1b>[0m
test_query.R.................. 44 tests <1b>[0;32mOK<1b>[0m
test_query.R.................. 45 tests <1b>[0;32mOK<1b>[0m
test_query.R.................. 45 tests <1b>[0;32mOK<1b>[0m terminate called after throwing an instance of 'tiledb::TileDBError'
what(): C API: array object is not self-consistent
Flavor: r-release-windows-x86_64
Version: 0.32.0
Check: installed package size
Result: NOTE
installed size is 59.4Mb
sub-directories of 1Mb or more:
libs 16.2Mb
tiledb 40.7Mb
Flavors: r-oldrel-macos-arm64, r-oldrel-macos-x86_64
Version: 0.32.0
Check: tests
Result: ERROR
Running ‘pkgconfig-test.R’ [1s/1s]
Running ‘tinytest.R’ [2s/4s]
Running the tests in ‘tests/tinytest.R’ failed.
Complete output:
> if (requireNamespace("tinytest", quietly = TRUE)) {
+ if (R.Version()$minor >= "2.0" && Sys.getenv("MY_UNIVERSE", "") == "") {
+ tinytest::test_package("tiledb")
+ }
+ }
test_aggregates.R............. 0 tests
test_aggregates.R............. 0 tests
test_aggregates.R............. 0 tests
test_aggregates.R............. 0 tests
test_aggregates.R............. 0 tests
test_aggregates.R............. 0 tests
test_aggregates.R............. 0 tests
test_aggregates.R............. 1 tests <1b>[0;32mOK<1b>[0m
test_aggregates.R............. 2 tests <1b>[0;32mOK<1b>[0m
test_aggregates.R............. 2 tests <1b>[0;32mOK<1b>[0m
test_aggregates.R............. 3 tests <1b>[0;32mOK<1b>[0m
test_aggregates.R............. 4 tests <1b>[0;32mOK<1b>[0m
test_aggregates.R............. 5 tests <1b>[0;32mOK<1b>[0m
test_aggregates.R............. 6 tests <1b>[0;32mOK<1b>[0m
test_aggregates.R............. 7 tests <1b>[0;32mOK<1b>[0m
test_aggregates.R............. 8 tests <1b>[0;32mOK<1b>[0m
test_aggregates.R............. 9 tests <1b>[0;32mOK<1b>[0m
test_aggregates.R............. 10 tests <1b>[0;32mOK<1b>[0m
test_aggregates.R............. 11 tests <1b>[0;32mOK<1b>[0m
test_aggregates.R............. 12 tests <1b>[0;32mOK<1b>[0m
test_aggregates.R............. 13 tests <1b>[0;32mOK<1b>[0m
test_aggregates.R............. 14 tests <1b>[0;32mOK<1b>[0m
test_aggregates.R............. 14 tests <1b>[0;32mOK<1b>[0m
test_aggregates.R............. 14 tests <1b>[0;32mOK<1b>[0m
test_aggregates.R............. 14 tests <1b>[0;32mOK<1b>[0m
test_aggregates.R............. 15 tests <1b>[0;32mOK<1b>[0m
test_aggregates.R............. 15 tests <1b>[0;32mOK<1b>[0m
test_aggregates.R............. 15 tests <1b>[0;32mOK<1b>[0m
test_aggregates.R............. 16 tests <1b>[0;32mOK<1b>[0m
test_aggregates.R............. 16 tests <1b>[0;32mOK<1b>[0m
test_aggregates.R............. 16 tests <1b>[0;32mOK<1b>[0m
test_aggregates.R............. 17 tests <1b>[0;32mOK<1b>[0m <1b>[0;34m1.6s<1b>[0m
test_arrayschema.R............ 0 tests
test_arrayschema.R............ 0 tests
test_arrayschema.R............ 0 tests
test_arrayschema.R............ 0 tests
test_arrayschema.R............ 0 tests
test_arrayschema.R............ 0 tests
test_arrayschema.R............ 0 tests
test_arrayschema.R............ 0 tests
test_arrayschema.R............ 1 tests <1b>[0;32mOK<1b>[0m
test_arrayschema.R............ 1 tests <1b>[0;32mOK<1b>[0m
test_arrayschema.R............ 1 tests <1b>[0;32mOK<1b>[0m
test_arrayschema.R............ 1 tests <1b>[0;32mOK<1b>[0m
test_arrayschema.R............ 1 tests <1b>[0;32mOK<1b>[0m
test_arrayschema.R............ 1 tests <1b>[0;32mOK<1b>[0m
test_arrayschema.R............ 2 tests <1b>[0;32mOK<1b>[0m
test_arrayschema.R............ 2 tests <1b>[0;32mOK<1b>[0m
test_arrayschema.R............ 3 tests <1b>[0;32mOK<1b>[0m
test_arrayschema.R............ 4 tests <1b>[0;32mOK<1b>[0m
test_arrayschema.R............ 5 tests <1b>[0;32mOK<1b>[0m
test_arrayschema.R............ 5 tests <1b>[0;32mOK<1b>[0m
test_arrayschema.R............ 6 tests <1b>[0;32mOK<1b>[0m
test_arrayschema.R............ 7 tests <1b>[0;32mOK<1b>[0m
test_arrayschema.R............ 8 tests <1b>[0;32mOK<1b>[0m
test_arrayschema.R............ 9 tests <1b>[0;32mOK<1b>[0m
test_arrayschema.R............ 10 tests <1b>[0;32mOK<1b>[0m
test_arrayschema.R............ 10 tests <1b>[0;32mOK<1b>[0m
test_arrayschema.R............ 10 tests <1b>[0;32mOK<1b>[0m
test_arrayschema.R............ 10 tests <1b>[0;32mOK<1b>[0m
test_arrayschema.R............ 10 tests <1b>[0;32mOK<1b>[0m
test_arrayschema.R............ 10 tests <1b>[0;32mOK<1b>[0m
test_arrayschema.R............ 10 tests <1b>[0;32mOK<1b>[0m
test_arrayschema.R............ 10 tests <1b>[0;32mOK<1b>[0m
test_arrayschema.R............ 11 tests <1b>[0;32mOK<1b>[0m
test_arrayschema.R............ 11 tests <1b>[0;32mOK<1b>[0m
test_arrayschema.R............ 12 tests <1b>[0;32mOK<1b>[0m
test_arrayschema.R............ 13 tests <1b>[0;32mOK<1b>[0m
test_arrayschema.R............ 14 tests <1b>[0;32mOK<1b>[0m
test_arrayschema.R............ 15 tests <1b>[0;32mOK<1b>[0m
test_arrayschema.R............ 15 tests <1b>[0;32mOK<1b>[0m
test_arrayschema.R............ 16 tests <1b>[0;32mOK<1b>[0m
test_arrayschema.R............ 17 tests <1b>[0;32mOK<1b>[0m
test_arrayschema.R............ 18 tests <1b>[0;32mOK<1b>[0m
test_arrayschema.R............ 19 tests <1b>[0;32mOK<1b>[0m
test_arrayschema.R............ 20 tests <1b>[0;32mOK<1b>[0m
test_arrayschema.R............ 21 tests <1b>[0;32mOK<1b>[0m
test_arrayschema.R............ 21 tests <1b>[0;32mOK<1b>[0m
test_arrayschema.R............ 22 tests <1b>[0;32mOK<1b>[0m
test_arrayschema.R............ 23 tests <1b>[0;32mOK<1b>[0m
test_arrayschema.R............ 24 tests <1b>[0;32mOK<1b>[0m
test_arrayschema.R............ 25 tests <1b>[0;32mOK<1b>[0m
test_arrayschema.R............ 26 tests <1b>[0;32mOK<1b>[0m
test_arrayschema.R............ 26 tests <1b>[0;32mOK<1b>[0m
test_arrayschema.R............ 27 tests <1b>[0;32mOK<1b>[0m
test_arrayschema.R............ 28 tests <1b>[0;32mOK<1b>[0m
test_arrayschema.R............ 28 tests <1b>[0;32mOK<1b>[0m
test_arrayschema.R............ 28 tests <1b>[0;32mOK<1b>[0m
test_arrayschema.R............ 28 tests <1b>[0;32mOK<1b>[0m
test_arrayschema.R............ 28 tests <1b>[0;32mOK<1b>[0m
test_arrayschema.R............ 28 tests <1b>[0;32mOK<1b>[0m
test_arrayschema.R............ 28 tests <1b>[0;32mOK<1b>[0m
test_arrayschema.R............ 28 tests <1b>[0;32mOK<1b>[0m
test_arrayschema.R............ 29 tests <1b>[0;31m1 fails<1b>[0m Error: TileDB internal: Cannot open array; Array does not exist.
Execution halted
Flavor: r-oldrel-macos-x86_64
Version: 0.31.1
Check: installed package size
Result: NOTE
installed size is 25.0Mb
sub-directories of 1Mb or more:
libs 21.1Mb
tiledb 1.3Mb
Flavor: r-oldrel-windows-x86_64