Last updated on 2023-01-27 20:49:25 CET.
Flavor | Version | Tinstall | Tcheck | Ttotal | Status | Flags |
---|---|---|---|---|---|---|
r-devel-linux-x86_64-debian-clang | 0.18.0 | 160.78 | 188.50 | 349.28 | OK | |
r-devel-linux-x86_64-debian-gcc | 0.18.0 | 141.23 | 145.83 | 287.06 | OK | |
r-devel-linux-x86_64-fedora-clang | 0.18.0 | 468.71 | NOTE | |||
r-devel-linux-x86_64-fedora-gcc | 0.18.0 | 491.80 | OK | |||
r-patched-linux-x86_64 | 0.18.0 | 151.60 | 174.58 | 326.18 | OK | |
r-release-linux-x86_64 | 0.18.0 | 153.42 | 167.66 | 321.08 | OK | |
r-release-macos-arm64 | 0.18.0 | 127.00 | NOTE | |||
r-release-macos-x86_64 | 0.18.0 | 228.00 | NOTE | |||
r-release-windows-x86_64 | 0.18.0 | 386.00 | 444.00 | 830.00 | NOTE | |
r-oldrel-macos-arm64 | 0.18.0 | 99.00 | NOTE | |||
r-oldrel-macos-x86_64 | 0.18.0 | 143.00 | NOTE | |||
r-oldrel-windows-ix86+x86_64 | 0.18.0 | 394.00 | 286.00 | 680.00 | NOTE |
Version: 0.18.0
Check: installed package size
Result: NOTE
installed size is 67.8Mb
sub-directories of 1Mb or more:
libs 1.9Mb
tiledb 63.7Mb
Flavors: r-devel-linux-x86_64-fedora-clang, r-release-macos-arm64, r-release-macos-x86_64, r-release-windows-x86_64, r-oldrel-macos-arm64, r-oldrel-macos-x86_64, r-oldrel-windows-ix86+x86_64