CRAN Package Check Results for Package tiff

Last updated on 2022-11-29 20:53:14 CET.

Flavor Version Tinstall Tcheck Ttotal Status Flags
r-devel-linux-x86_64-debian-clang 0.1-11 5.66 23.19 28.85 WARN
r-devel-linux-x86_64-debian-gcc 0.1-11 4.22 17.78 22.00 WARN
r-devel-linux-x86_64-fedora-clang 0.1-11 47.44 WARN
r-devel-linux-x86_64-fedora-gcc 0.1-11 45.14 WARN
r-devel-windows-x86_64 0.1-11 13.00 54.00 67.00 OK
r-patched-linux-x86_64 0.1-11 4.71 22.59 27.30 OK
r-release-linux-x86_64 0.1-11 5.02 22.57 27.59 OK
r-release-macos-arm64 0.1-11 19.00 NOTE
r-release-macos-x86_64 0.1-11 29.00 NOTE
r-release-windows-x86_64 0.1-11 9.00 53.00 62.00 OK
r-oldrel-macos-arm64 0.1-11 20.00 NOTE
r-oldrel-macos-x86_64 0.1-11 29.00 NOTE
r-oldrel-windows-ix86+x86_64 0.1-11 13.00 41.00 54.00 OK

Check Details

Version: 0.1-11
Check: whether package can be installed
Result: WARN
    Found the following significant warnings:
     common.c:36:22: warning: a function declaration without a prototype is deprecated in all versions of C [-Wstrict-prototypes]
Flavors: r-devel-linux-x86_64-debian-clang, r-devel-linux-x86_64-fedora-clang

Version: 0.1-11
Check: whether package can be installed
Result: WARN
    Found the following significant warnings:
     common.c:36:13: warning: function declaration isn’t a prototype [-Wstrict-prototypes]
Flavors: r-devel-linux-x86_64-debian-gcc, r-devel-linux-x86_64-fedora-gcc

Version: 0.1-11
Check: installed package size
Result: NOTE
     installed size is 5.4Mb
     sub-directories of 1Mb or more:
     libs 5.3Mb
Flavors: r-release-macos-arm64, r-release-macos-x86_64, r-oldrel-macos-arm64, r-oldrel-macos-x86_64