Last updated on 2024-03-27 19:57:08 CET.
Flavor | Version | Tinstall | Tcheck | Ttotal | Status | Flags |
---|---|---|---|---|---|---|
r-devel-linux-x86_64-debian-clang | 0.5.7 | 8.15 | 125.12 | 133.27 | OK | |
r-devel-linux-x86_64-debian-gcc | 0.5.7 | 7.63 | 90.89 | 98.52 | OK | |
r-devel-linux-x86_64-fedora-clang | 0.5.7 | 160.21 | NOTE | |||
r-devel-linux-x86_64-fedora-gcc | 0.5.7 | 148.59 | NOTE | |||
r-devel-windows-x86_64 | 0.5.7 | 10.00 | 142.00 | 152.00 | OK | |
r-patched-linux-x86_64 | 0.5.7 | 11.76 | 117.85 | 129.61 | OK | |
r-release-linux-x86_64 | 0.5.7 | 5.79 | 118.98 | 124.77 | OK | |
r-release-macos-arm64 | 0.5.7 | 65.00 | OK | |||
r-release-macos-x86_64 | 0.5.7 | 86.00 | OK | |||
r-release-windows-x86_64 | 0.5.7 | 13.00 | 163.00 | 176.00 | OK | |
r-oldrel-macos-arm64 | 0.5.7 | 49.00 | OK | |||
r-oldrel-windows-x86_64 | 0.5.7 | 13.00 | 144.00 | 157.00 | OK |
Version: 0.5.7
Check: data for non-ASCII characters
Result: NOTE
Note: found 4581 marked UTF-8 strings
Flavors: r-devel-linux-x86_64-fedora-clang, r-devel-linux-x86_64-fedora-gcc